000
CXUS52 KFFC 011010
CF6CSG
PRELIMINARY LOCAL CLIMATOLOGICAL DATA (WS FORM: F-6)
STATION: COLUMBUS
MONTH: APRIL
YEAR: 2023
LATITUDE: 32 31 N
LONGITUDE: 84 56 W
TEMPERATURE IN F: :PCPN: SNOW: WIND :SUNSHINE: SKY :PK WND
================================================================================
1 2 3 4 5 6A 6B 7 8 9 10 11 12 13 14 15 16 17 18
12Z AVG MX 2MIN
DY MAX MIN AVG DEP HDD CDD WTR SNW DPTH SPD SPD DIR MIN PSBL S-S WX SPD DR
================================================================================
1 83 56 70 8 0 5 0.12 0.0 M 9.1 22 260 M M 5 13 31 280
2 75 51 63 1 2 0 0.00 0.0 M 4.2 13 30 M M 0 20 20
3 64 52 58 -5 7 0 0.71 0.0 M 4.7 24 130 M M 7 13 30 130
4 85 63 74 11 0 9 T 0.0 M 4.8 14 220 M M 7 12 20 220
5 89 64 77 14 0 12 0.00 0.0 M 6.7 20 220 M M 2 29 220
6 87 65 76 13 0 11 0.01 0.0 M 3.3 15 320 M M 5 3 21 150
7 83 58 71 7 0 6 0.00 0.0 M 4.9 25 80 M M 6 1 34 90
8 57 46 52 -12 13 0 0.66 M M 11.4 20 90 M M 10 1 29 120
9 69 46 58 -6 7 0 0.00 0.0 M 11.1 20 80 M M 7 29 90
10 70 50 60 -4 5 0 0.00 0.0 M 10.4 20 90 M M 5 29 80
11 76 50 63 -2 2 0 0.00 0.0 M 7.2 14 80 M M 1 23 120
12 79 47 63 -2 2 0 0.00 0.0 M 5.2 14 150 M M 0 21 130
13 73 59 66 1 0 1 0.37 0.0 M 10.6 21 110 M M 7 13 33 130
14 76 59 68 3 0 3 0.00 0.0 M 4.4 17 220 M M 6 22 290
15 81 53 67 1 0 2 0.00 0.0 M 4.4 25 170 M M 1 38 180
16 74 57 66 0 0 1 T 0.0 M 8.0 18 290 M M 7 1 28 290
17 75 44 60 -6 5 0 0.00 0.0 M 7.3 20 330 M M 0 30 320
18 81 43 62 -4 3 0 0.00 0.0 M 1.4 10 230 M M 0 16 230
19 85 48 67 0 0 2 0.00 0.0 M 2.7 14 160 M M 0 19 160
20 85 51 68 1 0 3 0.00 0.0 M 5.2 20 180 M M 0 27 170
21 81 59 70 3 0 5 0.00 0.0 M 6.2 15 240 M M 1 21 150
22 76 53 65 -3 0 0 0.15 0.0 M 8.9 21 360 M M 3 1 29 340
23 77 47 62 -6 3 0 0.00 0.0 M 4.3 13 350 M M 2 19 350
24 72 54 63 -5 2 0 T 0.0 M 6.1 12 20 M M 4 19 70
25 77 50 64 -4 1 0 0.00 0.0 M 3.0 9 100 M M 5 13 110
26 78 60 69 0 0 4 0.09 0.0 M 7.7 14 90 M M 7 13 19 80
27 69 59 64 -5 1 0 0.10 0.0 M 6.1 17 170 M M 7 1 24 170
28 82 62 72 3 0 7 0.00 0.0 M 7.0 21 290 M M 6 1 27 240
29 79 54 67 -3 0 2 0.08 0.0 M 4.3 16 190 M M 3 1 22 190
30 77 57 67 -3 0 2 0.64 0.0 M 12.3 26 310 M M 5 1 36 290
================================================================================
SM 2315 1617 53 75 2.93 0.0 192.9 M 119
================================================================================
AV 77.2 53.9 6.4 FASTST M M 4 MAX(MPH)
MISC ----> 26 310 38 180
================================================================================
NOTES:
# LAST OF SEVERAL OCCURRENCES
COLUMN 17 PEAK WIND IN M.P.H.
PRELIMINARY LOCAL CLIMATOLOGICAL DATA (WS FORM: F-6) , PAGE 2
STATION: COLUMBUS
MONTH: APRIL
YEAR: 2023
LATITUDE: 32 31 N
LONGITUDE: 84 56 W
[TEMPERATURE DATA] [PRECIPITATION DATA] SYMBOLS USED IN COLUMN 16
AVERAGE MONTHLY: 65.5 TOTAL FOR MONTH: 2.93 1 = FOG OR MIST
DPTR FM NORMAL: -0.3 DPTR FM NORMAL: -1.10 2 = FOG REDUCING VISIBILITY
HIGHEST: 89 ON 5 GRTST 24HR 0.72 ON 29-30 TO 1/4 MILE OR LESS
LOWEST: 43 ON 18 3 = THUNDER
SNOW, ICE PELLETS, HAIL 4 = ICE PELLETS
TOTAL MONTH: 0.0 INCH 5 = HAIL
GRTST 24HR 0.0 6 = FREEZING RAIN OR DRIZZLE
GRTST DEPTH: M ON M 7 = DUSTSTORM OR SANDSTORM:
VSBY 1/2 MILE OR LESS
8 = SMOKE OR HAZE
[NO. OF DAYS WITH] [WEATHER - DAYS WITH] 9 = BLOWING SNOW
X = TORNADO
MAX 32 OR BELOW: 0 0.01 INCH OR MORE: 10
MAX 90 OR ABOVE: 0 0.10 INCH OR MORE: 7
MIN 32 OR BELOW: 0 0.50 INCH OR MORE: 3
MIN 0 OR BELOW: 0 1.00 INCH OR MORE: 0
[HDD (BASE 65) ]
TOTAL THIS MO. 53 CLEAR (SCALE 0-3) 12
DPTR FM NORMAL -18 PTCLDY (SCALE 4-7) 17
TOTAL FM JUL 1 1552 CLOUDY (SCALE 8-10) 1
DPTR FM NORMAL -384
[CDD (BASE 65) ]
TOTAL THIS MO. 75
DPTR FM NORMAL -21 [PRESSURE DATA]
TOTAL FM JAN 1 188 HIGHEST SLP 30.38 ON 10
DPTR FM NORMAL 52 LOWEST SLP 29.45 ON 30
[REMARKS]
#FINAL-04-23#