000
CXUS54 KOUN 010700
CF6CSM
PRELIMINARY LOCAL CLIMATOLOGICAL DATA (WS FORM: F-6)
STATION: CLINTON
MONTH: JUNE
YEAR: 2020
LATITUDE: 35 20 N
LONGITUDE: 99 12 W
TEMPERATURE IN F: :PCPN: SNOW: WIND :SUNSHINE: SKY :PK WND
================================================================================
1 2 3 4 5 6A 6B 7 8 9 10 11 12 13 14 15 16 17 18
12Z AVG MX 2MIN
DY MAX MIN AVG DEP HDD CDD WTR SNW DPTH SPD SPD DIR MIN PSBL S-S WX SPD DR
================================================================================
1 88 63 76 2 0 11 0.00 0.0 0 14.1 24 160 M M 1 8 29 180
2 90 65 78 4 0 13 0.00 0.0 0 16.8 24 180 M M 1 31 180
3 97 68 83 9 0 18 0.00 0.0 0 16.3 23 170 M M 0 8 30 200
4 102 66 84 9 0 19 0.50 0.0 0 13.7 48 320 M M 2 138 59 320
5 94 67 81 6 0 16 0.05 0.0 0 11.4 33 330 M M 0 3 51 340
6 97 71 84 9 0 19 0.00 0.0 0 15.2 24 160 M M 0 32 150
7 93 73 83 8 0 18 0.00 0.0 0 17.3 25 150 M M 0 34 160
8 95 70 83 7 0 18 0.00 0.0 0 15.8 22 190 M M 0 29 150
9 79 58 69 -7 0 4 0.00 0.0 0 24.2 49 300 M M 1 8 64 290
10 85 51 68 -8 0 3 0.00 0.0 0 13.6 29 310 M M 0 34 310
11 93 59 76 0 0 11 0.00 0.0 0 16.2 28 160 M M 0 35 180
12 94 65 80 3 0 15 0.00 0.0 0 15.8 28 190 M M 0 34 200
13 95 65 80 3 0 15 0.00 0.0 0 18.3 26 160 M M 0 35 310
14 92 67 80 3 0 15 0.00 0.0 0 16.8 26 190 M M 0 33 190
15 93 64 79 1 0 14 0.00 0.0 0 14.8 26 170 M M 0 35 180
16 93 71 82 4 0 17 0.00 0.0 0 17.8 30 170 M M 3 39 170
17 95 71 83 5 0 18 0.00 0.0 0 22.9 32 170 M M 0 39 160
18 94 72 83 5 0 18 0.00 0.0 0 22.5 28 170 M M 1 34 160
19 82 66 74 -4 0 9 T 0.0 0 17.3 36 210 M M 3 3 44 210
20 90 64 77 -2 0 12 0.00 0.0 0 9.3 28 330 M M 2 45 330
21 90 62 76 -3 0 11 0.90 0.0 0 19.5 46 20 M M 1 13 56 20
22 89 63 76 -3 0 11 2.22 0.0 0 7.9 37 360 M M 2 13 45 360
23 85 65 75 -4 0 10 0.70 0.0 0 12.0 32 10 M M 1 13 39 10
24 87 64 76 -4 0 11 0.00 0.0 0 10.7 17 180 M M 0 21 170
25 90 64 77 -3 0 12 0.00 0.0 0 15.9 24 170 M M 0 30 160
26 95 69 82 2 0 17 0.00 0.0 0 18.2 25 180 M M 0 32 180
27 93 71 82 2 0 17 0.20 0.0 0 20.9 31 180 M M 0 13 43 170
28 92 73 83 3 0 18 0.00 0.0 0 26.2 35 170 M M 0 41 170
29 97 73 85 4 0 20 0.00 0.0 0 26.6 36 160 M M 0 45 150
30 105 74 90 9 0 25 0.00 0.0 0 21.6 30 180 M M 0 37 190
================================================================================
SM 2764 1994 0 435 4.57 0.0 509.6 M 18
================================================================================
AV 92.1 66.5 17.0 FASTST M M 1 MAX(MPH)
MISC ----> # 49 300 # 64 290
================================================================================
NOTES:
# LAST OF SEVERAL OCCURRENCES
COLUMN 17 PEAK WIND IN M.P.H.
PRELIMINARY LOCAL CLIMATOLOGICAL DATA (WS FORM: F-6) , PAGE 2
STATION: CLINTON
MONTH: JUNE
YEAR: 2020
LATITUDE: 35 20 N
LONGITUDE: 99 12 W
[TEMPERATURE DATA] [PRECIPITATION DATA] SYMBOLS USED IN COLUMN 16
AVERAGE MONTHLY: 79.3 TOTAL FOR MONTH: 4.57 1 = FOG OR MIST
DPTR FM NORMAL: 1.8 DPTR FM NORMAL: 0.82 2 = FOG REDUCING VISIBILITY
HIGHEST: 105 ON 30 GRTST 24HR 2.22 ON 22-22 TO 1/4 MILE OR LESS
LOWEST: 51 ON 10 3 = THUNDER
SNOW, ICE PELLETS, HAIL 4 = ICE PELLETS
TOTAL MONTH: 0.0 INCH 5 = HAIL
GRTST 24HR 0.0 6 = FREEZING RAIN OR DRIZZLE
GRTST DEPTH: 0 7 = DUSTSTORM OR SANDSTORM:
VSBY 1/2 MILE OR LESS
8 = SMOKE OR HAZE
[NO. OF DAYS WITH] [WEATHER - DAYS WITH] 9 = BLOWING SNOW
X = TORNADO
MAX 32 OR BELOW: 0 0.01 INCH OR MORE: 6
MAX 90 OR ABOVE: 23 0.10 INCH OR MORE: 5
MIN 32 OR BELOW: 0 0.50 INCH OR MORE: 4
MIN 0 OR BELOW: 0 1.00 INCH OR MORE: 1
[HDD (BASE 65) ]
TOTAL THIS MO. 0 CLEAR (SCALE 0-3) 30
DPTR FM NORMAL -2 PTCLDY (SCALE 4-7) 0
TOTAL FM JUL 1 3802 CLOUDY (SCALE 8-10) 0
DPTR FM NORMAL 163
[CDD (BASE 65) ]
TOTAL THIS MO. 435
DPTR FM NORMAL 58 [PRESSURE DATA]
TOTAL FM JAN 1 647 HIGHEST SLP M ON M
DPTR FM NORMAL 67 LOWEST SLP 29.45 ON 9
[REMARKS]
#FINAL-06-20#