000
CXUS54 KOUN 010700
CF6CSM
PRELIMINARY LOCAL CLIMATOLOGICAL DATA (WS FORM: F-6)
STATION: CLINTON
MONTH: MAY
YEAR: 2020
LATITUDE: 35 20 N
LONGITUDE: 99 12 W
TEMPERATURE IN F: :PCPN: SNOW: WIND :SUNSHINE: SKY :PK WND
================================================================================
1 2 3 4 5 6A 6B 7 8 9 10 11 12 13 14 15 16 17 18
12Z AVG MX 2MIN
DY MAX MIN AVG DEP HDD CDD WTR SNW DPTH SPD SPD DIR MIN PSBL S-S WX SPD DR
================================================================================
1 94 60 77 13 0 12 0.00 0.0 0 22.0 31 200 M M 0 39 200
2 96 63 80 16 0 15 0.00 0.0 0 13.3 26 190 M M 0 30 200
3 81 63 72 8 0 7 0.00 0.0 0 13.2 24 10 M M 6 1 30 360
4 96 63 80 15 0 15 0.00 0.0 0 17.0 28 360 M M 3 1 35 360
5 75 52 64 -1 1 0 0.00 0.0 0 13.0 26 360 M M 1 33 360
6 76 51 64 -1 1 0 0.00 0.0 0 8.5 18 30 M M 2 22 30
7 84 52 68 2 0 3 0.64 0.0 0 19.2 37 340 M M 2 138 46 170
8 64 45 55 -11 10 0 0.00 0.0 0 19.6 37 360 M M 3 3 46 360
9 70 43 57 -9 8 0 0.00 0.0 0 8.9 17 130 M M 0 22 140
10 65 51 58 -9 7 0 0.00 0.0 0 13.7 21 50 M M 5 28 40
11 65 45 55 -12 10 0 0.21 0.0 0 14.7 23 70 M M 8 13 29 60
12 53 43 48 -19 17 0 0.02 0.0 0 12.3 21 40 M M 10 12 25 40
13 81 50 66 -2 0 1 0.27 0.0 0 15.6 46 210 M M 6 123 57 210
14 85 60 73 5 0 8 0.00 0.0 0 18.6 33 200 M M 1 40 190
15 86 61 74 6 0 9 T 0.0 0 16.1 37 160 M M 2 3 47 160
16 75 59 67 -2 0 2 0.01 0.0 0 4.9 14 230 M M 2 17 220
17 84 59 72 3 0 7 0.00 0.0 0 9.7 24 10 M M 1 30 10
18 83 54 69 0 0 4 0.00 0.0 0 9.3 15 80 M M 0 20 120
19 83 59 71 1 0 6 0.00 0.0 0 11.9 20 70 M M 0 27 90
20 79 57 68 -2 0 3 0.00 0.0 0 12.8 21 150 M M 6 26 140
21 86 64 75 5 0 10 0.00 0.0 0 14.8 25 120 M M 2 1 30 130
22 85 56 71 0 0 6 0.16 0.0 0 11.3 33 360 M M 4 13 43 360
23 89 62 76 5 0 11 0.08 0.0 0 21.1 40 180 M M 3 38 52 270
24 89 60 75 4 0 10 0.95 0.0 0 16.5 45 130 M M 6 13 57 130
25 66 58 62 -10 3 0 T 0.0 0 13.6 25 360 M M 7 33 360
26 77 54 66 -6 0 1 0.00 0.0 0 12.8 25 360 M M 3 31 360
27 82 58 70 -2 0 5 0.00 0.0 0 6.5 15 60 M M 1 19 340
28 82 61 72 -1 0 7 0.00 0.0 0 10.0 24 20 M M 3 28 30
29 86 59 73 0 0 8 0.00 0.0 0 7.6 17 150 M M 0 21 150
30 86 62 74 1 0 9 0.00 0.0 0 12.7 23 170 M M 0 27 170
31 86 61 74 1 0 9 T 0.0 0 12.5 23 150 M M 0 28 130
================================================================================
SM 2489 1745 57 168 2.34 0.0 413.7 M 87
================================================================================
AV 80.3 56.3 13.3 FASTST M M 3 MAX(MPH)
MISC ----> # 46 210 # 57 210
================================================================================
NOTES:
# LAST OF SEVERAL OCCURRENCES
COLUMN 17 PEAK WIND IN M.P.H.
PRELIMINARY LOCAL CLIMATOLOGICAL DATA (WS FORM: F-6) , PAGE 2
STATION: CLINTON
MONTH: MAY
YEAR: 2020
LATITUDE: 35 20 N
LONGITUDE: 99 12 W
[TEMPERATURE DATA] [PRECIPITATION DATA] SYMBOLS USED IN COLUMN 16
AVERAGE MONTHLY: 68.3 TOTAL FOR MONTH: 2.34 1 = FOG OR MIST
DPTR FM NORMAL: -0.4 DPTR FM NORMAL: -1.83 2 = FOG REDUCING VISIBILITY
HIGHEST: 96 ON 4, 2 GRTST 24HR 0.95 ON 24-24 TO 1/4 MILE OR LESS
LOWEST: 43 ON 12, 9 3 = THUNDER
SNOW, ICE PELLETS, HAIL 4 = ICE PELLETS
TOTAL MONTH: 0.0 INCH 5 = HAIL
GRTST 24HR 0.0 6 = FREEZING RAIN OR DRIZZLE
GRTST DEPTH: 0 7 = DUSTSTORM OR SANDSTORM:
VSBY 1/2 MILE OR LESS
8 = SMOKE OR HAZE
[NO. OF DAYS WITH] [WEATHER - DAYS WITH] 9 = BLOWING SNOW
X = TORNADO
MAX 32 OR BELOW: 0 0.01 INCH OR MORE: 8
MAX 90 OR ABOVE: 3 0.10 INCH OR MORE: 5
MIN 32 OR BELOW: 0 0.50 INCH OR MORE: 2
MIN 0 OR BELOW: 0 1.00 INCH OR MORE: 0
[HDD (BASE 65) ]
TOTAL THIS MO. 57 CLEAR (SCALE 0-3) 19
DPTR FM NORMAL 9 PTCLDY (SCALE 4-7) 11
TOTAL FM JUL 1 3802 CLOUDY (SCALE 8-10) 1
DPTR FM NORMAL 165
[CDD (BASE 65) ]
TOTAL THIS MO. 168
DPTR FM NORMAL 5 [PRESSURE DATA]
TOTAL FM JAN 1 212 HIGHEST SLP M ON M
DPTR FM NORMAL 9 LOWEST SLP 28.77 ON 31
[REMARKS]
#FINAL-05-20#