000
CXUS56 KTFX 160807
CF6CTB
PRELIMINARY LOCAL CLIMATOLOGICAL DATA (WS FORM: F-6)
STATION: CUT BANK MT
MONTH: AUGUST
YEAR: 2023
LATITUDE: 48 37 N
LONGITUDE: 112 23 W
TEMPERATURE IN F: :PCPN: SNOW: WIND :SUNSHINE: SKY :PK WND
================================================================================
1 2 3 4 5 6A 6B 7 8 9 10 11 12 13 14 15 16 17 18
12Z AVG MX 2MIN
DY MAX MIN AVG DEP HDD CDD WTR SNW DPTH SPD SPD DIR MIN PSBL S-S WX SPD DR
================================================================================
1 91 55 73 6 0 8 0.00 M M 9.4 22 280 M M 0 32 290
2 96 48 72 5 0 7 0.00 M M 6.5 20 190 M M 0 30 260
3 90 59 75 8 0 10 0.00 M M 9.9 17 80 M M 0 23 20
4 83 55 69 2 0 4 0.03 M M 10.3 21 20 M M 0 138 26 20
5 72 56 64 -3 1 0 T M M 8.4 22 30 M M 5 3 28 20
6 72 52 62 -4 3 0 0.00 M M 5.8 14 180 M M 5 21 150
7 81 45 63 -3 2 0 0.00 M M 4.0 13 140 M M 1 18 70
8 84 50 67 1 0 2 T M M 9.5 26 290 M M 0 34 270
9 85 53 69 3 0 4 0.01 M M 15.0 32 250 M M 1 41 250
10 79 52 66 0 0 1 0.00 M M 15.7 28 270 M M 2 40 280
11 82 46 64 -2 1 0 0.00 M M 7.9 20 230 M M 0 27 240
12 81 53 67 2 0 2 0.00 M M 8.6 28 10 M M 3 35 360
13 81 47 64 -1 1 0 T M M 4.5 13 180 M M 1 19 190
14 95 48 72 7 0 7 0.00 M M 5.9 13 280 M M 0 19 200
15 99 59 79 15 0 14 0.00 M M 11.9 25 270 M M 0 33 260
16 84 56 70 6 0 5 0.00 M M 10.0 36 10 M M 0 46 10
17 97 54 76 12 0 11 0.00 M M 11.2 29 240 M M 0 8 50 250
18 88 48 68 4 0 3 0.00 M M 20.0 40 250 M M 1 62 230
19 66 42 54 -9 11 0 0.00 M M 9.3 21 340 M M 3 28 340
20 72 55 64 1 1 0 0.00 M M 10.1 20 140 M M 6 28 150
21 60 55 58 -5 7 0 0.68 M M 6.7 16 80 M M 4 1 20 70
22 80 57 69 7 0 4 0.30 M M 5.3 44 260 M M 0 13 57 260
23 73 57 65 3 0 0 0.00 M M 19.5 36 240 M M 0 49 240
24 75 49 62 0 3 0 0.00 M M 11.5 23 260 M M 0 32 330
25 75 46 61 0 4 0 0.00 M M 7.9 21 160 M M 1 28 150
26 85 51 68 7 0 3 0.00 M M 8.2 16 260 M M 0 23 310
27 84 49 67 6 0 2 0.00 M M 7.7 15 20 M M 0 20 360
28 86 50 68 8 0 3 0.00 M M 5.6 13 120 M M 0 18 130
29 88 48 68 8 0 3 0.01 M M 9.2 30 260 M M 0 41 250
30 63 52 58 -2 7 0 0.25 M M 25.0 44 240 M M 2 56 240
31 72 48 60 0 5 0 0.20 M M 18.1 37 250 M M 3 1 47 270
================================================================================
SM 2519 1595 46 93 1.48 M 318.6 M 38
================================================================================
AV 81.3 51.5 10.3 FASTST M M 1 MAX(MPH)
MISC ----> # 44 260 62 230
================================================================================
NOTES:
# LAST OF SEVERAL OCCURRENCES
COLUMN 17 PEAK WIND IN M.P.H.
PRELIMINARY LOCAL CLIMATOLOGICAL DATA (WS FORM: F-6) , PAGE 2
STATION: CUT BANK MT
MONTH: AUGUST
YEAR: 2023
LATITUDE: 48 37 N
LONGITUDE: 112 23 W
[TEMPERATURE DATA] [PRECIPITATION DATA] SYMBOLS USED IN COLUMN 16
AVERAGE MONTHLY: 66.4 TOTAL FOR MONTH: 1.48 1 = FOG OR MIST
DPTR FM NORMAL: 2.5 DPTR FM NORMAL: 0.52 2 = FOG REDUCING VISIBILITY
HIGHEST: 99 ON 15 GRTST 24HR 0.68 ON 21-21 TO 1/4 MILE OR LESS
LOWEST: 42 ON 19 3 = THUNDER
SNOW, ICE PELLETS, HAIL 4 = ICE PELLETS
TOTAL MONTH: M 5 = HAIL
GRTST 24HR M ON M 6 = FREEZING RAIN OR DRIZZLE
GRTST DEPTH: M ON M 7 = DUSTSTORM OR SANDSTORM:
VSBY 1/2 MILE OR LESS
8 = SMOKE OR HAZE
[NO. OF DAYS WITH] [WEATHER - DAYS WITH] 9 = BLOWING SNOW
X = TORNADO
MAX 32 OR BELOW: 0 0.01 INCH OR MORE: 7
MAX 90 OR ABOVE: 6 0.10 INCH OR MORE: 4
MIN 32 OR BELOW: 0 0.50 INCH OR MORE: 1
MIN 0 OR BELOW: 0 1.00 INCH OR MORE: 0
[HDD (BASE 65) ]
TOTAL THIS MO. 46 CLEAR (SCALE 0-3) 27
DPTR FM NORMAL -56 PTCLDY (SCALE 4-7) 4
TOTAL FM JUL 1 81 CLOUDY (SCALE 8-10) 0
DPTR FM NORMAL -101
[CDD (BASE 65) ]
TOTAL THIS MO. 93
DPTR FM NORMAL 27 [PRESSURE DATA]
TOTAL FM JAN 1 219 HIGHEST SLP 30.32 ON 25
DPTR FM NORMAL 65 LOWEST SLP 29.47 ON 18
[REMARKS]
#FINAL-08-23#