000
CXUS52 KTAE 010800
CF6CTY
PRELIMINARY LOCAL CLIMATOLOGICAL DATA (WS FORM: F-6)
STATION: CROSS CITY
MONTH: APRIL
YEAR: 2022
LATITUDE: 29 37 N
LONGITUDE: 83 6 W
TEMPERATURE IN F: :PCPN: SNOW: WIND :SUNSHINE: SKY :PK WND
================================================================================
1 2 3 4 5 6A 6B 7 8 9 10 11 12 13 14 15 16 17 18
12Z AVG MX 2MIN
DY MAX MIN AVG DEP HDD CDD WTR SNW DPTH SPD SPD DIR MIN PSBL S-S WX SPD DR
================================================================================
1 82 58 70 5 0 5 0.00 0.0 M 3.8 10 30 M M 3 18 M M
2 63 54 59 -6 6 0 0.83 0.0 0 2.1 12 10 M M 4 13 16 10
3 78 53 66 1 0 1 0.00 0.0 M 3.3 10 50 M M 3 128 M M
4 83 50 67 2 0 2 0.00 M M 2.9 13 210 M M 0 M M
5 84 62 73 7 0 8 0.00 0.0 0 10.5 23 190 M M 6 1 32 200
6 81 73 77 11 0 12 0.00 0.0 M 10.9 16 200 M M 9 1 24 220
7 81 64 73 7 0 8 0.05 0.0 M 12.4 17 220 M M 6 13 29 220
8 70 49 60 -6 5 0 0.00 0.0 0 12.1 21 260 M M 2 30 270
9 65 42 54 -12 11 0 0.00 0.0 0 9.3 25 260 M M 1 35 270
10 76 40 58 -8 7 0 0.00 0.0 0 3.1 13 230 M M 0 M M
11 83 43 63 -4 2 0 0.00 0.0 0 4.6 13 230 M M 0 M M
12 82 54 68 1 0 3 0.00 0.0 0 4.9 12 260 M M 0 16 140
13 84 57 71 4 0 6 0.00 0.0 0 5.1 13 240 M M 2 21 150
14 81 65 73 6 0 8 0.00 0.0 0 3.6 M M M M 5 M M
15 87 64 76 9 0 11 0.00 0.0 0 5.8 M M M M 3 1 M M
16 86 65 76 8 0 11 0.00 0.0 M 4.9 10 270 M M 4 1 M M
17 87 67 77 9 0 12 0.00 0.0 M 4.5 15 250 M M 5 12 20 250
18 85 64 75 7 0 10 0.00 M M 7.0 15 250 M M 3 22 260
19 75 48 62 -6 3 0 0.00 M M 8.2 14 350 M M 0 21 10
20 82 43 63 -5 2 0 0.00 0.0 M 5.7 13 90 M M 1 18 100
21 83 55 69 0 0 4 0.00 0.0 0 6.5 15 110 M M 2 20 90
22 83 58 71 2 0 6 0.00 0.0 0 6.8 14 50 M M 4 23 60
23 85 58 72 3 0 7 0.00 0.0 0 6.6 13 100 M M 2 1 21 90
24 88 61 75 6 0 10 0.00 0.0 0 4.5 9 100 M M 3 M M
25 88 63 76 6 0 11 0.00 0.0 0 4.3 10 230 M M 3 1 M M
26 87 62 75 5 0 10 0.00 0.0 M 5.1 14 260 M M 2 21 270
27 87 63 75 5 0 10 0.00 0.0 M 5.0 10 260 M M 2 16 270
28 86 65 76 6 0 11 0.00 0.0 M 7.1 12 60 M M 3 18 70
29 85 58 72 2 0 7 0.00 0.0 0 6.0 12 110 M M 4 20 100
30 85 66 76 5 0 11 0.03 0.0 0 5.2 12 240 M M 4 3 17 240
================================================================================
SM 2452 1724 36 184 0.91 0.0 181.7 M 86
================================================================================
AV 81.7 57.5 6.1 FASTST M M 3 MAX(MPH)
MISC ----> 25 260 35 270
================================================================================
NOTES:
# LAST OF SEVERAL OCCURRENCES
COLUMN 17 PEAK WIND IN M.P.H.
PRELIMINARY LOCAL CLIMATOLOGICAL DATA (WS FORM: F-6) , PAGE 2
STATION: CROSS CITY
MONTH: APRIL
YEAR: 2022
LATITUDE: 29 37 N
LONGITUDE: 83 6 W
[TEMPERATURE DATA] [PRECIPITATION DATA] SYMBOLS USED IN COLUMN 16
AVERAGE MONTHLY: 69.6 TOTAL FOR MONTH: 0.91 1 = FOG OR MIST
DPTR FM NORMAL: 2.1 DPTR FM NORMAL: -1.99 2 = FOG REDUCING VISIBILITY
HIGHEST: 88 ON 25,24 GRTST 24HR 0.83 ON 2- 2 TO 1/4 MILE OR LESS
LOWEST: 40 ON 10 3 = THUNDER
SNOW, ICE PELLETS, HAIL 4 = ICE PELLETS
TOTAL MONTH: 0.0 INCH 5 = HAIL
GRTST 24HR 0.0 6 = FREEZING RAIN OR DRIZZLE
GRTST DEPTH: 0 7 = DUSTSTORM OR SANDSTORM:
VSBY 1/2 MILE OR LESS
8 = SMOKE OR HAZE
[NO. OF DAYS WITH] [WEATHER - DAYS WITH] 9 = BLOWING SNOW
X = TORNADO
MAX 32 OR BELOW: 0 0.01 INCH OR MORE: 3
MAX 90 OR ABOVE: 0 0.10 INCH OR MORE: 1
MIN 32 OR BELOW: 0 0.50 INCH OR MORE: 1
MIN 0 OR BELOW: 0 1.00 INCH OR MORE: 0
[HDD (BASE 65) ]
TOTAL THIS MO. 36 CLEAR (SCALE 0-3) 18
DPTR FM NORMAL -6 PTCLDY (SCALE 4-7) 11
TOTAL FM JUL 1 980 CLOUDY (SCALE 8-10) 1
DPTR FM NORMAL -273
[CDD (BASE 65) ]
TOTAL THIS MO. 184
DPTR FM NORMAL 65 [PRESSURE DATA]
TOTAL FM JAN 1 331 HIGHEST SLP M ON M
DPTR FM NORMAL 121 LOWEST SLP M ON M
[REMARKS]
#FINAL-04-22#