000
CXUS52 KTAE 010800
CF6CTY
PRELIMINARY LOCAL CLIMATOLOGICAL DATA (WS FORM: F-6)
STATION: CROSS CITY
MONTH: JUNE
YEAR: 2021
LATITUDE: 29 37 N
LONGITUDE: 83 6 W
TEMPERATURE IN F: :PCPN: SNOW: WIND :SUNSHINE: SKY :PK WND
================================================================================
1 2 3 4 5 6A 6B 7 8 9 10 11 12 13 14 15 16 17 18
12Z AVG MX 2MIN
DY MAX MIN AVG DEP HDD CDD WTR SNW DPTH SPD SPD DIR MIN PSBL S-S WX SPD DR
================================================================================
1 91 64 78 0 0 13 0.00 0.0 0 5.1 12 360 M M 0 18 60
2 90 63 77 -1 0 12 0.26 0.0 0 3.0 M M M M 4 1 M M
3 88 71 80 1 0 15 0.03 0.0 M 4.7 12 240 M M 6 1 20 190
4 91 68 80 1 0 15 0.00 0.0 M 3.6 12 240 M M 2 1 M M
5 89 69 79 0 0 14 0.00 0.0 M 3.0 12 250 M M 1 16 250
6 94 71 83 4 0 18 0.00 0.0 M 5.8 13 230 M M 1 18 21 200
7 91 73 82 3 0 17 0.23 0.0 M 6.2 14 180 M M 0 20 70
8 93 72 83 3 0 18 0.02 0.0 0 5.7 13 250 M M 1 1 18 220
9 90 70 80 0 0 15 0.00 0.0 0 4.0 8 280 M M 2 3 M M
10 91 71 81 1 0 16 0.00 0.0 0 4.3 10 240 M M 2 3 16 240
11 92 68 80 0 0 15 0.00 0.0 0 5.7 15 280 M M 1 20 260
12 89 73 81 1 0 16 0.14 0.0 0 6.8 15 250 M M 3 3 25 250
13 88 72 80 0 0 15 0.13 0.0 M 4.3 13 250 M M 3 1 24 190
14 85 71 78 -2 0 13 0.39 0.0 M 2.7 7 20 M M 3 13 M M
15 90 73 82 2 0 17 0.01 0.0 M 8.8 18 230 M M 3 13 22 250
16 89 72 81 1 0 16 0.01 0.0 M 7.0 15 250 M M 2 21 250
17 91 73 82 2 0 17 0.12 0.0 0 4.7 12 240 M M 5 1 M M
18 87 73 80 0 0 15 0.01 0.0 0 2.6 7 80 M M 6 16 80
19 90 76 83 3 0 18 0.00 0.0 0 7.3 16 200 M M 2 22 180
20 84 73 79 -2 0 14 0.51 0.0 0 7.3 15 230 M M 5 13 28 290
21 86 72 79 -2 0 14 1.60 0.0 0 4.1 13 210 M M 2 13 22 210
22 82 72 77 -4 0 12 1.38 0.0 0 6.2 13 280 M M 2 13 23 210
23 89 72 81 0 0 16 0.04 0.0 0 4.0 13 280 M M 3 18 M M
24 84 70 77 -4 0 12 0.64 M M 3.8 8 50 M M 1 3 16 120
25 90 68 79 -2 0 14 0.99 M M 5.3 21 30 M M 1 13 28 30
26 89 69 79 -2 0 14 0.04 M M 3.8 9 150 M M 4 13 M M
27 92 72 82 1 0 17 0.00 0.0 0 5.9 12 100 M M 3 18 17 80
28 89 73 81 0 0 16 0.30 0.0 0 3.6 20 40 M M 0 13 29 40
29 87 71 79 -2 0 14 1.57 0.0 0 3.8 7 250 M M 1 13 18 130
30 88 72 80 -1 0 15 0.13 0.0 0 2.5 10 160 M M 1 13 23 0
================================================================================
SM 2669 2127 0 453 8.55 0.0 145.6 M 70
================================================================================
AV 89.0 70.9 4.9 FASTST M M 2 MAX(MPH)
MISC ----> 21 30 29 40
================================================================================
NOTES:
# LAST OF SEVERAL OCCURRENCES
COLUMN 17 PEAK WIND IN M.P.H.
PRELIMINARY LOCAL CLIMATOLOGICAL DATA (WS FORM: F-6) , PAGE 2
STATION: CROSS CITY
MONTH: JUNE
YEAR: 2021
LATITUDE: 29 37 N
LONGITUDE: 83 6 W
[TEMPERATURE DATA] [PRECIPITATION DATA] SYMBOLS USED IN COLUMN 16
AVERAGE MONTHLY: 79.9 TOTAL FOR MONTH: 8.55 1 = FOG OR MIST
DPTR FM NORMAL: -0.1 DPTR FM NORMAL: 1.55 2 = FOG REDUCING VISIBILITY
HIGHEST: 94 ON 6 GRTST 24HR 1.60 ON 21-21 TO 1/4 MILE OR LESS
LOWEST: 63 ON 2 3 = THUNDER
SNOW, ICE PELLETS, HAIL 4 = ICE PELLETS
TOTAL MONTH: 0.0 INCH 5 = HAIL
GRTST 24HR 0.0 6 = FREEZING RAIN OR DRIZZLE
GRTST DEPTH: 0 7 = DUSTSTORM OR SANDSTORM:
VSBY 1/2 MILE OR LESS
8 = SMOKE OR HAZE
[NO. OF DAYS WITH] [WEATHER - DAYS WITH] 9 = BLOWING SNOW
X = TORNADO
MAX 32 OR BELOW: 0 0.01 INCH OR MORE: 21
MAX 90 OR ABOVE: 14 0.10 INCH OR MORE: 14
MIN 32 OR BELOW: 0 0.50 INCH OR MORE: 6
MIN 0 OR BELOW: 0 1.00 INCH OR MORE: 3
[HDD (BASE 65) ]
TOTAL THIS MO. 0 CLEAR (SCALE 0-3) 23
DPTR FM NORMAL 0 PTCLDY (SCALE 4-7) 7
TOTAL FM JUL 1 1006 CLOUDY (SCALE 8-10) 0
DPTR FM NORMAL -252
[CDD (BASE 65) ]
TOTAL THIS MO. 453
DPTR FM NORMAL 2 [PRESSURE DATA]
TOTAL FM JAN 1 1041 HIGHEST SLP M ON M
DPTR FM NORMAL 76 LOWEST SLP M ON M
[REMARKS]
#FINAL-06-21#