000
CXUS54 KHGX 011410
CF6CXO
PRELIMINARY LOCAL CLIMATOLOGICAL DATA (WS FORM: F-6)
STATION: CONROE
MONTH: JULY
YEAR: 2023
LATITUDE: 30 21 N
LONGITUDE: 95 25 W
TEMPERATURE IN F: :PCPN: SNOW: WIND :SUNSHINE: SKY :PK WND
================================================================================
1 2 3 4 5 6A 6B 7 8 9 10 11 12 13 14 15 16 17 18
12Z AVG MX 2MIN
DY MAX MIN AVG DEP HDD CDD WTR SNW DPTH SPD SPD DIR MIN PSBL S-S WX SPD DR
================================================================================
1 99 73 86 4 0 21 0.00 0.0 0 4.3 14 210 M M 1 20 190
2 97 74 86 4 0 21 0.03 0.0 0 5.2 18 120 M M 2 3 27 110
3 96 72 84 2 0 19 0.29 0.0 0 3.4 18 180 M M 3 13 25 170
4 92 73 83 1 0 18 0.05 0.0 0 3.8 15 170 M M 2 13 20 170
5 96 75 86 4 0 21 0.10 0.0 0 3.5 14 70 M M 3 13 20 60
6 90 72 81 -1 0 16 0.11 0.0 0 3.7 24 210 M M 2 13 33 210
7 92 69 81 -1 0 16 T 0.0 0 5.3 23 180 M M 2 1 30 180
8 97 72 85 3 0 20 0.00 0.0 0 5.4 18 180 M M 2 1 24 180
9 98 80 89 7 0 24 0.00 0.0 0 8.6 16 230 M M 5 24 200
10 99 78 89 7 0 24 0.00 0.0 0 7.5 15 160 M M 3 22 210
11 99 80 90 8 0 25 0.00 0.0 0 9.2 20 170 M M 3 29 230
12 100 80 90 7 0 25 0.00 0.0 0 10.5 20 180 M M 3 26 160
13 102 80 91 8 0 26 0.00 0.0 0 10.2 17 200 M M 3 26 210
14 101 77 89 6 0 24 0.00 0.0 0 9.5 18 200 M M 4 25 180
15 101 76 89 6 0 24 0.00 0.0 0 8.1 16 200 M M 3 24 230
16 102 77 90 7 0 25 0.00 0.0 0 5.7 15 210 M M 1 22 210
17 101 77 89 6 0 24 0.00 0.0 0 7.0 14 140 M M 1 8 20 230
18 101 80 91 8 0 26 0.00 0.0 0 8.6 15 160 M M 2 22 220
19 101 75 88 5 0 23 0.00 0.0 0 7.3 15 210 M M 1 21 190
20 101 79 90 7 0 25 0.00 0.0 0 6.8 15 140 M M 2 22 140
21 100 74 87 4 0 22 0.00 0.0 0 4.6 16 170 M M 1 21 160
22 102 77 90 7 0 25 0.00 0.0 0 6.2 15 90 M M 2 3 24 110
23 101 73 87 4 0 22 0.00 0.0 0 3.1 14 330 M M 3 22 340
24 100 71 86 2 0 21 0.00 0.0 0 3.8 15 170 M M 2 1 19 170
25 100 72 86 2 0 21 0.00 0.0 0 4.8 16 170 M M 2 1 22 160
26 100 72 86 2 0 21 0.00 0.0 0 4.7 17 170 M M 2 23 150
27 100 72 86 2 0 21 0.00 0.0 0 4.4 15 130 M M 1 1 23 150
28 99 69 84 0 0 19 0.00 0.0 0 4.4 16 150 M M 1 22 140
29 98 69 84 0 0 19 0.00 0.0 0 3.7 14 160 M M 2 8 19 150
30 102 74 88 4 0 23 0.00 0.0 0 4.3 12 170 M M 1 16 240
31 104 79 92 8 0 27 0.00 0.0 0 5.4 20 120 M M 1 3 27 110
================================================================================
SM 3071 2321 0 688 0.58 0.0 183.0 M 66
================================================================================
AV 99.1 74.9 5.9 FASTST M M 2 MAX(MPH)
MISC ----> 24 210 33 210
================================================================================
NOTES:
# LAST OF SEVERAL OCCURRENCES
COLUMN 17 PEAK WIND IN M.P.H.
PRELIMINARY LOCAL CLIMATOLOGICAL DATA (WS FORM: F-6) , PAGE 2
STATION: CONROE
MONTH: JULY
YEAR: 2023
LATITUDE: 30 21 N
LONGITUDE: 95 25 W
[TEMPERATURE DATA] [PRECIPITATION DATA] SYMBOLS USED IN COLUMN 16
AVERAGE MONTHLY: 87.0 TOTAL FOR MONTH: 0.58 1 = FOG OR MIST
DPTR FM NORMAL: 4.1 DPTR FM NORMAL: -2.57 2 = FOG REDUCING VISIBILITY
HIGHEST: 104 ON 31 GRTST 24HR 0.34 ON 3- 4 TO 1/4 MILE OR LESS
LOWEST: 69 ON 29,28 3 = THUNDER
SNOW, ICE PELLETS, HAIL 4 = ICE PELLETS
TOTAL MONTH: 0.0 INCH 5 = HAIL
GRTST 24HR 0.0 6 = FREEZING RAIN OR DRIZZLE
GRTST DEPTH: 0 7 = DUSTSTORM OR SANDSTORM:
VSBY 1/2 MILE OR LESS
8 = SMOKE OR HAZE
[NO. OF DAYS WITH] [WEATHER - DAYS WITH] 9 = BLOWING SNOW
X = TORNADO
MAX 32 OR BELOW: 0 0.01 INCH OR MORE: 5
MAX 90 OR ABOVE: 31 0.10 INCH OR MORE: 3
MIN 32 OR BELOW: 0 0.50 INCH OR MORE: 0
MIN 0 OR BELOW: 0 1.00 INCH OR MORE: 0
[HDD (BASE 65) ]
TOTAL THIS MO. 0 CLEAR (SCALE 0-3) 28
DPTR FM NORMAL 0 PTCLDY (SCALE 4-7) 3
TOTAL FM JUL 1 0 CLOUDY (SCALE 8-10) 0
DPTR FM NORMAL 0
[CDD (BASE 65) ]
TOTAL THIS MO. 688
DPTR FM NORMAL 135 [PRESSURE DATA]
TOTAL FM JAN 1 1843 HIGHEST SLP 30.16 ON 25
DPTR FM NORMAL 304 LOWEST SLP 29.81 ON 13
[REMARKS]
#FINAL-07-23#