000
CXUS53 KUNR 011030
CF6D07
PRELIMINARY LOCAL CLIMATOLOGICAL DATA (WS FORM: F-6)
STATION: FAITH SD
MONTH: DECEMBER
YEAR: 2023
LATITUDE: 45 1 N
LONGITUDE: 102 1 W
TEMPERATURE IN F: :PCPN: SNOW: WIND :SUNSHINE: SKY :PK WND
================================================================================
1 2 3 4 5 6A 6B 7 8 9 10 11 12 13 14 15 16 17 18
12Z AVG MX 2MIN
DY MAX MIN AVG DEP HDD CDD WTR SNW DPTH SPD SPD DIR MIN PSBL S-S WX SPD DR
================================================================================
1 35 18 27 0 38 0 0.00 M M 10.6 22 150 M M M 30 150
2 46 13 30 4 35 0 0.00 M M 8.0 16 200 M M M 20 240
3 43 21 32 6 33 0 0.00 M M 13.2 28 310 M M M 35 300
4 48 26 37 11 28 0 0.00 M M 19.7 46 310 M M M 63 320
5 45 18 32 7 33 0 0.00 M M 12.6 20 180 M M M 24 160
6 59 33 46 21 19 0 0.00 M M 9.2 15 160 M M M 20 280
7 64 27 46 21 19 0 0.00 M M 15.7 37 300 M M M 54 310
8 39 26 33 9 32 0 0.05 M M 24.8 37 310 M M M 49 300
9 34 21 28 4 37 0 0.00 M M 12.1 28 320 M M M 36 310
10 38 19 29 5 36 0 0.00 M M 8.6 16 180 M M M 19 190
11 42 18 30 6 35 0 0.00 M M 5.7 26 340 M M M 35 330
12 37 10 24 1 41 0 0.00 M M 10.3 21 200 M M 0 25 190
13 45 19 32 9 33 0 0.00 M M 12.1 22 180 M M M 27 180
14 48 27 38 15 27 0 0.00 M M 15.0 29 190 M M M 37 180
15 34 25 30 8 35 0 0.00 M M 14.4 25 320 M M M 33 320
16 44 26 35 13 30 0 0.00 M M 11.1 17 210 M M M 21 210
17 48 16 32 10 33 0 0.00 M M 13.5 32 320 M M M 41 340
18 40 9 25 3 40 0 0.00 M M 14.2 28 170 M M M 35 170
19 52 24 38 16 27 0 0.00 M M 5.7 15 150 M M M 19 150
20 41 23 32 10 33 0 0.00 M M 9.0 18 140 M M M 23 150
21 57 20 39 18 26 0 0.00 M M 5.9 10 300 M M M 13 320
22 54 29 42 21 23 0 0.00 M M 7.4 16 180 M M M 17 180
23 45 27 36 15 29 0 0.00 M M 10.2 31 330 M M M 42 320
24 32 20 26 5 39 0 0.00 M M 18.1 36 340 M M M 43 330
25 29 18 24 3 41 0 0.02 M M 15.0 43 360 M M M 55 10
26 31 24 28 7 37 0 0.37 M M 25.1 32 360 M M M 49 360
27 34 24 29 9 36 0 0.43 M M 11.2 35 360 M M M 50 360
28 36 16 26 6 39 0 0.00 M M 6.1 13 300 M M M 17 290
29 45 27 36 16 29 0 0.00 M M 11.0 14 290 M M M M M
30 36 17 27 7 38 0 0.00 M M 11.6 20 330 M M M 25 330
31 23 12 18 -2 47 0 0.00 M M 8.1 14 180 M M M 17 180
================================================================================
SM 1304 653 1028 0 0.87 M 375.1 M 0
================================================================================
AV 42.1 21.1 12.1 FASTST M M 0 MAX(MPH)
MISC ----> 46 310 63 320
================================================================================
NOTES:
# LAST OF SEVERAL OCCURRENCES
COLUMN 17 PEAK WIND IN M.P.H.
PRELIMINARY LOCAL CLIMATOLOGICAL DATA (WS FORM: F-6) , PAGE 2
STATION: FAITH SD
MONTH: DECEMBER
YEAR: 2023
LATITUDE: 45 1 N
LONGITUDE: 102 1 W
[TEMPERATURE DATA] [PRECIPITATION DATA] SYMBOLS USED IN COLUMN 16
AVERAGE MONTHLY: 31.6 TOTAL FOR MONTH: 0.87 1 = FOG OR MIST
DPTR FM NORMAL: 8.9 DPTR FM NORMAL: 0.47 2 = FOG REDUCING VISIBILITY
HIGHEST: 64 ON 7 GRTST 24HR 0.43 ON 27-27 TO 1/4 MILE OR LESS
LOWEST: 9 ON 18 3 = THUNDER
SNOW, ICE PELLETS, HAIL 4 = ICE PELLETS
TOTAL MONTH: M 5 = HAIL
GRTST 24HR M ON M 6 = FREEZING RAIN OR DRIZZLE
GRTST DEPTH: M ON M 7 = DUSTSTORM OR SANDSTORM:
VSBY 1/2 MILE OR LESS
8 = SMOKE OR HAZE
[NO. OF DAYS WITH] [WEATHER - DAYS WITH] 9 = BLOWING SNOW
X = TORNADO
MAX 32 OR BELOW: 4 0.01 INCH OR MORE: 4
MAX 90 OR ABOVE: 0 0.10 INCH OR MORE: 2
MIN 32 OR BELOW: 30 0.50 INCH OR MORE: 0
MIN 0 OR BELOW: 0 1.00 INCH OR MORE: 0
[HDD (BASE 65) ]
TOTAL THIS MO. 1028 CLEAR (SCALE 0-3) 1
DPTR FM NORMAL -282 PTCLDY (SCALE 4-7) 0
TOTAL FM JUL 1 2341 CLOUDY (SCALE 8-10) 30
DPTR FM NORMAL -684
[CDD (BASE 65) ]
TOTAL THIS MO. 0
DPTR FM NORMAL 0 [PRESSURE DATA]
TOTAL FM JAN 1 670 HIGHEST SLP 30.55 ON 13
DPTR FM NORMAL 14 LOWEST SLP 29.31 ON 7
[REMARKS]
#FINAL-12-23#