000
CXUS53 KUNR 011616
CLMD07
CLIMATE REPORT
NATIONAL WEATHER SERVICE RAPID CITY SD
1016 AM MDT TUE AUG 01 2023
...................................
...THE FAITH SD CLIMATE SUMMARY FOR THE MONTH OF JULY 2023...
CLIMATE NORMAL PERIOD 1991 TO 2020
CLIMATE RECORD PERIOD 9999 TO 9999
WEATHER OBSERVED NORMAL DEPART LAST YEAR`S
VALUE DATE(S) VALUE FROM VALUE DATE(S)
NORMAL
................................................................
TEMPERATURE (F)
HIGHEST 99 07/26 110 07/18
LOWEST 46R 07/05 49 07/28
AVG. MAXIMUM 84.8 86.6 -1.8 90.5
AVG. MINIMUM 58.0 59.4 -1.4 60.5
MEAN 71.4 73.0 -1.6 75.5
DAYS MAX >= 90 9 13
DAYS MAX <= 32 0 0
DAYS MIN <= 32 0 0
DAYS MIN <= 0 0 0
PRECIPITATION (INCHES)
TOTALS 0.69R 2.15 -1.46 1.57
DAILY AVG. 0.02 0.07 -0.05 0.05
DAYS >= .01 7 7
DAYS >= .10 3 2
DAYS >= .50 0 1
DAYS >= 1.00 0 1
GREATEST
24 HR. TOTAL 0.36 07/03 TO 07/04 1.07
DEGREE DAYS
HEATING TOTAL 13 8 5 0
SINCE 7/1 13 2 11 MM
COOLING TOTAL 220 256 -36 334
SINCE 1/1 402 362 40 MM
................................................................
WIND (MPH)
AVERAGE WIND SPEED 9.7
HIGHEST WIND SPEED/DIRECTION 37/060 DATE 07/11
HIGHEST GUST SPEED/DIRECTION 47/050 DATE 07/11
AVERAGE RH (PERCENT) 62
- INDICATES NEGATIVE NUMBERS.
R INDICATES RECORD WAS SET OR TIED.
MM INDICATES DATA IS MISSING.
T INDICATES TRACE AMOUNT.
$$