000
CXUS51 KRNK 010617
CLADAN
CLIMATE REPORT
NATIONAL WEATHER SERVICE BLACKSBURG VA
116 AM EST WED JAN 1 2020
...................................
...THE DANVILLE VA CLIMATE SUMMARY FOR THE YEAR OF 2019...
CLIMATE NORMAL PERIOD 1981 TO 2010
CLIMATE RECORD PERIOD 1916 TO 2019
WEATHER OBSERVED NORMAL DEPART
VALUE DATE(S) VALUE FROM
NORMAL
................................................
TEMPERATURE (F)
RECORD
HIGH 107 08/31/1932
08/06/1918
LOW -5 01/21/1985
HIGHEST 98 10/03
09/12
07/20
LOWEST 13 01/31
01/22
AVG. MAXIMUM 71.5 68.5 3.0
AVG. MINIMUM 48.5 48.5 0.0
MEAN 60.0 58.5 1.5
DAYS MAX >= 90 71 29.2 41.8
DAYS MAX <= 32 1 4.8 -3.8
DAYS MIN <= 32 79 74.9 4.1
DAYS MIN <= 0 0 0.0 0.0
PRECIPITATION (INCHES)
RECORD
MAXIMUM 67.43 2018
MINIMUM 28.66 2001
TOTALS 42.37 44.41 -2.04
DAILY AVG. 0.12 0.12 0.00
DAYS >= .01 118 114.7 3.3
DAYS >= .10 84 74.3 9.7
DAYS >= .50 24 31.3 -7.3
DAYS >= 1.00 12 11.9 0.1
GREATEST
24 HR. TOTAL 2.32
SNOWFALL (INCHES)
TOTALS T
DAYS >= TRACE 7
DAYS >= 1.0 0
GREATEST
24 HR TOTAL 0.0
DEGREE_DAYS
HEATING TOTAL 3490 3815 -325
COOLING TOTAL 1768 1440 328
.................................................
WIND (MPH)
AVERAGE WIND SPEED 4.9
HIGHEST WIND SPEED/DIRECTION 35/260 DATE 08/07
HIGHEST GUST SPEED/DIRECTION 48/270 DATE 03/22
SKY COVER
AVERAGE SKY COVER 0.30
AVERAGE RH (PERCENT) 69
WEATHER CONDITIONS. NUMBER OF DAYS WITH
0
66
0
0
0
6
22
HAZE 3
- INDICATES NEGATIVE NUMBERS.
R INDICATES RECORD WAS SET OR TIED.
MM INDICATES DATA IS MISSING.
T INDICATES TRACE AMOUNT.
$$