000
CXUS53 KDVN 010802
CLSDBQ
CLIMATE REPORT
NATIONAL WEATHER SERVICE QUAD CITIES IA IL
300 AM CDT FRI SEP 01 2023
...................................
...THE DUBUQUE IA CLIMATE SUMMARY FOR THE SEASON, FROM
6/1/2023 TO 8/31/2023...
CLIMATE NORMAL PERIOD 1991 TO 2020
CLIMATE RECORD PERIOD 1873 TO 2023
WEATHER OBSERVED NORMAL DEPART LAST YEAR`S
VALUE DATE(S) VALUE FROM VALUE
NORMAL
..............................................................
TEMPERATURE (F)
RECORD
HIGH 110 07/14/1936
LOW 36 06/11/1972
HIGHEST 97 08/23 82 15
LOWEST 41 06/12 54 -13
AVG. MAXIMUM 82.2 79.8 2.4
AVG. MINIMUM 60.0 60.2 -0.2
MEAN 71.1 70.0 1.1
DAYS MAX >= 90 9 5.5 3.5
DAYS MAX <= 32 0 0.0 0.0
DAYS MIN <= 32 0 0.0 0.0
DAYS MIN <= 0 0 0.0 0.0
PRECIPITATION (INCHES)
TOTALS 10.49 13.94 -3.45
DAILY AVG. 0.11 0.15 -0.04
DAYS >= .01 24 30.9 -6.9
DAYS >= .10 12
DAYS >= .50 4
DAYS >= 1.00 4 3.9 0.1
GREATEST
24 HR. TOTAL 3.20 08/13 TO 08/14
SNOWFALL (INCHES)
TOTALS 0.0 0.0 0.0
SINCE 7/1 0.0 0.0 0.0
SNOWDEPTH AVG. 0
DAYS >= TRACE 0 0.0 0.0
DAYS >= 1.0 0 0.0 0.0
GREATEST
SNOW DEPTH 0
24 HR TOTAL 0
DEGREE DAYS
HEATING TOTAL 34 62 -28
SINCE 7/1 8 21 -13
COOLING TOTAL 622 527 95
SINCE 1/1 669 567 102
..............................................................
WIND (MPH)
AVERAGE WIND SPEED 6.9
HIGHEST WIND SPEED/DIRECTION 46/250 DATE 07/28
HIGHEST GUST SPEED/DIRECTION 69/230 DATE 07/28
SKY COVER
POSSIBLE SUNSHINE (PERCENT) MM
AVERAGE SKY COVER 0.26
NUMBER OF DAYS FAIR 64
NUMBER OF DAYS PC 22
NUMBER OF DAYS CLOUDY 6
AVERAGE RH (PERCENT) 71
WEATHER CONDITIONS. NUMBER OF DAYS WITH
THUNDERSTORM 13 HAIL 0
SLEET 0 FOG 49
FOG W/VIS <= 1/4 MILE 6 HAZE 26
- INDICATES NEGATIVE NUMBERS.
R INDICATES RECORD WAS SET OR TIED.
MM INDICATES DATA IS MISSING.
T INDICATES TRACE AMOUNT.
$$