000
CXUS54 KHUN 010810
CF6DCU
PRELIMINARY LOCAL CLIMATOLOGICAL DATA (WS FORM: F-6)
STATION: DECATUR
MONTH: AUGUST
YEAR: 2021
LATITUDE: 34 39 N
LONGITUDE: 86 56 W
TEMPERATURE IN F: :PCPN: SNOW: WIND :SUNSHINE: SKY :PK WND
================================================================================
1 2 3 4 5 6A 6B 7 8 9 10 11 12 13 14 15 16 17 18
12Z AVG MX 2MIN
DY MAX MIN AVG DEP HDD CDD WTR SNW DPTH SPD SPD DIR MIN PSBL S-S WX SPD DR
================================================================================
1 84 69 77 -3 0 12 0.30 0.0 0 5.0 15 330 M M 4 13 18 330
2 81 67 74 -6 0 9 0.00 0.0 0 2.7 9 10 M M 2 18 11 10
3 84 63 74 -6 0 9 0.00 0.0 0 3.5 14 360 M M 1 1 18 360
4 85 60 73 -7 0 8 0.00 0.0 0 3.5 12 30 M M 1 1 15 40
5 87 61 74 -6 0 9 T 0.0 0 1.6 10 210 M M 4 1 13 200
6 83 68 76 -4 0 11 0.00 0.0 0 3.3 12 170 M M 4 1 14 150
7 85 68 77 -3 0 12 0.12 0.0 0 3.5 17 30 M M 4 13 21 20
8 89 67 78 -2 0 13 0.00 0.0 0 3.4 8 260 M M 2 1 10 260
9 90 70 80 0 0 15 0.12 0.0 0 3.5 23 230 M M 3 138 32 230
10 93 74 84 4 0 19 T 0.0 0 4.8 13 300 M M 1 13 15 280
11 94 73 84 5 0 19 T 0.0 0 4.9 20 270 M M 1 13 25 270
12 90 69 80 1 0 15 0.00 0.0 0 3.1 13 290 M M 1 15 280
13 91 69 80 1 0 15 2.15 0.0 0 5.0 29 280 M M 3 13 36 290
14 90 70 80 1 0 15 0.00 0.0 0 1.7 9 350 M M 1 12 11 320
15 87 71 79 0 0 14 0.16 0.0 0 4.9 21 320 M M 5 13 28 320
16 85 71 78 -1 0 13 0.03 0.0 0 3.0 8 120 M M 4 1 10 130
17 87 70 79 0 0 14 0.00 0.0 0 3.6 12 360 M M 3 14 310
18 90 70 80 1 0 15 0.28 0.0 0 5.0 29 270 M M 3 13 37 270
19 84 71 78 -1 0 13 0.30 0.0 0 4.6 13 200 M M 5 1 15 200
20 86 73 80 1 0 15 0.00 0.0 0 4.6 12 260 M M 7 14 250
21 80 72 76 -3 0 11 0.76 0.0 0 4.5 18 350 M M 7 13 24 350
22 89 73 81 3 0 16 0.00 0.0 0 4.8 14 330 M M 5 1 17 320
23 93 70 82 4 0 17 0.00 0.0 0 2.4 10 350 M M 0 12 13 350
24 93 68 81 3 0 16 0.00 0.0 0 1.1 8 140 M M 0 1 10 110
25 95 70 83 5 0 18 0.00 0.0 0 2.3 9 360 M M 1 1 13 360
26 91 70 81 3 0 16 0.00 0.0 0 3.6 10 170 M M 1 1 13 170
27 91 70 81 3 0 16 0.07 0.0 0 5.0 29 160 M M 1 13 38 150
28 88 70 79 1 0 14 0.01 0.0 0 4.4 13 150 M M 1 16 160
29 89 71 80 2 0 15 T 0.0 0 6.2 22 140 M M 1 29 140
30 81 71 76 -1 0 11 1.18 0.0 0 6.6 17 80 M M 4 1 25 90
31 81 71 76 -1 0 11 1.07 0.0 0 11.5 22 300 M M 10 1 30 310
================================================================================
SM 2716 2150 0 426 6.55 0.0 127.6 M 90
================================================================================
AV 87.6 69.4 4.1 FASTST M M 3 MAX(MPH)
MISC ----> # 29 280 38 150
================================================================================
NOTES:
# LAST OF SEVERAL OCCURRENCES
COLUMN 17 PEAK WIND IN M.P.H.
PRELIMINARY LOCAL CLIMATOLOGICAL DATA (WS FORM: F-6) , PAGE 2
STATION: DECATUR
MONTH: AUGUST
YEAR: 2021
LATITUDE: 34 39 N
LONGITUDE: 86 56 W
[TEMPERATURE DATA] [PRECIPITATION DATA] SYMBOLS USED IN COLUMN 16
AVERAGE MONTHLY: 78.5 TOTAL FOR MONTH: 6.55 1 = FOG OR MIST
DPTR FM NORMAL: -0.3 DPTR FM NORMAL: 3.50 2 = FOG REDUCING VISIBILITY
HIGHEST: 95 ON 25 GRTST 24HR 2.21 ON 30-31 TO 1/4 MILE OR LESS
LOWEST: 60 ON 4 3 = THUNDER
SNOW, ICE PELLETS, HAIL 4 = ICE PELLETS
TOTAL MONTH: 0.0 INCH 5 = HAIL
GRTST 24HR 0.0 6 = FREEZING RAIN OR DRIZZLE
GRTST DEPTH: 0 7 = DUSTSTORM OR SANDSTORM:
VSBY 1/2 MILE OR LESS
8 = SMOKE OR HAZE
[NO. OF DAYS WITH] [WEATHER - DAYS WITH] 9 = BLOWING SNOW
X = TORNADO
MAX 32 OR BELOW: 0 0.01 INCH OR MORE: 13
MAX 90 OR ABOVE: 12 0.10 INCH OR MORE: 10
MIN 32 OR BELOW: 0 0.50 INCH OR MORE: 4
MIN 0 OR BELOW: 0 1.00 INCH OR MORE: 3
[HDD (BASE 65) ]
TOTAL THIS MO. 0 CLEAR (SCALE 0-3) 18
DPTR FM NORMAL 0 PTCLDY (SCALE 4-7) 12
TOTAL FM JUL 1 0 CLOUDY (SCALE 8-10) 1
DPTR FM NORMAL 0
[CDD (BASE 65) ]
TOTAL THIS MO. 426
DPTR FM NORMAL -3 [PRESSURE DATA]
TOTAL FM JAN 1 1356 HIGHEST SLP M ON M
DPTR FM NORMAL -144 LOWEST SLP 29.50 ON 31
[REMARKS]
#FINAL-08-21#