000
CXUS53 KDDC 031719
CF6DDC
PRELIMINARY LOCAL CLIMATOLOGICAL DATA (WS FORM: F-6)
STATION: DODGE CITY KS
MONTH: DECEMBER
YEAR: 2021
LATITUDE: 37 46 N
LONGITUDE: 99 58 W
TEMPERATURE IN F: :PCPN: SNOW: WIND :SUNSHINE: SKY :PK WND
================================================================================
1 2 3 4 5 6A 6B 7 8 9 10 11 12 13 14 15 16 17 18
12Z AVG MX 2MIN
DY MAX MIN AVG DEP HDD CDD WTR SNW DPTH SPD SPD DIR MIN PSBL S-S WX SPD DR
================================================================================
1 69 34 52 14 13 0 0.00 0.0 0 9.4 14 240 M M 0 19 240
2 80 36 58 21 7 0 0.00 0.0 0 7.9 15 170 M M 0 21 250
3 63 32 48 11 17 0 0.00 0.0 0 14.1 29 20 M M 0 38 30
4 54 26 40 4 25 0 0.00 0.0 0 7.7 13 160 M M 0 15 160
5 70 32 51 15 14 0 0.00 0.0 0 14.8 40 20 M M 0 18 60 10
6 38 15 27 -9 38 0 0.00 0.0 0 11.7 31 350 M M 0 8 43 350
7 47 25 36 0 29 0 0.00 0.0 0 10.5 25 160 M M 0 33 150
8 60 22 41 6 24 0 0.00 0.0 0 12.8 24 170 M M 0 32 180
9 66 35 51 16 14 0 0.00 0.0 0 11.1 23 270 M M 0 33 270
10 61 27 44 9 21 0 0.00 0.0 0 16.3 32 320 M M 1 45 320
11 47 18 33 -1 32 0 0.00 0.0 0 11.8 18 200 M M 0 26 230
12 57 26 42 8 23 0 0.00 0.0 0 11.5 18 170 M M 0 26 190
13 60 20 40 6 25 0 0.00 0.0 0 6.7 15 180 M M 0 8 20 170
14 67 27 47 13 18 0 0.00 0.0 0 9.1 22 210 M M 0 31 220
15 74 35 55 21 10 0 0.00 0.0 0 21.9 55 230 M M 4 8 84 250
16 49 20 35 2 30 0 0.00 0.0 0 10.3 18 160 M M 0 25 150
17 53 27 40 7 25 0 0.00 0.0 0 13.9 29 360 M M 0 40 10
18 34 14 24 -9 41 0 0.00 0.0 0 12.5 26 360 M M 0 8 35 360
19 52 11 32 -1 33 0 0.00 0.0 0 14.1 24 190 M M 0 30 190
20 52 19 36 3 29 0 0.00 0.0 0 9.6 21 20 M M 0 8 28 40
21 61 17 39 6 26 0 0.00 0.0 0 10.9 32 10 M M 0 8 42 20
22 61 22 42 9 23 0 0.00 0.0 0 11.7 21 210 M M 0 18 26 200
23 64 28 46 14 19 0 0.00 0.0 0 9.2 20 210 M M 0 29 210
24 74 38 56 24 9 0 0.00 0.0 0 15.0 26 260 M M 0 8 37 250
25 68 26 47 15 18 0 0.00 0.0 0 8.3 20 20 M M 0 24 320
26 75 36 56 24 9 0 0.00 0.0 0 18.3 38 220 M M 0 8 56 240
27 49 22 36 4 29 0 0.00 0.0 0 12.2 26 300 M M 0 36 300
28 50 18 34 2 31 0 0.00 0.0 0 14.5 26 320 M M 0 37 350
29 39 13 26 -6 39 0 0.00 0.0 0 6.2 14 50 M M 1 8 16 50
30 60 10 35 3 30 0 0.00 0.0 0 11.7 21 240 M M 0 8 28 220
31 56 19 38 6 27 0 T T 0 17.2 26 40 M M 1 18 38 40
================================================================================
SM 1810 750 728 0 T T 372.9 M 7
================================================================================
AV 58.4 24.2 12.0 FASTST M M 0 MAX(MPH)
MISC ----> 55 230 84 250
================================================================================
NOTES:
# LAST OF SEVERAL OCCURRENCES
COLUMN 17 PEAK WIND IN M.P.H.
PRELIMINARY LOCAL CLIMATOLOGICAL DATA (WS FORM: F-6) , PAGE 2
STATION: DODGE CITY KS
MONTH: DECEMBER
YEAR: 2021
LATITUDE: 37 46 N
LONGITUDE: 99 58 W
[TEMPERATURE DATA] [PRECIPITATION DATA] SYMBOLS USED IN COLUMN 16
AVERAGE MONTHLY: 41.3 TOTAL FOR MONTH: T 1 = FOG OR MIST
DPTR FM NORMAL: 7.4 DPTR FM NORMAL: -0.96 2 = FOG REDUCING VISIBILITY
HIGHEST: 80 ON 2 GRTST 24HR T ON 31-31 TO 1/4 MILE OR LESS
LOWEST: 10 ON 30 3 = THUNDER
SNOW, ICE PELLETS, HAIL 4 = ICE PELLETS
TOTAL MONTH: T 5 = HAIL
GRTST 24HR T ON 31-31 6 = FREEZING RAIN OR DRIZZLE
GRTST DEPTH: 0 7 = DUSTSTORM OR SANDSTORM:
VSBY 1/2 MILE OR LESS
8 = SMOKE OR HAZE
[NO. OF DAYS WITH] [WEATHER - DAYS WITH] 9 = BLOWING SNOW
X = TORNADO
MAX 32 OR BELOW: 0 0.01 INCH OR MORE: 0
MAX 90 OR ABOVE: 0 0.10 INCH OR MORE: 0
MIN 32 OR BELOW: 25 0.50 INCH OR MORE: 0
MIN 0 OR BELOW: 0 1.00 INCH OR MORE: 0
[HDD (BASE 65) ]
TOTAL THIS MO. 728 CLEAR (SCALE 0-3) 30
DPTR FM NORMAL -234 PTCLDY (SCALE 4-7) 1
TOTAL FM JUL 1 1476 CLOUDY (SCALE 8-10) 0
DPTR FM NORMAL -468
[CDD (BASE 65) ]
TOTAL THIS MO. 0
DPTR FM NORMAL 0 [PRESSURE DATA]
TOTAL FM JAN 1 1747 HIGHEST SLP 30.47 ON 18
DPTR FM NORMAL 200 LOWEST SLP 29.34 ON 24
[REMARKS]
#FINAL-12-21#