000
CXUS53 KDDC 031716
CF6DDC
PRELIMINARY LOCAL CLIMATOLOGICAL DATA (WS FORM: F-6)
STATION: DODGE CITY KS
MONTH: APRIL
YEAR: 2021
LATITUDE: 37 46 N
LONGITUDE: 99 58 W
TEMPERATURE IN F: :PCPN: SNOW: WIND :SUNSHINE: SKY :PK WND
================================================================================
1 2 3 4 5 6A 6B 7 8 9 10 11 12 13 14 15 16 17 18
12Z AVG MX 2MIN
DY MAX MIN AVG DEP HDD CDD WTR SNW DPTH SPD SPD DIR MIN PSBL S-S WX SPD DR
================================================================================
1 69 29 49 0 16 0 0.00 0.0 0 17.0 29 200 M M 0 40 190
2 72 43 58 9 7 0 0.00 0.0 0 24.2 38 200 M M 0 51 210
3 81 44 63 13 2 0 0.00 0.0 0 11.5 22 190 M M 0 29 190
4 85 50 68 18 0 3 0.00 0.0 0 16.9 26 170 M M 0 35 170
5 84 54 69 19 0 4 0.00 0.0 0 21.8 30 170 M M 0 43 200
6 85 44 65 14 0 0 0.00 0.0 0 18.8 36 340 M M 0 8 54 350
7 49 38 44 -7 21 0 0.05 0.0 0 22.7 37 320 M M 8 18 47 320
8 77 38 58 7 7 0 0.00 0.0 0 12.5 29 300 M M 0 39 310
9 59 33 46 -6 19 0 T 0.0 0 17.9 43 350 M M 2 8 57 360
10 65 32 49 -3 16 0 0.00 0.0 0 10.4 18 310 M M 0 8 25 310
11 79 42 61 9 4 0 0.00 0.0 0 15.4 26 20 M M 0 37 360
12 59 35 47 -6 18 0 0.00 0.0 0 13.2 25 30 M M 2 35 360
13 55 32 44 -9 21 0 0.00 0.0 0 8.1 14 40 M M 1 19 70
14 57 29 43 -10 22 0 T 0.0 0 10.1 21 40 M M 4 26 40
15 48 39 44 -10 21 0 0.02 0.0 0 9.8 17 140 M M 10 1 21 130
16 45 34 40 -14 25 0 0.14 T 0 12.8 22 350 M M 9 1 28 360
17 54 34 44 -10 21 0 0.01 0.0 0 11.5 21 10 M M 9 29 360
18 64 31 48 -7 17 0 0.00 0.0 0 8.9 21 310 M M 2 28 360
19 56 32 44 -11 21 0 0.00 0.0 0 18.9 31 30 M M 3 41 20
20 49 27 38 -17 27 0 0.11 1.9 2 13.3 28 30 M M 6 1 35 30
21 50 27 39 -17 26 0 0.00 0.0 0 7.6 16 20 M M 6 22 340
22 59 31 45 -11 20 0 0.00 0.0 0 24.1 39 170 M M 4 53 170
23 53 42 48 -8 17 0 0.00 0.0 0 8.6 31 180 M M 10 128 41 190
24 67 37 52 -5 13 0 0.00 0.0 0 10.7 24 160 M M 2 18 32 160
25 88 48 68 11 0 3 0.00 0.0 0 18.7 31 200 M M 0 1 41 210
26 91 56 74 16 0 9 0.00 0.0 0 18.6 31 170 M M 0 40 170
27 81 45 63 5 2 0 0.00 0.0 0 12.3 25 160 M M 0 8 39 200
28 65 49 57 -1 8 0 T 0.0 0 14.9 25 340 M M 7 18 35 350
29 77 44 61 2 4 0 0.00 0.0 0 10.8 22 360 M M 1 33 10
30 80 40 60 1 5 0 0.00 0.0 0 7.8 18 160 M M 0 8 27 160
================================================================================
SM 2003 1159 380 19 0.33 1.9 429.8 M 86
================================================================================
AV 66.8 38.6 14.3 FASTST M M 3 MAX(MPH)
MISC ----> 43 350 57 360
================================================================================
NOTES:
# LAST OF SEVERAL OCCURRENCES
COLUMN 17 PEAK WIND IN M.P.H.
PRELIMINARY LOCAL CLIMATOLOGICAL DATA (WS FORM: F-6) , PAGE 2
STATION: DODGE CITY KS
MONTH: APRIL
YEAR: 2021
LATITUDE: 37 46 N
LONGITUDE: 99 58 W
[TEMPERATURE DATA] [PRECIPITATION DATA] SYMBOLS USED IN COLUMN 16
AVERAGE MONTHLY: 52.7 TOTAL FOR MONTH: 0.33 1 = FOG OR MIST
DPTR FM NORMAL: -1.2 DPTR FM NORMAL: -1.49 2 = FOG REDUCING VISIBILITY
HIGHEST: 91 ON 26 GRTST 24HR 0.16 ON 15-16 TO 1/4 MILE OR LESS
LOWEST: 27 ON 21,20 3 = THUNDER
SNOW, ICE PELLETS, HAIL 4 = ICE PELLETS
TOTAL MONTH: 1.9 INCHES 5 = HAIL
GRTST 24HR 1.9 ON 20-20 6 = FREEZING RAIN OR DRIZZLE
GRTST DEPTH: 2 ON 20 7 = DUSTSTORM OR SANDSTORM:
VSBY 1/2 MILE OR LESS
8 = SMOKE OR HAZE
[NO. OF DAYS WITH] [WEATHER - DAYS WITH] 9 = BLOWING SNOW
X = TORNADO
MAX 32 OR BELOW: 0 0.01 INCH OR MORE: 5
MAX 90 OR ABOVE: 1 0.10 INCH OR MORE: 2
MIN 32 OR BELOW: 9 0.50 INCH OR MORE: 0
MIN 0 OR BELOW: 0 1.00 INCH OR MORE: 0
[HDD (BASE 65) ]
TOTAL THIS MO. 380 CLEAR (SCALE 0-3) 19
DPTR FM NORMAL 28 PTCLDY (SCALE 4-7) 7
TOTAL FM JUL 1 4752 CLOUDY (SCALE 8-10) 4
DPTR FM NORMAL -87
[CDD (BASE 65) ]
TOTAL THIS MO. 19
DPTR FM NORMAL 1 [PRESSURE DATA]
TOTAL FM JAN 1 20 HIGHEST SLP 30.53 ON 1
DPTR FM NORMAL 1 LOWEST SLP 29.36 ON 6
[REMARKS]
#FINAL-04-21#