000
CXUS55 KALY 010710
CF6DDH
PRELIMINARY LOCAL CLIMATOLOGICAL DATA (WS FORM: F-6)
STATION: BENNINGTON VT
MONTH: APRIL
YEAR: 2021
LATITUDE: 42 53 N
LONGITUDE: 73 15 W
TEMPERATURE IN F: :PCPN: SNOW: WIND :SUNSHINE: SKY :PK WND
================================================================================
1 2 3 4 5 6A 6B 7 8 9 10 11 12 13 14 15 16 17 18
12Z AVG MX 2MIN
DY MAX MIN AVG DEP HDD CDD WTR SNW DPTH SPD SPD DIR MIN PSBL S-S WX SPD DR
================================================================================
1 44 26 35 -5 30 0 0.04 M M 10.1 18 350 M M 9 18 28 10
2 33 22 28 -12 37 0 T M M 7.1 15 250 M M 9 21 350
3 48 15 32 -8 33 0 0.00 M M 3.6 15 240 M M 0 21 240
4 56 22 39 -2 26 0 0.00 M M 4.3 15 350 M M 3 22 340
5 59 36 48 7 17 0 0.00 M M 8.7 22 340 M M 0 31 340
6 62 33 48 6 17 0 0.00 M M 6.9 16 350 M M 0 24 360
7 70 31 51 9 14 0 0.00 M M 4.4 14 280 M M 0 18 240
8 75 37 56 13 9 0 0.00 M M 3.5 13 110 M M 1 17 160
9 74 44 59 16 6 0 0.00 M M 4.8 14 230 M M 2 21 240
10 76 47 62 18 3 0 0.00 M M 2.3 10 270 M M 4 16 250
11 72 47 60 16 5 0 T M M 7.8 18 130 M M 3 29 90
12 54 43 49 5 16 0 0.02 M M 4.8 16 110 M M 9 22 100
13 65 34 50 5 15 0 0.00 M M 3.5 16 240 M M 7 20 240
14 71 47 59 14 6 0 0.00 M M 2.3 13 290 M M 7 20 280
15 58 48 53 7 12 0 0.14 M M 4.5 13 140 M M 10 1 22 140
16 M M M M M M M M M M M M M M M M M
17 48 36 42 -4 23 0 0.01 M M 5.0 15 340 M M 10 1 20 340
18 60 36 48 1 17 0 T M M 3.5 13 250 M M 9 20 240
19 61 34 48 1 17 0 0.05 M M 3.5 15 220 M M 3 1 22 240
20 57 36 47 0 18 0 0.01 M M 4.5 14 270 M M 7 19 270
21 52 29 41 -7 24 0 0.19 M M 5.3 18 270 M M 9 128 28 280
22 40 28 34 -14 31 0 T M M 12.7 26 270 M M 9 8 38 280
23 56 33 45 -3 20 0 0.00 M M 9.2 21 250 M M 4 34 230
24 67 33 50 1 15 0 0.00 M M 6.8 20 250 M M 0 31 240
25 57 41 49 0 16 0 T M M 5.5 18 270 M M 7 24 240
26 53 34 44 -6 21 0 0.00 M M 10.4 18 270 M M 4 28 280
27 64 29 47 -3 18 0 0.05 M M 2.5 13 260 M M 5 3 20 250
28 72 48 60 10 5 0 0.32 M M 2.3 13 120 M M 8 13 16 120
29 61 51 56 6 9 0 1.03 M M 2.0 9 10 M M 10 1 16 60
30 52 38 45 -6 20 0 T M M 9.0 25 280 M M 9 1 39 260
================================================================================
SM 1717 1038 500 0 1.86 M 160.8 M 158
================================================================================
AV 59.2 35.8 5.5 FASTST M M 5 MAX(MPH)
MISC ----> 26 270 39 260
================================================================================
NOTES:
# LAST OF SEVERAL OCCURRENCES
COLUMN 17 PEAK WIND IN M.P.H.
PRELIMINARY LOCAL CLIMATOLOGICAL DATA (WS FORM: F-6) , PAGE 2
STATION: BENNINGTON VT
MONTH: APRIL
YEAR: 2021
LATITUDE: 42 53 N
LONGITUDE: 73 15 W
[TEMPERATURE DATA] [PRECIPITATION DATA] SYMBOLS USED IN COLUMN 16
AVERAGE MONTHLY: 47.5 TOTAL FOR MONTH: 1.86 1 = FOG OR MIST
DPTR FM NORMAL: 2.0 DPTR FM NORMAL: -1.41 2 = FOG REDUCING VISIBILITY
HIGHEST: 76 ON 10 GRTST 24HR 1.03 ON 29-29 TO 1/4 MILE OR LESS
LOWEST: 15 ON 3 3 = THUNDER
SNOW, ICE PELLETS, HAIL 4 = ICE PELLETS
TOTAL MONTH: M 5 = HAIL
GRTST 24HR M ON M 6 = FREEZING RAIN OR DRIZZLE
GRTST DEPTH: M ON M 7 = DUSTSTORM OR SANDSTORM:
VSBY 1/2 MILE OR LESS
8 = SMOKE OR HAZE
[NO. OF DAYS WITH] [WEATHER - DAYS WITH] 9 = BLOWING SNOW
X = TORNADO
MAX 32 OR BELOW: 0 0.01 INCH OR MORE: 10
MAX 90 OR ABOVE: 0 0.10 INCH OR MORE: 4
MIN 32 OR BELOW: 8 0.50 INCH OR MORE: 1
MIN 0 OR BELOW: 0 1.00 INCH OR MORE: 1
[HDD (BASE 65) ]
TOTAL THIS MO. 500 CLEAR (SCALE 0-3) 9
DPTR FM NORMAL -88 PTCLDY (SCALE 4-7) 9
TOTAL FM JUL 1 6183 CLOUDY (SCALE 8-10) 12
DPTR FM NORMAL -640
[CDD (BASE 65) ]
TOTAL THIS MO. 0
DPTR FM NORMAL -3 [PRESSURE DATA]
TOTAL FM JAN 1 0 HIGHEST SLP M ON M
DPTR FM NORMAL -3 LOWEST SLP 29.34 ON 30
[REMARKS]
#FINAL-04-21#