000
CXUS55 KBOU 240150
CF6DEN
PRELIMINARY LOCAL CLIMATOLOGICAL DATA (WS FORM: F-6)
STATION: DENVER CO
MONTH: SEPTEMBER
YEAR: 2020
LATITUDE: 39 52 N
LONGITUDE: 104 40 W
TEMPERATURE IN F: :PCPN: SNOW: WIND :SUNSHINE: SKY :PK WND
================================================================================
1 2 3 4 5 6A 6B 7 8 9 10 11 12 13 14 15 16 17 18
12Z AVG MX 2MIN
DY MAX MIN AVG DEP HDD CDD WTR SNW DPTH SPD SPD DIR MIN PSBL S-S WX SPD DR
================================================================================
1 80 51 66 -3 0 1 0.00 0.0 0 6.1 16 220 M M 3 21 210
2 92 52 72 3 0 7 0.00 0.0 0 6.7 13 270 M M 1 16 230
3 89 56 73 5 0 8 0.00 0.0 0 10.5 24 20 M M 4 32 10
4 91 58 75 7 0 10 0.00 0.0 0 8.2 16 70 M M 1 21 60
5 101 61 81 13 0 16 0.00 0.0 0 8.5 17 190 M M 2 31 200
6 97 67 82 15 0 17 0.00 0.0 0 10.2 16 40 M M 5 8 22 20
7 93 43 68 1 0 3 0.15 0.0 0 13.5 33 10 M M 4 138 41 20
8 43 31 37 -30 28 0 0.72 1.0 0 15.0 26 350 M M 10 12 35 350
9 42 31 37 -29 28 0 0.02 T 1 6.3 13 100 M M 10 1 16 110
10 54 35 45 -21 20 0 0.01 0.0 0 6.0 14 360 M M 9 1 19 330
11 70 37 54 -11 11 0 0.00 0.0 0 8.3 23 290 M M 5 18 34 300
12 81 47 64 -1 1 0 0.00 0.0 0 9.3 18 20 M M 1 8 25 10
13 86 51 69 4 0 4 0.00 0.0 0 8.1 16 180 M M 1 21 180
14 89 53 71 7 0 6 0.00 0.0 0 8.7 23 190 M M 2 34 200
15 89 58 74 10 0 9 0.00 0.0 0 8.7 16 40 M M 1 20 30
16 75 54 65 2 0 0 0.00 0.0 0 8.3 15 170 M M 0 8 19 170
17 86 51 69 6 0 4 0.00 0.0 0 8.3 15 40 M M 0 8 20 20
18 86 51 69 7 0 4 0.00 0.0 0 8.0 18 120 M M 4 8 26 70
19 90 57 74 12 0 9 0.00 0.0 0 6.1 16 220 M M 6 21 220
20 86 53 70 8 0 5 T M M 7.4 26 300 M M 6 8 37 320
21 88 51 70 9 0 5 0.00 0.0 0 8.5 13 220 M M 3 22 110
22 87 56 72 11 0 7 0.00 M M 8.1 24 350 M M 5 3 34 330
23 86 57 72 12 0 7 0.00 0.0 0 6.9 18 40 M M 5 24 40
24 91 59 75 15 0 10 0.00 0.0 0 9.4 17 180 M M 3 22 180
25 87 61 74 15 0 9 0.00 M M 8.7 16 100 M M 5 21 100
26 88 54 71 12 0 6 0.00 0.0 M 10.3 24 50 M M 8 8 33 50
27 56 42 49 -10 16 0 0.03 0.0 0 10.7 24 20 M M 8 36 30
28 62 37 50 -8 15 0 0.00 0.0 0 8.3 21 350 M M 3 28 360
29 81 48 65 7 0 0 0.00 0.0 0 9.5 16 220 M M 2 22 210
30 74 44 59 2 6 0 0.00 0.0 0 8.6 18 20 M M 4 23 20
================================================================================
SM 2420 1506 125 147 0.93 1.0 261.2 M 121
================================================================================
AV 80.7 50.2 8.7 FASTST M M 4 MAX(MPH)
MISC ----> 33 10 41 20
================================================================================
NOTES:
# LAST OF SEVERAL OCCURRENCES
COLUMN 17 PEAK WIND IN M.P.H.
PRELIMINARY LOCAL CLIMATOLOGICAL DATA (WS FORM: F-6) , PAGE 2
STATION: DENVER CO
MONTH: SEPTEMBER
YEAR: 2020
LATITUDE: 39 52 N
LONGITUDE: 104 40 W
[TEMPERATURE DATA] [PRECIPITATION DATA] SYMBOLS USED IN COLUMN 16
AVERAGE MONTHLY: 65.4 TOTAL FOR MONTH: 0.93 1 = FOG OR MIST
DPTR FM NORMAL: 2.0 DPTR FM NORMAL: -0.03 2 = FOG REDUCING VISIBILITY
HIGHEST: 101 ON 5 GRTST 24HR 0.83 ON 7- 8 TO 1/4 MILE OR LESS
LOWEST: 31 ON 9, 8 3 = THUNDER
SNOW, ICE PELLETS, HAIL 4 = ICE PELLETS
TOTAL MONTH: 1.0 INCH 5 = HAIL
GRTST 24HR 1.0 ON 8- 8 6 = FREEZING RAIN OR DRIZZLE
GRTST DEPTH: 1 ON 9 7 = DUSTSTORM OR SANDSTORM:
VSBY 1/2 MILE OR LESS
8 = SMOKE OR HAZE
[NO. OF DAYS WITH] [WEATHER - DAYS WITH] 9 = BLOWING SNOW
X = TORNADO
MAX 32 OR BELOW: 0 0.01 INCH OR MORE: 5
MAX 90 OR ABOVE: 7 0.10 INCH OR MORE: 2
MIN 32 OR BELOW: 2 0.50 INCH OR MORE: 1
MIN 0 OR BELOW: 0 1.00 INCH OR MORE: 0
[HDD (BASE 65) ]
TOTAL THIS MO. 125 CLEAR (SCALE 0-3) 14
DPTR FM NORMAL 0 PTCLDY (SCALE 4-7) 11
TOTAL FM JUL 1 126 CLOUDY (SCALE 8-10) 5
DPTR FM NORMAL -13
[CDD (BASE 65) ]
TOTAL THIS MO. 147
DPTR FM NORMAL 71 [PRESSURE DATA]
TOTAL FM JAN 1 1145 HIGHEST SLP 30.45 ON 9
DPTR FM NORMAL 381 LOWEST SLP 29.48 ON 7
[REMARKS]
#FINAL-09-20#