777
CXUS55 KBOU 011311
CF6DEN
PRELIMINARY LOCAL CLIMATOLOGICAL DATA (WS FORM: F-6)
STATION: DENVER CO
MONTH: JULY
YEAR: 2020
LATITUDE: 39 52 N
LONGITUDE: 104 40 W
TEMPERATURE IN F: :PCPN: SNOW: WIND :SUNSHINE: SKY :PK WND
================================================================================
1 2 3 4 5 6A 6B 7 8 9 10 11 12 13 14 15 16 17 18
12Z AVG MX 2MIN
DY MAX MIN AVG DEP HDD CDD WTR SNW DPTH SPD SPD DIR MIN PSBL S-S WX SPD DR
================================================================================
1 88 52 70 -2 0 5 0.00 0.0 0 14.5 25 150 M M 2 36 150
2 97 59 78 6 0 13 0.00 0.0 0 14.8 32 150 M M 3 43 140
3 94 62 78 6 0 13 0.00 0.0 0 13.8 32 210 M M 5 3 41 210
4 93 61 77 4 0 12 0.07 0.0 0 10.0 30 180 M M 7 13 40 180
5 92 59 76 3 0 11 0.00 0.0 0 10.7 22 220 M M 4 34 220
6 97 55 76 3 0 11 0.00 0.0 0 11.4 25 200 M M 3 33 200
7 99 67 83 10 0 18 0.00 0.0 0 15.8 30 190 M M 5 40 190
8 98 56 77 3 0 12 0.00 0.0 0 7.9 22 80 M M 4 28 20
9 95 62 79 5 0 14 0.03 0.0 0 11.4 25 140 M M 5 35 36 330
10 99 62 81 7 0 16 0.00 0.0 0 7.6 18 170 M M 3 25 170
11 95 65 80 6 0 15 0.00 0.0 0 11.4 21 30 M M 3 28 20
12 97 66 82 8 0 17 0.00 0.0 0 12.4 28 260 M M 4 40 360
13 98 66 82 8 0 17 0.15 0.0 0 11.8 37 40 M M 7 3 49 30
14 80 60 70 -4 0 5 0.04 0.0 0 10.7 28 160 M M 7 13 37 160
15 79 60 70 -4 0 5 0.00 0.0 0 11.9 30 190 M M 7 128 40 180
16 96 58 77 2 0 12 0.00 0.0 0 13.6 32 200 M M 5 42 210
17 98 64 81 6 0 16 T 0.0 0 10.7 26 250 M M 5 33 240
18 99 66 83 8 0 18 0.00 0.0 0 10.6 38 350 M M 6 57 350
19 92 59 76 1 0 11 0.00 0.0 0 12.5 36 170 M M 6 47 170
20 93 63 78 3 0 13 0.00 0.0 0 10.8 24 40 M M 4 30 50
21 92 58 75 0 0 10 0.00 0.0 0 10.8 30 200 M M 4 38 210
22 97 59 78 3 0 13 T 0.0 0 9.4 35 170 M M 6 3 46 200
23 93 65 79 4 0 14 0.00 0.0 0 7.2 22 290 M M 7 28 280
24 92 66 79 4 0 14 0.27 0.0 0 9.9 38 240 M M 7 13 54 250
25 89 62 76 1 0 11 0.24 0.0 0 10.5 26 220 M M 7 35 230
26 83 61 72 -3 0 7 T 0.0 0 8.0 22 30 M M 7 30 30
27 87 56 72 -3 0 7 0.00 0.0 0 9.1 24 150 M M 5 1 32 110
28 88 61 75 0 0 10 0.03 0.0 0 9.3 40 270 M M 6 3 54 270
29 93 61 77 2 0 12 0.00 0.0 0 12.1 26 20 M M 4 34 10
30 80 58 69 -6 0 4 0.01 0.0 0 8.3 22 20 M M 4 31 20
31 90 53 72 -3 0 7 0.11 0.0 0 7.5 20 50 M M 3 3 29 300
================================================================================
SM 2863 1882 0 363 0.95 0.0 336.4 M 155
================================================================================
AV 92.4 60.7 10.9 FASTST M M 5 MAX(MPH)
MISC ----> # 40 270 # 57 350
================================================================================
NOTES:
# LAST OF SEVERAL OCCURRENCES
COLUMN 17 PEAK WIND IN M.P.H.
PRELIMINARY LOCAL CLIMATOLOGICAL DATA (WS FORM: F-6) , PAGE 2
STATION: DENVER CO
MONTH: JULY
YEAR: 2020
LATITUDE: 39 52 N
LONGITUDE: 104 40 W
[TEMPERATURE DATA] [PRECIPITATION DATA] SYMBOLS USED IN COLUMN 16
AVERAGE MONTHLY: 76.5 TOTAL FOR MONTH: 0.95 1 = FOG OR MIST
DPTR FM NORMAL: 2.3 DPTR FM NORMAL: -1.21 2 = FOG REDUCING VISIBILITY
HIGHEST: 99 ON 18,10 GRTST 24HR 0.27 ON 24-24 TO 1/4 MILE OR LESS
LOWEST: 52 ON 1 3 = THUNDER
SNOW, ICE PELLETS, HAIL 4 = ICE PELLETS
TOTAL MONTH: 0.0 INCH 5 = HAIL
GRTST 24HR 0.0 6 = FREEZING RAIN OR DRIZZLE
GRTST DEPTH: 0 7 = DUSTSTORM OR SANDSTORM:
VSBY 1/2 MILE OR LESS
8 = SMOKE OR HAZE
[NO. OF DAYS WITH] [WEATHER - DAYS WITH] 9 = BLOWING SNOW
X = TORNADO
MAX 32 OR BELOW: 0 0.01 INCH OR MORE: 9
MAX 90 OR ABOVE: 23 0.10 INCH OR MORE: 4
MIN 32 OR BELOW: 0 0.50 INCH OR MORE: 0
MIN 0 OR BELOW: 0 1.00 INCH OR MORE: 0
[HDD (BASE 65) ]
TOTAL THIS MO. 0 CLEAR (SCALE 0-3) 5
DPTR FM NORMAL -6 PTCLDY (SCALE 4-7) 26
TOTAL FM JUL 1 0 CLOUDY (SCALE 8-10) 0
DPTR FM NORMAL -6
[CDD (BASE 65) ]
TOTAL THIS MO. 363
DPTR FM NORMAL 74 [PRESSURE DATA]
TOTAL FM JAN 1 618 HIGHEST SLP M ON M
DPTR FM NORMAL 174 LOWEST SLP 29.58 ON 7
[REMARKS]
#FINAL-07-20#