000
CXUS54 KSHV 011400
CF6DEQ
PRELIMINARY LOCAL CLIMATOLOGICAL DATA (WS FORM: F-6)
STATION: DE QUEEN
MONTH: DECEMBER
YEAR: 2022
LATITUDE: 34 2 N
LONGITUDE: 94 24 W
TEMPERATURE IN F: :PCPN: SNOW: WIND :SUNSHINE: SKY :PK WND
================================================================================
1 2 3 4 5 6A 6B 7 8 9 10 11 12 13 14 15 16 17 18
12Z AVG MX 2MIN
DY MAX MIN AVG DEP HDD CDD WTR SNW DPTH SPD SPD DIR MIN PSBL S-S WX SPD DR
================================================================================
1 52 29 41 -7 24 0 T 0.0 0 4.1 15 130 M M 2 23 110
2 57 45 51 3 14 0 0.19 0.0 0 3.8 8 80 M M 8 1 11 80
3 64 38 51 3 14 0 T 0.0 0 3.6 14 20 M M 2 1 21 10
4 47 38 43 -4 22 0 0.01 0.0 0 3.9 12 100 M M 6 18 17 110
5 55 43 49 2 16 0 0.06 0.0 0 3.5 7 90 M M 9 12 9 80
6 73 55 64 17 1 0 0.02 0.0 0 1.1 6 220 M M 5 12 8 230
7 73 62 68 21 0 3 0.26 0.0 0 1.0 8 190 M M 10 123 11 200
8 67 63 65 19 0 0 0.15 0.0 0 1.6 15 330 M M 10 12 23 340
9 70 57 64 18 1 0 T 0.0 0 2.4 8 120 M M 8 12 12 130
10 71 61 66 20 0 1 1.28 0.0 0 4.2 16 310 M M 8 123 23 310
11 M M M M M M 0.01 0.0 0 M M M M M M M M
12 71 52 62 16 3 0 0.01 0.0 0 7.6 16 90 M M 10 138 23 300
13 65 52 59 14 6 0 0.34 0.0 0 5.2 16 160 M M 9 123 23 150
14 57 35 46 1 19 0 0.09 0.0 0 5.5 21 260 M M 3 12 28 260
15 52 31 42 -3 23 0 0.00 0.0 0 5.8 17 260 M M 0 12 24 250
16 46 28 37 -8 28 0 0.00 0.0 0 3.2 15 280 M M 5 12 20 280
17 49 26 38 -7 27 0 0.00 0.0 0 4.9 20 280 M M 0 29 270
18 54 24 39 -5 26 0 0.00 0.0 0 1.6 8 120 M M 0 1 11 110
19 49 39 44 0 21 0 T 0.0 0 6.2 13 190 M M 10 19 100
20 56 32 44 0 21 0 0.00 0.0 0 3.4 14 40 M M 5 20 10
21 52 28 40 -4 25 0 0.00 0.0 0 1.2 10 110 M M 2 1 15 100
22 45 7 26 -18 39 0 0.02 T 0 8.1 23 340 M M 7 18 37 330
23 24 6 15 -29 50 0 0.00 0.0 0 10.3 17 290 M M 0 26 280
24 39 14 27 -17 38 0 0.00 0.0 0 5.4 12 310 M M 0 16 330
25 45 17 31 -13 34 0 0.00 0.0 0 1.2 9 240 M M 0 14 240
26 54 27 41 -3 24 0 0.00 0.0 0 4.3 16 330 M M 2 24 340
27 45 21 33 -10 32 0 0.00 0.0 0 2.8 10 180 M M 0 15 120
28 69 25 47 4 18 0 0.00 0.0 0 5.9 21 200 M M 2 33 190
29 75 60 68 25 0 3 0.65 0.0 0 4.7 14 240 M M 7 13 19 240
30 65 50 58 15 7 0 0.06 0.0 0 1.7 9 110 M M 6 12 14 120
31 67 48 58 15 7 0 0.00 0.0 0 2.8 10 190 M M 3 12 15 220
================================================================================
SM 1708 1113 540 7 3.15 T 121.0 M 139
================================================================================
AV 56.9 37.1 4.0 FASTST M M 5 MAX(MPH)
MISC ----> 23 340 37 330
================================================================================
NOTES:
# LAST OF SEVERAL OCCURRENCES
COLUMN 17 PEAK WIND IN M.P.H.
PRELIMINARY LOCAL CLIMATOLOGICAL DATA (WS FORM: F-6) , PAGE 2
STATION: DE QUEEN
MONTH: DECEMBER
YEAR: 2022
LATITUDE: 34 2 N
LONGITUDE: 94 24 W
[TEMPERATURE DATA] [PRECIPITATION DATA] SYMBOLS USED IN COLUMN 16
AVERAGE MONTHLY: 47.0 TOTAL FOR MONTH: 3.15 1 = FOG OR MIST
DPTR FM NORMAL: 1.9 DPTR FM NORMAL: -1.02 2 = FOG REDUCING VISIBILITY
HIGHEST: 75 ON 29 GRTST 24HR 1.28 ON 10-10 TO 1/4 MILE OR LESS
LOWEST: 6 ON 23 3 = THUNDER
SNOW, ICE PELLETS, HAIL 4 = ICE PELLETS
TOTAL MONTH: T 5 = HAIL
GRTST 24HR T ON 22-22 6 = FREEZING RAIN OR DRIZZLE
GRTST DEPTH: 0 7 = DUSTSTORM OR SANDSTORM:
VSBY 1/2 MILE OR LESS
8 = SMOKE OR HAZE
[NO. OF DAYS WITH] [WEATHER - DAYS WITH] 9 = BLOWING SNOW
X = TORNADO
MAX 32 OR BELOW: 1 0.01 INCH OR MORE: 14
MAX 90 OR ABOVE: 0 0.10 INCH OR MORE: 6
MIN 32 OR BELOW: 14 0.50 INCH OR MORE: 2
MIN 0 OR BELOW: 0 1.00 INCH OR MORE: 1
[HDD (BASE 65) ]
TOTAL THIS MO. 540 CLEAR (SCALE 0-3) 13
DPTR FM NORMAL -79 PTCLDY (SCALE 4-7) 10
TOTAL FM JUL 1 1028 CLOUDY (SCALE 8-10) 8
DPTR FM NORMAL -103
[CDD (BASE 65) ]
TOTAL THIS MO. 7
DPTR FM NORMAL 5 [PRESSURE DATA]
TOTAL FM JAN 1 2546 HIGHEST SLP 30.72 ON 23
DPTR FM NORMAL 417 LOWEST SLP 29.61 ON 13
[REMARKS]
#FINAL-12-22#