000
CXUS53 KIWX 010800
CF6DFI
PRELIMINARY LOCAL CLIMATOLOGICAL DATA (WS FORM: F-6)
STATION: DEFIANCE MEMORIAL
MONTH: APRIL
YEAR: 2020
LATITUDE: 41 20 N
LONGITUDE: 84 26 W
TEMPERATURE IN F: :PCPN: SNOW: WIND :SUNSHINE: SKY :PK WND
================================================================================
1 2 3 4 5 6A 6B 7 8 9 10 11 12 13 14 15 16 17 18
12Z AVG MX 2MIN
DY MAX MIN AVG DEP HDD CDD WTR SNW DPTH SPD SPD DIR MIN PSBL S-S WX SPD DR
================================================================================
1 51 42 47 3 18 0 0.03 0.0 0 6.5 13 340 M M 10 1 19 340
2 62 34 48 4 17 0 0.00 0.0 M 3.9 15 320 M M 0 1 22 300
3 67 38 53 9 12 0 0.00 0.0 M 3.5 13 90 M M 1 17 60
4 65 40 53 8 12 0 T M 0 6.6 18 310 M M 8 26 300
5 58 43 51 6 14 0 0.00 0.0 0 6.8 13 10 M M 6 18 17 20
6 64 33 49 3 16 0 T M M 4.2 12 170 M M 5 128 20 180
7 76 48 62 16 3 0 0.43 M 0 8.5 29 320 M M 6 13 44 330
8 73 52 63 17 2 0 0.07 0.0 0 6.6 32 300 M M 2 138 47 300
9 53 37 45 -2 20 0 T M 0 13.6 31 310 M M 5 46 290
10 46 33 40 -7 25 0 T M 0 10.4 23 320 M M 5 32 300
11 60 29 45 -2 20 0 0.00 M 0 6.7 16 200 M M 5 25 200
12 67 46 57 9 8 0 0.18 M 0 8.2 22 170 M M 10 1 34 210
13 55 35 45 -3 20 0 0.02 M 0 11.3 25 290 M M 7 1 47 270
14 44 28 36 -13 29 0 0.00 M M 7.0 18 250 M M 2 35 260
15 42 26 34 -15 31 0 0.03 M M 6.2 20 300 M M 4 18 27 300
16 46 25 36 -13 29 0 T M M 6.3 21 300 M M 3 29 310
17 40 32 36 -14 29 0 0.26 M M 6.5 15 80 M M 9 12 25 90
18 55 29 42 -8 23 0 0.00 M M 8.8 17 230 M M 2 18 29 230
19 63 41 52 2 13 0 0.00 M M 10.5 18 300 M M 1 28 220
20 61 30 46 -5 19 0 0.05 M M 8.5 26 300 M M 2 41 290
21 51 31 41 -10 24 0 0.07 M 0 15.7 28 300 M M 4 38 300
22 46 27 37 -15 28 0 0.05 M 0 6.1 16 110 M M 8 21 110
23 59 38 49 -3 16 0 T 0.0 0 7.2 14 50 M M 8 21 40
24 63 41 52 0 13 0 0.00 0.0 0 5.2 13 30 M M 10 18 18 40
25 52 46 49 -4 16 0 0.01 M 0 11.0 21 40 M M 10 31 50
26 65 43 54 1 11 0 0.01 M 0 13.8 26 20 M M 3 39 50
27 66 33 50 -3 15 0 0.02 M 0 6.4 18 230 M M 2 1 28 220
28 73 50 62 8 3 0 0.11 0.0 0 6.5 17 180 M M 8 25 170
29 67 53 60 6 5 0 0.05 0.0 0 11.7 24 200 M M 6 38 180
30 53 43 48 -6 17 0 0.05 0.0 0 8.7 17 320 M M 10 18 24 340
================================================================================
SM 1743 1126 508 0 1.44 0.0 242.9 M 162
================================================================================
AV 58.1 37.5 8.1 FASTST M M 5 MAX(MPH)
MISC ----> # 32 300 # 47 300
================================================================================
NOTES:
# LAST OF SEVERAL OCCURRENCES
COLUMN 17 PEAK WIND IN M.P.H.
PRELIMINARY LOCAL CLIMATOLOGICAL DATA (WS FORM: F-6) , PAGE 2
STATION: DEFIANCE MEMORIAL
MONTH: APRIL
YEAR: 2020
LATITUDE: 41 20 N
LONGITUDE: 84 26 W
[TEMPERATURE DATA] [PRECIPITATION DATA] SYMBOLS USED IN COLUMN 16
AVERAGE MONTHLY: 47.8 TOTAL FOR MONTH: 1.44 1 = FOG OR MIST
DPTR FM NORMAL: -1.3 DPTR FM NORMAL: -1.42 2 = FOG REDUCING VISIBILITY
HIGHEST: 76 ON 7 GRTST 24HR 0.43 ON 7- 7 TO 1/4 MILE OR LESS
LOWEST: 25 ON 16 3 = THUNDER
SNOW, ICE PELLETS, HAIL 4 = ICE PELLETS
TOTAL MONTH: 0.0 INCH 5 = HAIL
GRTST 24HR 0.0 6 = FREEZING RAIN OR DRIZZLE
GRTST DEPTH: 0 7 = DUSTSTORM OR SANDSTORM:
VSBY 1/2 MILE OR LESS
8 = SMOKE OR HAZE
[NO. OF DAYS WITH] [WEATHER - DAYS WITH] 9 = BLOWING SNOW
X = TORNADO
MAX 32 OR BELOW: 0 0.01 INCH OR MORE: 16
MAX 90 OR ABOVE: 0 0.10 INCH OR MORE: 4
MIN 32 OR BELOW: 9 0.50 INCH OR MORE: 0
MIN 0 OR BELOW: 0 1.00 INCH OR MORE: 0
[HDD (BASE 65) ]
TOTAL THIS MO. 508 CLEAR (SCALE 0-3) 8
DPTR FM NORMAL 25 PTCLDY (SCALE 4-7) 15
TOTAL FM JUL 1 5207 CLOUDY (SCALE 8-10) 7
DPTR FM NORMAL -775
[CDD (BASE 65) ]
TOTAL THIS MO. 0
DPTR FM NORMAL -6 [PRESSURE DATA]
TOTAL FM JAN 1 0 HIGHEST SLP 30.32 ON 16
DPTR FM NORMAL -6 LOWEST SLP 29.31 ON 13
[REMARKS]
#FINAL-04-20#