000
CXUS53 KIWX 010810
CF6DFI
PRELIMINARY LOCAL CLIMATOLOGICAL DATA (WS FORM: F-6)
STATION: DEFIANCE MEMORIAL
MONTH: SEPTEMBER
YEAR: 2023
LATITUDE: 41 20 N
LONGITUDE: 84 26 W
TEMPERATURE IN F: :PCPN: SNOW: WIND :SUNSHINE: SKY :PK WND
================================================================================
1 2 3 4 5 6A 6B 7 8 9 10 11 12 13 14 15 16 17 18
12Z AVG MX 2MIN
DY MAX MIN AVG DEP HDD CDD WTR SNW DPTH SPD SPD DIR MIN PSBL S-S WX SPD DR
================================================================================
1 82 47 65 -3 0 0 0.00 M M 2.5 12 30 M M 0 1 15 90
2 86 52 69 1 0 4 0.00 M M 4.4 14 210 M M 0 1 22 220
3 90 67 79 11 0 14 0.00 M M 6.5 16 230 M M 0 1 27 280
4 90 66 78 10 0 13 0.00 M M 5.7 16 200 M M 1 24 200
5 93 67 80 12 0 15 0.00 M M 5.1 16 200 M M 1 1 25 230
6 85 68 77 10 0 12 0.46 M M 7.4 16 220 M M 6 13 25 210
7 74 62 68 1 0 3 0.02 0.0 0 6.1 13 290 M M 9 18 20 300
8 69 61 65 -2 0 0 0.00 0.0 0 5.9 10 30 M M 10 18 15 50
9 69 59 64 -2 1 0 0.00 M M 5.1 9 20 M M 10 12 10
10 76 57 67 1 0 2 0.00 M M 1.6 9 20 M M 6 15 360
11 77 51 64 -2 1 0 0.01 M M 1.6 9 360 M M 4 1 13 180
12 74 55 65 0 0 0 0.13 M M 6.2 16 310 M M 7 1 21 300
13 72 50 61 -4 4 0 T M M 2.5 12 320 M M 3 15 310
14 74 43 59 -6 6 0 0.00 0.0 0 3.4 10 70 M M 3 1 19 40
15 75 45 60 -4 5 0 0.00 0.0 0 2.6 12 110 M M 0 1 15 90
16 75 44 60 -4 5 0 0.00 0.0 0 1.7 9 310 M M 1 12 12 320
17 75 49 62 -2 3 0 0.00 0.0 0 3.3 12 350 M M 2 1 16 20
18 71 47 59 -4 6 0 0.00 0.0 0 5.1 15 330 M M 5 27 320
19 71 43 57 -6 8 0 T 0.0 0 1.4 8 210 M M 4 1 11 230
20 83 58 71 9 0 6 0.01 0.0 0 2.9 6 120 M M 8 M M
21 83 53 68 6 0 3 0.00 M M 3.4 10 140 M M 0 1 16 100
22 83 57 70 8 0 5 0.00 M M 5.7 16 90 M M 0 1 24 80
23 76 49 63 2 2 0 0.00 M M 7.1 18 90 M M 0 1 25 70
24 81 50 66 5 0 1 0.00 M M 6.4 14 20 M M 0 22 40
25 70 60 65 5 0 0 0.01 0.0 0 5.2 15 80 M M 10 18 18 80
26 76 63 70 10 0 5 T M M 6.1 17 110 M M 9 1 23 120
27 67 59 63 3 2 0 0.40 M M 6.8 13 100 M M 9 1 19 70
28 70 59 65 6 0 0 0.00 M M 5.6 12 80 M M 10 1 15 40
29 75 57 66 7 0 1 0.00 M M 3.0 9 70 M M 8 18 15 70
30 79 54 67 9 0 2 0.00 M M 2.8 13 100 M M 5 12 16 100
================================================================================
SM 2321 1652 43 86 1.04 0.0 133.1 M 131
================================================================================
AV 77.4 55.1 4.4 FASTST M M 4 MAX(MPH)
MISC ----> 18 90 # 27 280
================================================================================
NOTES:
# LAST OF SEVERAL OCCURRENCES
COLUMN 17 PEAK WIND IN M.P.H.
PRELIMINARY LOCAL CLIMATOLOGICAL DATA (WS FORM: F-6) , PAGE 2
STATION: DEFIANCE MEMORIAL
MONTH: SEPTEMBER
YEAR: 2023
LATITUDE: 41 20 N
LONGITUDE: 84 26 W
[TEMPERATURE DATA] [PRECIPITATION DATA] SYMBOLS USED IN COLUMN 16
AVERAGE MONTHLY: 66.2 TOTAL FOR MONTH: 1.04 1 = FOG OR MIST
DPTR FM NORMAL: 2.3 DPTR FM NORMAL: -1.63 2 = FOG REDUCING VISIBILITY
HIGHEST: 93 ON 5 GRTST 24HR 0.47 ON 6- 7 TO 1/4 MILE OR LESS
LOWEST: 43 ON 19,14 3 = THUNDER
SNOW, ICE PELLETS, HAIL 4 = ICE PELLETS
TOTAL MONTH: 0.0 INCH 5 = HAIL
GRTST 24HR 0.0 6 = FREEZING RAIN OR DRIZZLE
GRTST DEPTH: 0 7 = DUSTSTORM OR SANDSTORM:
VSBY 1/2 MILE OR LESS
8 = SMOKE OR HAZE
[NO. OF DAYS WITH] [WEATHER - DAYS WITH] 9 = BLOWING SNOW
X = TORNADO
MAX 32 OR BELOW: 0 0.01 INCH OR MORE: 7
MAX 90 OR ABOVE: 3 0.10 INCH OR MORE: 3
MIN 32 OR BELOW: 0 0.50 INCH OR MORE: 0
MIN 0 OR BELOW: 0 1.00 INCH OR MORE: 0
[HDD (BASE 65) ]
TOTAL THIS MO. 43 CLEAR (SCALE 0-3) 14
DPTR FM NORMAL -65 PTCLDY (SCALE 4-7) 8
TOTAL FM JUL 1 50 CLOUDY (SCALE 8-10) 8
DPTR FM NORMAL -73
[CDD (BASE 65) ]
TOTAL THIS MO. 86
DPTR FM NORMAL 11 [PRESSURE DATA]
TOTAL FM JAN 1 695 HIGHEST SLP 30.30 ON 30
DPTR FM NORMAL -41 LOWEST SLP 29.74 ON 6
[REMARKS]
#FINAL-09-23#