000
CXUS52 KTAE 010800
CF6DHN
PRELIMINARY LOCAL CLIMATOLOGICAL DATA (WS FORM: F-6)
STATION: DOTHAN
MONTH: SEPTEMBER
YEAR: 2022
LATITUDE: 31 19 N
LONGITUDE: 85 27 W
TEMPERATURE IN F: :PCPN: SNOW: WIND :SUNSHINE: SKY :PK WND
================================================================================
1 2 3 4 5 6A 6B 7 8 9 10 11 12 13 14 15 16 17 18
12Z AVG MX 2MIN
DY MAX MIN AVG DEP HDD CDD WTR SNW DPTH SPD SPD DIR MIN PSBL S-S WX SPD DR
================================================================================
1 92 73 83 3 0 18 0.04 0.0 0 4.1 20 130 M M 3 13 26 140
2 89 72 81 1 0 16 0.00 0.0 0 6.1 20 160 M M 4 1 27 150
3 89 74 82 2 0 17 0.01 0.0 0 4.9 17 190 M M 6 13 22 170
4 90 73 82 2 0 17 0.00 0.0 M 4.6 14 170 M M 4 12 18 160
5 91 73 82 2 0 17 0.04 0.0 0 4.8 20 360 M M 4 138 26 350
6 91 72 82 2 0 17 0.00 0.0 0 4.3 13 280 M M 1 16 300
7 88 74 81 1 0 16 T 0.0 M 5.1 10 300 M M 0 1 13 300
8 90 71 81 2 0 16 0.00 M M 4.9 18 10 M M 2 3 23 360
9 80 71 76 -3 0 11 0.03 0.0 0 5.9 14 60 M M 7 1 19 50
10 82 73 78 -1 0 13 0.21 0.0 0 6.9 15 150 M M 8 1 19 120
11 85 72 79 0 0 14 0.04 0.0 0 5.3 12 180 M M 4 1 14 180
12 86 70 78 -1 0 13 0.95 0.0 0 2.9 26 300 M M 5 1238 32 310
13 84 60 72 -7 0 7 0.00 0.0 0 5.4 12 340 M M 0 14 10
14 88 57 73 -5 0 8 0.00 0.0 0 4.7 12 60 M M 0 17 40
15 88 61 75 -3 0 10 0.00 0.0 0 5.8 13 70 M M 1 17 30
16 88 62 75 -3 0 10 0.00 M M 5.5 12 40 M M 1 18 40
17 90 67 79 1 0 14 0.00 M M 6.0 13 60 M M 3 17 40
18 91 65 78 0 0 13 0.00 0.0 0 5.3 17 350 M M 0 23 350
19 93 66 80 3 0 15 0.00 0.0 0 5.4 16 10 M M 1 23 10
20 94 64 79 2 0 14 0.00 0.0 M 4.9 15 360 M M 1 8 20 20
21 96 70 83 6 0 18 0.00 0.0 0 3.0 10 40 M M 1 1 17 50
22 97 66 82 5 0 17 0.00 0.0 0 4.7 15 340 M M 0 20 330
23 88 65 77 1 0 12 0.00 0.0 0 7.2 14 80 M M 0 20 80
24 88 62 75 -1 0 10 0.00 0.0 0 5.6 12 60 M M 0 15 40
25 93 59 76 0 0 11 0.00 0.0 0 2.9 9 340 M M 0 13 300
26 93 61 77 1 0 12 0.00 0.0 0 5.8 18 310 M M 1 1 23 320
27 86 57 72 -3 0 7 0.00 0.0 0 8.3 16 360 M M 0 28 320
28 80 57 69 -6 0 4 0.00 0.0 0 10.7 24 40 M M 0 32 50
29 78 54 66 -9 0 1 0.00 0.0 0 11.1 21 40 M M 5 31 50
30 82 58 70 -4 0 5 0.00 0.0 0 5.9 15 360 M M 6 22 30
================================================================================
SM 2650 1979 0 373 1.32 0.0 168.0 M 68
================================================================================
AV 88.3 66.0 5.6 FASTST M M 2 MAX(MPH)
MISC ----> 26 300 # 32 310
================================================================================
NOTES:
# LAST OF SEVERAL OCCURRENCES
COLUMN 17 PEAK WIND IN M.P.H.
PRELIMINARY LOCAL CLIMATOLOGICAL DATA (WS FORM: F-6) , PAGE 2
STATION: DOTHAN
MONTH: SEPTEMBER
YEAR: 2022
LATITUDE: 31 19 N
LONGITUDE: 85 27 W
[TEMPERATURE DATA] [PRECIPITATION DATA] SYMBOLS USED IN COLUMN 16
AVERAGE MONTHLY: 77.2 TOTAL FOR MONTH: 1.32 1 = FOG OR MIST
DPTR FM NORMAL: -0.7 DPTR FM NORMAL: -1.95 2 = FOG REDUCING VISIBILITY
HIGHEST: 97 ON 22 GRTST 24HR 0.95 ON 12-12 TO 1/4 MILE OR LESS
LOWEST: 54 ON 29 3 = THUNDER
SNOW, ICE PELLETS, HAIL 4 = ICE PELLETS
TOTAL MONTH: 0.0 INCH 5 = HAIL
GRTST 24HR 0.0 6 = FREEZING RAIN OR DRIZZLE
GRTST DEPTH: 0 7 = DUSTSTORM OR SANDSTORM:
VSBY 1/2 MILE OR LESS
8 = SMOKE OR HAZE
[NO. OF DAYS WITH] [WEATHER - DAYS WITH] 9 = BLOWING SNOW
X = TORNADO
MAX 32 OR BELOW: 0 0.01 INCH OR MORE: 7
MAX 90 OR ABOVE: 13 0.10 INCH OR MORE: 2
MIN 32 OR BELOW: 0 0.50 INCH OR MORE: 1
MIN 0 OR BELOW: 0 1.00 INCH OR MORE: 0
[HDD (BASE 65) ]
TOTAL THIS MO. 0 CLEAR (SCALE 0-3) 20
DPTR FM NORMAL -1 PTCLDY (SCALE 4-7) 10
TOTAL FM JUL 1 0 CLOUDY (SCALE 8-10) 0
DPTR FM NORMAL 0
[CDD (BASE 65) ]
TOTAL THIS MO. 373
DPTR FM NORMAL -14 [PRESSURE DATA]
TOTAL FM JAN 1 2559 HIGHEST SLP M ON M
DPTR FM NORMAL 87 LOWEST SLP 29.74 ON 8
[REMARKS]
#FINAL-09-22#