000
CXUS54 KEPZ 011030
CF6DMN
PRELIMINARY LOCAL CLIMATOLOGICAL DATA (WS FORM: F-6)
STATION: DEMING
MONTH: SEPTEMBER
YEAR: 2020
LATITUDE: 32 15 N
LONGITUDE: 107 42 W
TEMPERATURE IN F: :PCPN: SNOW: WIND :SUNSHINE: SKY :PK WND
================================================================================
1 2 3 4 5 6A 6B 7 8 9 10 11 12 13 14 15 16 17 18
12Z AVG MX 2MIN
DY MAX MIN AVG DEP HDD CDD WTR SNW DPTH SPD SPD DIR MIN PSBL S-S WX SPD DR
================================================================================
1 M M M M M M 0.00 M M M M M M M 0 3 M M
2 M M M M M M M M M M M M M M 0 M M
3 M M M M M M M M M M M M M M 0 M M
4 99 M M M M M 0.00 M M 9.4 17 90 M M 0 29 80
5 96 63 80 4 0 15 0.00 M M 9.2 23 110 M M 0 37 120
6 95 64 80 5 0 15 0.00 M M 6.7 12 250 M M 0 21 180
7 101 62 82 7 0 17 0.00 M M 5.9 20 40 M M 0 27 10
8 95 71 83 8 0 18 0.00 M M 13.1 24 240 M M 1 35 250
9 76 50 63 -12 2 0 0.86 M M 18.1 32 50 M M 9 13 40 70
10 63 48 56 -18 9 0 0.00 M M 13.0 18 70 M M 7 31 80
11 75 52 64 -10 1 0 0.00 M M 6.7 17 70 M M 1 23 50
12 81 52 67 -7 0 2 0.00 M M 4.1 13 70 M M 0 19 30
13 84 52 68 -6 0 3 0.00 M M 7.7 18 110 M M 0 26 90
14 83 57 70 -4 0 5 0.00 M M 9.1 18 110 M M 2 27 120
15 84 52 68 -5 0 3 0.00 M M 4.0 13 30 M M 0 18 60
16 92 52 72 -1 0 7 0.00 M M 5.8 14 50 M M 0 21 90
17 88 61 75 2 0 10 0.00 M M 9.0 21 40 M M 0 30 50
18 85 57 71 -1 0 6 0.00 M M 7.9 17 80 M M 1 26 60
19 85 56 71 -1 0 6 0.00 M M 6.9 13 130 M M 0 21 110
20 88 55 72 0 0 7 0.00 M M 6.1 14 80 M M 0 20 90
21 89 56 73 2 0 8 0.00 M M 4.7 14 90 M M 0 20 80
22 92 51 72 1 0 7 0.00 M M 4.5 13 210 M M 0 19 210
23 92 54 73 2 0 8 0.00 M M 6.0 26 80 M M 1 8 35 60
24 95 53 74 4 0 9 0.00 M M 4.3 10 240 M M 0 17 50
25 97 55 76 6 0 11 0.00 M M 6.2 17 260 M M 0 26 270
26 96 61 79 9 0 14 0.00 M M 10.5 23 270 M M 0 31 280
27 94 61 78 9 0 13 0.00 M M 12.0 28 270 M M 0 37 280
28 76 57 67 -2 0 2 0.00 M M 13.7 25 70 M M 0 34 70
29 81 46 64 -4 1 0 0.00 M M 5.9 14 70 M M 0 20 60
30 91 43 67 -1 0 2 0.00 M M 3.2 10 80 M M 0 15 80
================================================================================
SM 2373 1441 13 188 0.86 M 213.7 M 22
================================================================================
AV 87.9 55.4 7.9 FASTST M M 1 MAX(MPH)
MISC ----> 32 50 40 70
================================================================================
NOTES:
# LAST OF SEVERAL OCCURRENCES
COLUMN 17 PEAK WIND IN M.P.H.
PRELIMINARY LOCAL CLIMATOLOGICAL DATA (WS FORM: F-6) , PAGE 2
STATION: DEMING
MONTH: SEPTEMBER
YEAR: 2020
LATITUDE: 32 15 N
LONGITUDE: 107 42 W
[TEMPERATURE DATA] [PRECIPITATION DATA] SYMBOLS USED IN COLUMN 16
AVERAGE MONTHLY: 71.7 TOTAL FOR MONTH: 0.86 1 = FOG OR MIST
DPTR FM NORMAL: -1.0 DPTR FM NORMAL: -0.44 2 = FOG REDUCING VISIBILITY
HIGHEST: 101 ON 7 GRTST 24HR 0.86 ON 9- 9 TO 1/4 MILE OR LESS
LOWEST: 43 ON 30 3 = THUNDER
SNOW, ICE PELLETS, HAIL 4 = ICE PELLETS
TOTAL MONTH: M 5 = HAIL
GRTST 24HR M ON M 6 = FREEZING RAIN OR DRIZZLE
GRTST DEPTH: M ON M 7 = DUSTSTORM OR SANDSTORM:
VSBY 1/2 MILE OR LESS
8 = SMOKE OR HAZE
[NO. OF DAYS WITH] [WEATHER - DAYS WITH] 9 = BLOWING SNOW
X = TORNADO
MAX 32 OR BELOW: 0 0.01 INCH OR MORE: 1
MAX 90 OR ABOVE: 13 0.10 INCH OR MORE: 1
MIN 32 OR BELOW: 0 0.50 INCH OR MORE: 1
MIN 0 OR BELOW: 0 1.00 INCH OR MORE: 0
[HDD (BASE 65) ]
TOTAL THIS MO. 13 CLEAR (SCALE 0-3) 28
DPTR FM NORMAL 8 PTCLDY (SCALE 4-7) 1
TOTAL FM JUL 1 13 CLOUDY (SCALE 8-10) 1
DPTR FM NORMAL 10
[CDD (BASE 65) ]
TOTAL THIS MO. 188
DPTR FM NORMAL -48 [PRESSURE DATA]
TOTAL FM JAN 1 1989 HIGHEST SLP 30.25 ON 29
DPTR FM NORMAL 323 LOWEST SLP 29.41 ON 8
[REMARKS]
#FINAL-09-20#