000
CXUS53 KEAX 031015
CLSDMO
CLIMATE REPORT
NATIONAL WEATHER SERVICE KANSAS CITY/PLEASANT HILL MO
409 AM CST FRI MAR 03 2023
...................................
...THE SEDALIA MO CLIMATE SUMMARY FOR THE SEASON, FROM
12/1/2022 TO 2/28/2023...
CLIMATE NORMAL PERIOD: 1991 TO 2020
CLIMATE RECORD PERIOD: 9999 TO 9999
WEATHER OBSERVED NORMAL DEPART LAST YEAR`S
VALUE DATE(S) VALUE FROM VALUE DATE(S)
NORMAL
................................................................
TEMPERATURE (F)
HIGHEST 71 12/29 70 1 77 12/15
02/28
LOWEST -6 12/22 -5 2 01/21
12/23
AVG. MAXIMUM 47.2 41.8 5.4 47.2
AVG. MINIMUM 28.2 24.0 4.2 25.5
MEAN 37.7 32.9 4.8 36.4
DAYS MAX >= 90 0 0.0 0.0 0
DAYS MAX <= 32 8 20.6 -12.6 16
DAYS MIN <= 32 52 67.7 -15.7 61
DAYS MIN <= 0 2 1.9 0.1 0
PRECIPITATION (INCHES)
TOTALS 6.01 4.88 1.13 2.61
DAILY AVG. 0.07 0.05 0.02 0.03
DAYS >= .01 17 19.3 -2.3 15
DAYS >= .10 10 10.2 -0.2 5
DAYS >= .50 6 2.9 3.1 1
DAYS >= 1.00 1 1.2 -0.2 0
GREATEST
24 HR. TOTAL 1.61
DEGREE DAYS
HEATING TOTAL 2447 2895 -448 2550
COOLING TOTAL 0 0 0 4
................................................................
WIND (MPH)
AVERAGE WIND SPEED 10.1
HIGHEST WIND SPEED/DIRECTION 38/150 DATE 02/26
HIGHEST GUST SPEED/DIRECTION 50/150 DATE 02/26
SKY COVER
POSSIBLE SUNSHINE (PERCENT) MM
AVERAGE SKY COVER 0.43
NUMBER OF DAYS FAIR 40
NUMBER OF DAYS PC 25
NUMBER OF DAYS CLOUDY 24
AVERAGE RH (PERCENT) 66
WEATHER CONDITIONS. NUMBER OF DAYS WITH
THUNDERSTORM 4 MIXED PRECIP 2
HEAVY RAIN 7 RAIN 10
LIGHT RAIN 22 FREEZING RAIN 2
LT FREEZING RAIN 4 HAIL 0
HEAVY SNOW 1 SNOW 1
LIGHT SNOW 16 SLEET 0
FOG 32 FOG W/VIS <= 1/4 MILE 6
HAZE 23
- INDICATES NEGATIVE NUMBERS.
R INDICATES RECORD WAS SET OR TIED.
MM INDICATES DATA IS MISSING.
T INDICATES TRACE AMOUNT.
$$