000
CXUS52 KCAE 011500
CF6DNL
PRELIMINARY LOCAL CLIMATOLOGICAL DATA (WS FORM: F-6)
STATION: AUGUSTA DANIEL FIELD GA
MONTH: NOVEMBER
YEAR: 2022
LATITUDE: 33 28 N
LONGITUDE: 82 2 W
TEMPERATURE IN F: :PCPN: SNOW: WIND :SUNSHINE: SKY :PK WND
================================================================================
1 2 3 4 5 6A 6B 7 8 9 10 11 12 13 14 15 16 17 18
12Z AVG MX 2MIN
DY MAX MIN AVG DEP HDD CDD WTR SNW DPTH SPD SPD DIR MIN PSBL S-S WX SPD DR
================================================================================
1 75 61 68 6 0 3 0.00 M M 4.2 10 340 M M 4 1 25 20
2 78 57 68 6 0 3 0.00 M M 6.6 13 10 M M 0 17 340
3 77 55 66 4 0 1 0.00 M M 5.7 13 40 M M 2 1 22 50
4 80 53 67 6 0 2 0.00 M M 6.3 13 100 M M 1 1 20 100
5 79 66 73 12 0 8 0.84 M M 4.7 17 200 M M 6 1 20 190
6 81 69 75 15 0 10 T M M 4.8 16 150 M M 6 1 24 150
7 84 67 76 16 0 11 0.00 M M 4.8 14 20 M M 3 19 10
8 78 59 69 9 0 4 0.00 M M 10.9 20 50 M M 0 25 30
9 69 50 60 0 5 0 0.00 M M 12.0 20 40 M M 6 27 50
10 72 59 66 7 0 1 0.26 M M 16.2 23 40 M M 10 1 34 40
11 72 66 69 10 0 4 0.52 M M 12.1 24 200 M M 10 1 34 180
12 77 56 67 8 0 2 T M M 5.7 15 290 M M 5 1 21 220
13 59 41 50 -8 15 0 0.00 M M 8.7 15 310 M M 1 22 320
14 57 34 46 -12 19 0 0.00 M M 9.5 14 40 M M 5 20 30
15 56 47 52 -6 13 0 0.03 M M 6.3 14 340 M M 10 1 21 330
16 57 47 52 -6 13 0 0.00 M M 6.3 12 300 M M 6 19 280
17 54 37 46 -11 19 0 0.00 M M 6.3 14 300 M M 0 21 320
18 56 31 44 -13 21 0 0.00 M M 3.0 10 320 M M 0 13 320
19 59 38 49 -8 16 0 0.00 M M 4.8 15 320 M M 0 20 320
20 50 38 44 -12 21 0 0.00 M M 4.6 14 330 M M 0 17 320
21 60 33 47 -9 18 0 0.00 M M 5.0 13 80 M M 0 22 30
22 62 43 53 -3 12 0 0.00 M M 4.4 12 350 M M 5 13 350
23 72 51 62 6 3 0 0.00 M M 5.5 10 90 M M 6 12 40
24 64 50 57 1 8 0 0.18 M M 7.0 12 30 M M 9 1 26 30
25 64 50 57 2 8 0 0.16 M M 4.7 14 350 M M 8 1 23 30
26 68 49 59 4 6 0 T M M 5.7 14 100 M M 3 1 17 100
27 77 58 68 13 0 3 0.26 M M 8.6 23 220 M M 5 12 36 220
28 68 50 59 5 6 0 0.00 M M 3.8 13 320 M M 0 8 20 240
29 69 44 57 3 8 0 0.00 M M 4.3 10 160 M M 1 17 60
30 68 48 58 4 7 0 0.89 M M 7.4 23 310 M M 6 13 34 310
================================================================================
SM 2042 1507 218 52 3.14 M 199.9 M 118
================================================================================
AV 68.1 50.2 6.7 FASTST M M 4 MAX(MPH)
MISC ----> 24 200 36 220
================================================================================
NOTES:
# LAST OF SEVERAL OCCURRENCES
COLUMN 17 PEAK WIND IN M.P.H.
PRELIMINARY LOCAL CLIMATOLOGICAL DATA (WS FORM: F-6) , PAGE 2
STATION: AUGUSTA DANIEL FIELD GA
MONTH: NOVEMBER
YEAR: 2022
LATITUDE: 33 28 N
LONGITUDE: 82 2 W
[TEMPERATURE DATA] [PRECIPITATION DATA] SYMBOLS USED IN COLUMN 16
AVERAGE MONTHLY: 59.2 TOTAL FOR MONTH: 3.14 1 = FOG OR MIST
DPTR FM NORMAL: 1.3 DPTR FM NORMAL: 0.39 2 = FOG REDUCING VISIBILITY
HIGHEST: 84 ON 7 GRTST 24HR 0.89 ON 30-30 TO 1/4 MILE OR LESS
LOWEST: 31 ON 18 3 = THUNDER
SNOW, ICE PELLETS, HAIL 4 = ICE PELLETS
TOTAL MONTH: M 5 = HAIL
GRTST 24HR M ON M 6 = FREEZING RAIN OR DRIZZLE
GRTST DEPTH: M ON M 7 = DUSTSTORM OR SANDSTORM:
VSBY 1/2 MILE OR LESS
8 = SMOKE OR HAZE
[NO. OF DAYS WITH] [WEATHER - DAYS WITH] 9 = BLOWING SNOW
X = TORNADO
MAX 32 OR BELOW: 0 0.01 INCH OR MORE: 8
MAX 90 OR ABOVE: 0 0.10 INCH OR MORE: 7
MIN 32 OR BELOW: 1 0.50 INCH OR MORE: 3
MIN 0 OR BELOW: 0 1.00 INCH OR MORE: 0
[HDD (BASE 65) ]
TOTAL THIS MO. 218 CLEAR (SCALE 0-3) 14
DPTR FM NORMAL -22 PTCLDY (SCALE 4-7) 12
TOTAL FM JUL 1 291 CLOUDY (SCALE 8-10) 4
DPTR FM NORMAL -7
[CDD (BASE 65) ]
TOTAL THIS MO. 52
DPTR FM NORMAL 27 [PRESSURE DATA]
TOTAL FM JAN 1 2702 HIGHEST SLP 30.47 ON 21
DPTR FM NORMAL 47 LOWEST SLP 29.61 ON 11
[REMARKS]
#FINAL-11-22#