911
CXUS55 KCAE 011400
CF6DNL
PRELIMINARY LOCAL CLIMATOLOGICAL DATA (WS FORM: F-6)
STATION: AUGUSTA DANIEL FIELD GA
MONTH: OCTOBER
YEAR: 2020
LATITUDE: 33 28 N
LONGITUDE: 82 2 W
TEMPERATURE IN F: :PCPN: SNOW: WIND :SUNSHINE: SKY :PK WND
================================================================================
1 2 3 4 5 6A 6B 7 8 9 10 11 12 13 14 15 16 17 18
12Z AVG MX 2MIN
DY MAX MIN AVG DEP HDD CDD WTR SNW DPTH SPD SPD DIR MIN PSBL S-S WX SPD DR
================================================================================
1 83 59 71 0 0 6 0.00 M M 4.1 12 300 M M 0 16 250
2 75 56 66 -5 0 1 0.00 M M 6.6 15 360 M M 0 8 20 330
3 76 51 64 -6 1 0 0.00 M M 6.9 13 90 M M 1 17 100
4 74 54 64 -6 1 0 0.00 M M 6.3 14 60 M M 0 19 30
5 79 56 68 -2 0 3 0.00 M M 3.3 10 60 M M 0 13 50
6 83 58 71 2 0 6 0.00 M M 4.7 12 80 M M 3 15 70
7 86 68 77 8 0 12 0.00 M M 4.1 13 310 M M 3 12 17 300
8 89 61 75 7 0 10 0.00 M M 2.3 9 70 M M 0 13 320
9 85 68 77 9 0 12 T M M 6.0 13 70 M M 1 17 110
10 83 72 78 10 0 13 0.36 M M 8.0 14 110 M M 7 18 19 110
11 86 73 80 12 0 15 0.41 M M 5.4 16 200 M M 9 1 21 260
12 80 72 76 9 0 11 0.00 M M 3.2 9 300 M M 8 12 320
13 87 68 78 11 0 13 0.00 M M 4.6 12 330 M M 0 17 330
14 83 64 74 8 0 9 0.00 M M 5.1 14 60 M M 1 17 60
15 85 67 76 10 0 11 0.06 M M 3.3 10 130 M M 7 12 14 130
16 79 60 70 4 0 5 0.47 M M 5.9 15 320 M M 2 1 19 320
17 70 54 62 -4 3 0 0.00 M M 8.8 18 70 M M 0 24 70
18 74 53 64 -1 1 0 0.00 M M 6.8 14 70 M M 4 17 80
19 80 56 68 3 0 3 0.00 M M 5.3 9 10 M M 1 13 360
20 80 59 70 5 0 5 0.00 M M 5.1 10 30 M M 0 14 30
21 84 65 75 11 0 10 0.00 M M 6.7 14 80 M M 2 18 18 110
22 84 69 77 13 0 12 0.00 M M 6.9 13 90 M M 4 18 80
23 86 69 78 14 0 13 0.00 M M 2.7 13 80 M M 4 19 170
24 84 65 75 12 0 10 0.05 M M 3.1 10 160 M M 1 1 14 160
25 80 70 75 12 0 10 0.11 M M 4.6 12 70 M M 8 1 14 60
26 72 63 68 5 0 3 0.00 M M 5.0 12 60 M M 9 1 14 50
27 80 63 72 9 0 7 0.00 M M 1.8 6 140 M M 6 18 9 10
28 83 70 77 15 0 12 0.01 M M 5.6 14 140 M M 8 1 19 140
29 86 63 75 13 0 10 0.12 M M 13.3 25 190 M M 8 1 37 300
30 73 53 63 1 2 0 0.00 M M 8.4 17 40 M M 0 25 270
31 67 50 59 -3 6 0 T M M 9.9 16 40 M M 6 27 30
================================================================================
SM 2496 1929 14 222 1.59 M 173.8 M 103
================================================================================
AV 80.5 62.2 5.6 FASTST M M 3 MAX(MPH)
MISC ----> # 25 190 # 37 300
================================================================================
NOTES:
# LAST OF SEVERAL OCCURRENCES
COLUMN 17 PEAK WIND IN M.P.H.
PRELIMINARY LOCAL CLIMATOLOGICAL DATA (WS FORM: F-6) , PAGE 2
STATION: AUGUSTA DANIEL FIELD GA
MONTH: OCTOBER
YEAR: 2020
LATITUDE: 33 28 N
LONGITUDE: 82 2 W
[TEMPERATURE DATA] [PRECIPITATION DATA] SYMBOLS USED IN COLUMN 16
AVERAGE MONTHLY: 71.4 TOTAL FOR MONTH: 1.59 1 = FOG OR MIST
DPTR FM NORMAL: 5.4 DPTR FM NORMAL: -1.64 2 = FOG REDUCING VISIBILITY
HIGHEST: 89 ON 8 GRTST 24HR 0.47 ON 16-16 TO 1/4 MILE OR LESS
LOWEST: 50 ON 31 3 = THUNDER
SNOW, ICE PELLETS, HAIL 4 = ICE PELLETS
TOTAL MONTH: M 5 = HAIL
GRTST 24HR M ON M 6 = FREEZING RAIN OR DRIZZLE
GRTST DEPTH: M ON M 7 = DUSTSTORM OR SANDSTORM:
VSBY 1/2 MILE OR LESS
8 = SMOKE OR HAZE
[NO. OF DAYS WITH] [WEATHER - DAYS WITH] 9 = BLOWING SNOW
X = TORNADO
MAX 32 OR BELOW: 0 0.01 INCH OR MORE: 8
MAX 90 OR ABOVE: 0 0.10 INCH OR MORE: 5
MIN 32 OR BELOW: 0 0.50 INCH OR MORE: 0
MIN 0 OR BELOW: 0 1.00 INCH OR MORE: 0
[HDD (BASE 65) ]
TOTAL THIS MO. 14 CLEAR (SCALE 0-3) 17
DPTR FM NORMAL -61 PTCLDY (SCALE 4-7) 10
TOTAL FM JUL 1 15 CLOUDY (SCALE 8-10) 4
DPTR FM NORMAL -63
[CDD (BASE 65) ]
TOTAL THIS MO. 222
DPTR FM NORMAL 116 [PRESSURE DATA]
TOTAL FM JAN 1 2710 HIGHEST SLP 30.39 ON 31
DPTR FM NORMAL 473 LOWEST SLP 29.59 ON 29
[REMARKS]
#FINAL-10-20#