000
CXUS52 KCAE 241400
CF6DNL
PRELIMINARY LOCAL CLIMATOLOGICAL DATA (WS FORM: F-6)
STATION: AUGUSTA DANIEL FIELD GA
MONTH: APRIL
YEAR: 2024
LATITUDE: 33 28 N
LONGITUDE: 82 2 W
TEMPERATURE IN F: :PCPN: SNOW: WIND :SUNSHINE: SKY :PK WND
================================================================================
1 2 3 4 5 6A 6B 7 8 9 10 11 12 13 14 15 16 17 18
12Z AVG MX 2MIN
DY MAX MIN AVG DEP HDD CDD WTR SNW DPTH SPD SPD DIR MIN PSBL S-S WX SPD DR
================================================================================
1 81 64 73 10 0 8 0.00 M M 6.2 12 220 M M 2 21 260
2 81 65 73 9 0 8 0.00 M M 9.3 20 200 M M 3 29 210
3 73 55 64 0 1 0 0.29 M M 10.1 33 190 M M 5 13 50 190
4 66 47 57 -7 8 0 0.00 M M 7.1 18 300 M M 2 32 250
5 67 46 57 -7 8 0 0.00 M M 7.5 16 30 M M 0 26 20
6 66 42 54 -10 11 0 0.00 M M 4.7 14 350 M M 0 19 350
7 73 45 59 -6 6 0 0.00 M M 5.2 15 70 M M 0 21 80
8 77 51 64 -1 1 0 0.00 M M 6.3 15 210 M M 1 22 220
9 68 58 63 -2 2 0 T M M 4.3 9 60 M M 3 12 60
10 79 61 70 4 0 5 0.03 M M 7.5 16 170 M M 4 22 170
11 82 60 71 5 0 6 0.51 M M 14.3 26 200 M M 8 1 42 230
12 73 54 64 -2 1 0 0.00 M M 11.2 24 300 M M 0 46 310
13 77 53 65 -1 0 0 0.00 M M 6.2 16 310 M M 0 25 310
14 86 55 71 4 0 6 0.00 M M 5.0 12 220 M M 0 22 280
15 88 64 76 9 0 11 0.00 M M 5.1 15 210 M M 0 23 210
16 86 62 74 7 0 9 0.00 M M 3.5 12 200 M M 0 18 270
17 83 63 73 6 0 8 T M M 6.5 15 190 M M 1 23 190
18 90 64 77 9 0 12 0.00 M M 3.2 9 320 M M 0 14 260
19 89 69 79 11 0 14 0.04 M M 3.1 13 300 M M 2 13 21 310
20 89 70 80 12 0 15 0.00 M M 5.5 14 320 M M 1 3 23 240
21 72 52 62 -6 3 0 0.26 M M 8.0 20 40 M M 7 13 26 40
22 67 52 60 -9 5 0 0.00 M M 5.8 17 40 M M 5 23 40
23 74 47 61 -8 4 0 0.00 M M 4.4 16 190 M M 0 22 210
================================================================================
SM 1787 1299 50 102 1.13 M 150.0 M 44
================================================================================
AV 77.7 56.5 6.5 FASTST M M 2 MAX(MPH)
MISC ----> 33 190 50 190
================================================================================
NOTES:
# LAST OF SEVERAL OCCURRENCES
COLUMN 17 PEAK WIND IN M.P.H.
PRELIMINARY LOCAL CLIMATOLOGICAL DATA (WS FORM: F-6) , PAGE 2
STATION: AUGUSTA DANIEL FIELD GA
MONTH: APRIL
YEAR: 2024
LATITUDE: 33 28 N
LONGITUDE: 82 2 W
[TEMPERATURE DATA] [PRECIPITATION DATA] SYMBOLS USED IN COLUMN 16
AVERAGE MONTHLY: 67.1 TOTAL FOR MONTH: 1.13 1 = FOG OR MIST
DPTR FM NORMAL: 1.0 DPTR FM NORMAL: -1.22 2 = FOG REDUCING VISIBILITY
HIGHEST: 90 ON 18 GRTST 24HR 0.54 ON 10-11 TO 1/4 MILE OR LESS
LOWEST: 42 ON 6 3 = THUNDER
SNOW, ICE PELLETS, HAIL 4 = ICE PELLETS
TOTAL MONTH: M 5 = HAIL
GRTST 24HR M ON M 6 = FREEZING RAIN OR DRIZZLE
GRTST DEPTH: M ON M 7 = DUSTSTORM OR SANDSTORM:
VSBY 1/2 MILE OR LESS
8 = SMOKE OR HAZE
[NO. OF DAYS WITH] [WEATHER - DAYS WITH] 9 = BLOWING SNOW
X = TORNADO
MAX 32 OR BELOW: 0 0.01 INCH OR MORE: 5
MAX 90 OR ABOVE: 1 0.10 INCH OR MORE: 3
MIN 32 OR BELOW: 0 0.50 INCH OR MORE: 1
MIN 0 OR BELOW: 0 1.00 INCH OR MORE: 0
[HDD (BASE 65) ]
TOTAL THIS MO. 50 CLEAR (SCALE 0-3) 18
DPTR FM NORMAL -7 PTCLDY (SCALE 4-7) 5
TOTAL FM JUL 1 1700 CLOUDY (SCALE 8-10) 0
DPTR FM NORMAL -171
[CDD (BASE 65) ]
TOTAL THIS MO. 102
DPTR FM NORMAL 20 [PRESSURE DATA]
TOTAL FM JAN 1 135 HIGHEST SLP M ON M
DPTR FM NORMAL 2 LOWEST SLP 29.40 ON 3
[REMARKS]