000
CXUS55 KVEF 010910
CF6DRA
PRELIMINARY LOCAL CLIMATOLOGICAL DATA (WS FORM: F-6)
STATION: DESERT ROCK-MERCURY NV
MONTH: AUGUST
YEAR: 2023
LATITUDE: 36 37 N
LONGITUDE: 116 1 W
TEMPERATURE IN F: :PCPN: SNOW: WIND :SUNSHINE: SKY :PK WND
================================================================================
1 2 3 4 5 6A 6B 7 8 9 10 11 12 13 14 15 16 17 18
12Z AVG MX 2MIN
DY MAX MIN AVG DEP HDD CDD WTR SNW DPTH SPD SPD DIR MIN PSBL S-S WX SPD DR
================================================================================
1 92 78 85 -1 0 20 0.00 0.0 0 11.2 23 100 M M 3 36 100
2 98 72 85 -1 0 20 T 0.0 0 11.8 17 140 M M 3 30 110
3 M M M M M M 0.00 0.0 0 8.1 22 220 M M 0 38 210
4 100 63 82 -4 0 17 0.00 0.0 0 8.8 14 250 M M 0 25 230
5 103 64 84 -2 0 19 0.00 0.0 0 8.2 21 210 M M 0 30 250
6 103 69 86 0 0 21 0.00 0.0 0 8.3 21 220 M M 0 33 240
7 101 74 88 2 0 23 0.00 0.0 0 13.5 25 220 M M 0 40 230
8 99 72 86 0 0 21 0.00 0.0 0 10.9 17 230 M M 0 32 230
9 96 68 82 -4 0 17 0.00 0.0 0 9.6 22 230 M M 1 30 210
10 94 72 83 -2 0 18 T 0.0 0 6.9 22 230 M M 3 35 240
11 97 69 83 -2 0 18 0.00 0.0 0 8.0 26 50 M M 2 36 60
12 99 70 85 0 0 20 0.00 0.0 0 4.3 23 220 M M 2 32 220
13 99 69 84 -1 0 19 T 0.0 0 8.3 30 180 M M 1 41 180
14 100 66 83 -2 0 18 0.00 0.0 0 2.4 8 240 M M 0 M M
15 M M M M M M M 0.0 0 4.0 10 30 M M 0 M M
16 99 M M M M M 0.00 0.0 0 6.1 10 200 M M 0 21 210
17 103 72 88 4 0 23 0.00 0.0 0 8.3 23 220 M M 0 40 230
18 101 76 89 5 0 24 0.04 0.0 0 11.7 30 110 M M 2 47 100
19 82 64 73 -11 0 8 0.14 0.0 0 11.2 25 100 M M 4 40 90
20 75 63 69 -15 0 4 1.01 0.0 0 9.2 18 110 M M 10 1 32 80
21 79 64 72 -12 0 7 0.25 0.0 0 12.1 24 220 M M 6 1 36 200
22 86 63 75 -8 0 10 0.00 0.0 0 3.5 10 250 M M 1 17 99
23 92 65 79 -4 0 14 0.00 0.0 0 5.2 14 40 M M 1 16 220
24 96 69 83 0 0 18 0.00 0.0 0 6.4 16 210 M M 1 21 210
25 98 71 85 2 0 20 0.00 0.0 0 7.6 21 240 M M 1 33 210
26 99 66 83 0 0 18 0.00 0.0 0 7.0 18 210 M M 0 33 230
27 98 66 82 0 0 17 0.00 0.0 0 7.2 18 250 M M 0 24 250
28 99 64 82 0 0 17 0.00 0.0 0 4.6 12 260 M M 0 20 260
29 103 66 85 3 0 20 0.00 0.0 0 6.7 17 220 M M 0 32 200
30 103 66 85 3 0 20 0.00 0.0 0 6.3 17 220 M M 0 30 220
31 101 72 87 6 0 22 0.00 0.0 0 14.5 28 220 M M 0 43 220
================================================================================
SM 2795 1913 0 493 1.44 0.0 251.9 M 41
================================================================================
AV 96.4 68.3 8.1 FASTST M M 1 MAX(MPH)
MISC ----> # 30 180 47 100
================================================================================
NOTES:
# LAST OF SEVERAL OCCURRENCES
COLUMN 17 PEAK WIND IN M.P.H.
PRELIMINARY LOCAL CLIMATOLOGICAL DATA (WS FORM: F-6) , PAGE 2
STATION: DESERT ROCK-MERCURY NV
MONTH: AUGUST
YEAR: 2023
LATITUDE: 36 37 N
LONGITUDE: 116 1 W
[TEMPERATURE DATA] [PRECIPITATION DATA] SYMBOLS USED IN COLUMN 16
AVERAGE MONTHLY: 82.4 TOTAL FOR MONTH: 1.44 1 = FOG OR MIST
DPTR FM NORMAL: -1.9 DPTR FM NORMAL: 1.05 2 = FOG REDUCING VISIBILITY
HIGHEST: 103 ON 30,29 GRTST 24HR 1.01 ON 20-20 TO 1/4 MILE OR LESS
LOWEST: 63 ON 22,20 3 = THUNDER
SNOW, ICE PELLETS, HAIL 4 = ICE PELLETS
TOTAL MONTH: 0.0 INCH 5 = HAIL
GRTST 24HR 0.0 6 = FREEZING RAIN OR DRIZZLE
GRTST DEPTH: 0 7 = DUSTSTORM OR SANDSTORM:
VSBY 1/2 MILE OR LESS
8 = SMOKE OR HAZE
[NO. OF DAYS WITH] [WEATHER - DAYS WITH] 9 = BLOWING SNOW
X = TORNADO
MAX 32 OR BELOW: 0 0.01 INCH OR MORE: 4
MAX 90 OR ABOVE: 25 0.10 INCH OR MORE: 3
MIN 32 OR BELOW: 0 0.50 INCH OR MORE: 1
MIN 0 OR BELOW: 0 1.00 INCH OR MORE: 1
[HDD (BASE 65) ]
TOTAL THIS MO. 0 CLEAR (SCALE 0-3) 28
DPTR FM NORMAL 0 PTCLDY (SCALE 4-7) 2
TOTAL FM JUL 1 0 CLOUDY (SCALE 8-10) 1
DPTR FM NORMAL 0
[CDD (BASE 65) ]
TOTAL THIS MO. 493
DPTR FM NORMAL -104 [PRESSURE DATA]
TOTAL FM JAN 1 1871 HIGHEST SLP M ON M
DPTR FM NORMAL -42 LOWEST SLP M ON M
[REMARKS]
#FINAL-08-23#