000
CXUS55 KGJT 011630
CF6DRO
PRELIMINARY LOCAL CLIMATOLOGICAL DATA (WS FORM: F-6)
STATION: DURANGO AIRPORT CO
MONTH: DECEMBER
YEAR: 2023
LATITUDE: 37 9 N
LONGITUDE: 107 45 W
TEMPERATURE IN F: :PCPN: SNOW: WIND :SUNSHINE: SKY :PK WND
================================================================================
1 2 3 4 5 6A 6B 7 8 9 10 11 12 13 14 15 16 17 18
12Z AVG MX 2MIN
DY MAX MIN AVG DEP HDD CDD WTR SNW DPTH SPD SPD DIR MIN PSBL S-S WX SPD DR
================================================================================
1 34 20 27 -3 38 0 0.16 M M 7.4 26 290 M M 10 128 38 290
2 34 18 26 -4 39 0 0.01 M M 10.8 29 270 M M 3 1 39 270
3 44 15 30 0 35 0 0.00 M M 6.8 24 260 M M 1 32 230
4 48 21 35 6 30 0 0.00 M M 3.9 10 30 M M 0 14 280
5 52 20 36 7 29 0 0.00 M M 3.0 10 360 M M 0 13 10
6 55 20 38 9 27 0 0.00 M M 3.8 12 10 M M 0 14 20
7 52 21 37 9 28 0 0.00 M M 3.9 15 260 M M 0 21 250
8 41 18 30 2 35 0 T M M 10.3 33 300 M M 3 44 320
9 35 9 22 -6 43 0 0.00 M M 5.0 13 260 M M 0 18 280
10 37 8 23 -4 42 0 0.00 M M 2.8 9 250 M M 0 14 270
11 45 11 28 1 37 0 0.00 M M 2.7 10 10 M M 0 12 20
12 49 21 35 8 30 0 0.00 M M 5.8 14 30 M M 6 19 150
13 48 32 40 14 25 0 0.20 M M 9.0 20 130 M M 9 1 27 110
14 38 28 33 7 32 0 0.43 M M 2.9 8 60 M M 9 12 11 300
15 41 21 31 5 34 0 0.00 M M 2.9 8 30 M M 6 12 13 20
16 45 16 31 5 34 0 0.00 M M 2.1 9 20 M M 0 10 10
17 46 17 32 7 33 0 0.00 M M 3.4 9 250 M M 0 15 280
18 51 19 35 10 30 0 0.00 M M 3.0 10 10 M M 0 13 360
19 52 25 39 14 26 0 0.00 M M 3.5 9 10 M M 4 13 340
20 48 32 40 15 25 0 0.07 M M 2.9 15 190 M M 8 20 200
21 45 28 37 13 28 0 0.01 M M 2.6 10 10 M M 7 12 12 10
22 48 25 37 13 28 0 0.19 M M 4.0 13 70 M M 6 1 16 60
23 41 29 35 11 30 0 0.15 M M 5.8 16 320 M M 7 12 23 230
24 36 17 27 3 38 0 0.00 M M 4.8 17 250 M M 1 22 250
25 36 11 24 0 41 0 0.00 M M 5.2 24 320 M M 2 1 32 310
26 36 9 23 -1 42 0 0.00 M M 4.5 10 90 M M 0 14 110
27 40 14 27 3 38 0 0.00 M M 4.4 12 210 M M 0 16 250
28 41 10 26 3 39 0 0.00 M M 3.1 9 250 M M 0 12 250
29 45 12 29 6 36 0 0.00 M M 3.5 9 250 M M 0 13 250
30 47 13 30 7 35 0 0.00 M M 2.9 9 140 M M 1 12 140
31 49 20 35 12 30 0 0.00 M M 3.9 15 230 M M 0 20 220
================================================================================
SM 1359 580 1037 0 1.22 M 140.6 M 83
================================================================================
AV 43.8 18.7 4.5 FASTST M M 3 MAX(MPH)
MISC ----> 33 300 44 320
================================================================================
NOTES:
# LAST OF SEVERAL OCCURRENCES
COLUMN 17 PEAK WIND IN M.P.H.
PRELIMINARY LOCAL CLIMATOLOGICAL DATA (WS FORM: F-6) , PAGE 2
STATION: DURANGO AIRPORT CO
MONTH: DECEMBER
YEAR: 2023
LATITUDE: 37 9 N
LONGITUDE: 107 45 W
[TEMPERATURE DATA] [PRECIPITATION DATA] SYMBOLS USED IN COLUMN 16
AVERAGE MONTHLY: 31.3 TOTAL FOR MONTH: 1.22 1 = FOG OR MIST
DPTR FM NORMAL: 5.3 DPTR FM NORMAL: 0.35 2 = FOG REDUCING VISIBILITY
HIGHEST: 55 ON 6 GRTST 24HR 0.62 ON 13-14 TO 1/4 MILE OR LESS
LOWEST: 8 ON 10 3 = THUNDER
SNOW, ICE PELLETS, HAIL 4 = ICE PELLETS
TOTAL MONTH: M 5 = HAIL
GRTST 24HR M ON M 6 = FREEZING RAIN OR DRIZZLE
GRTST DEPTH: M ON M 7 = DUSTSTORM OR SANDSTORM:
VSBY 1/2 MILE OR LESS
8 = SMOKE OR HAZE
[NO. OF DAYS WITH] [WEATHER - DAYS WITH] 9 = BLOWING SNOW
X = TORNADO
MAX 32 OR BELOW: 0 0.01 INCH OR MORE: 8
MAX 90 OR ABOVE: 0 0.10 INCH OR MORE: 5
MIN 32 OR BELOW: 31 0.50 INCH OR MORE: 0
MIN 0 OR BELOW: 0 1.00 INCH OR MORE: 0
[HDD (BASE 65) ]
TOTAL THIS MO. 1037 CLEAR (SCALE 0-3) 20
DPTR FM NORMAL -170 PTCLDY (SCALE 4-7) 8
TOTAL FM JUL 1 2480 CLOUDY (SCALE 8-10) 3
DPTR FM NORMAL -352
[CDD (BASE 65) ]
TOTAL THIS MO. 0
DPTR FM NORMAL 0 [PRESSURE DATA]
TOTAL FM JAN 1 423 HIGHEST SLP 30.66 ON 10
DPTR FM NORMAL 133 LOWEST SLP 29.78 ON 23
[REMARKS]
#FINAL-12-23#