000
CXUS53 KDTX 010635
CF6DTW
PRELIMINARY LOCAL CLIMATOLOGICAL DATA (WS FORM: F-6)
STATION: DETROIT MI
MONTH: MARCH
YEAR: 2020
LATITUDE: 42 13 N
LONGITUDE: 83 20 W
TEMPERATURE IN F: :PCPN: SNOW: WIND :SUNSHINE: SKY :PK WND
================================================================================
1 2 3 4 5 6A 6B 7 8 9 10 11 12 13 14 15 16 17 18
12Z AVG MX 2MIN
DY MAX MIN AVG DEP HDD CDD WTR SNW DPTH SPD SPD DIR MIN PSBL S-S WX SPD DR
================================================================================
1 44 18 31 -1 34 0 0.00 0.0 3 9.9 21 170 M M 7 29 160
2 53 39 46 14 19 0 0.29 0.0 T 11.5 25 220 M M 9 18 33 230
3 50 31 41 9 24 0 T 0.0 0 8.3 28 280 M M 9 18 38 280
4 48 31 40 7 25 0 T T 0 10.7 22 280 M M 6 8 31 280
5 48 25 37 4 28 0 0.03 0.0 0 7.0 18 180 M M 5 18 24 170
6 37 30 34 1 31 0 0.02 T 0 12.5 28 340 M M 10 1 40 350
7 45 22 34 0 31 0 0.00 0.0 0 7.3 16 360 M M 2 21 200
8 61 33 47 13 18 0 0.00 0.0 0 13.6 25 220 M M 6 35 210
9 63 47 55 21 10 0 0.06 0.0 0 16.1 28 210 M M 8 18 38 190
10 54 35 45 10 20 0 0.13 0.0 0 12.1 26 220 M M 7 1 34 220
11 45 33 39 4 26 0 T 0.0 0 3.9 13 170 M M 9 18 17 160
12 50 38 44 8 21 0 0.00 0.0 0 6.9 15 150 M M 10 18 17 150
13 49 35 42 6 23 0 0.02 0.0 0 15.8 33 250 M M 5 18 45 280
14 37 31 34 -2 31 0 0.00 0.0 0 5.8 13 30 M M 9 16 20
15 46 29 38 1 27 0 0.00 0.0 0 8.8 17 50 M M 4 23 50
16 47 25 36 -1 29 0 T 0.0 0 5.5 12 220 M M 7 18 15 160
17 53 36 45 7 20 0 T 0.0 0 9.5 18 250 M M 7 18 26 250
18 46 32 39 1 26 0 0.50 0.0 0 4.9 13 70 M M 10 18 20 160
19 53 40 47 9 18 0 0.30 0.0 0 6.2 14 140 M M 10 18 18 170
20 65 30 48 9 17 0 0.04 0.0 0 19.8 33 270 M M 10 1 45 280
21 39 25 32 -7 33 0 T T 0 9.4 17 20 M M 8 23 10
22 39 21 30 -10 35 0 0.10 1.3 0 7.8 16 90 M M 6 1 24 120
23 44 32 38 -2 27 0 0.09 0.4 1 6.2 14 310 M M 10 18 16 300
24 43 36 40 0 25 0 0.00 0.0 0 5.3 13 120 M M 10 8 17 100
25 57 31 44 3 21 0 0.00 0.0 0 5.2 15 210 M M 5 18 18 210
26 60 41 51 10 14 0 0.23 0.0 0 8.5 22 230 M M 9 18 30 210
27 46 36 41 -1 24 0 0.08 0.0 0 7.1 13 90 M M 10 18 19 100
28 51 40 46 4 19 0 1.82 0.0 0 8.1 17 360 M M 10 13 22 10
29 63 46 55 13 10 0 0.12 0.0 0 20.6 51 220 M M 9 138 62 220
30 48 41 45 2 20 0 T 0.0 0 14.6 28 250 M M 10 38 250
31 44 39 42 -1 23 0 0.03 0.0 0 6.9 12 330 M M 10 18 15 350
================================================================================
SM 1528 1028 729 0 3.86 1.7 295.8 M 247
================================================================================
AV 49.3 33.2 9.5 FASTST M M 8 MAX(MPH)
MISC ----> 51 220 62 220
================================================================================
NOTES:
# LAST OF SEVERAL OCCURRENCES
COLUMN 17 PEAK WIND IN M.P.H.
PRELIMINARY LOCAL CLIMATOLOGICAL DATA (WS FORM: F-6) , PAGE 2
STATION: DETROIT MI
MONTH: MARCH
YEAR: 2020
LATITUDE: 42 13 N
LONGITUDE: 83 20 W
[TEMPERATURE DATA] [PRECIPITATION DATA] SYMBOLS USED IN COLUMN 16
AVERAGE MONTHLY: 41.2 TOTAL FOR MONTH: 3.86 1 = FOG OR MIST
DPTR FM NORMAL: 4.0 DPTR FM NORMAL: 1.58 2 = FOG REDUCING VISIBILITY
HIGHEST: 65 ON 20 GRTST 24HR 1.82 ON 28-28 TO 1/4 MILE OR LESS
LOWEST: 18 ON 1 3 = THUNDER
SNOW, ICE PELLETS, HAIL 4 = ICE PELLETS
TOTAL MONTH: 1.7 INCHES 5 = HAIL
GRTST 24HR 1.3 ON 22-22 6 = FREEZING RAIN OR DRIZZLE
GRTST DEPTH: 4 ON M 7 = DUSTSTORM OR SANDSTORM:
VSBY 1/2 MILE OR LESS
8 = SMOKE OR HAZE
[NO. OF DAYS WITH] [WEATHER - DAYS WITH] 9 = BLOWING SNOW
X = TORNADO
MAX 32 OR BELOW: 0 0.01 INCH OR MORE: 16
MAX 90 OR ABOVE: 0 0.10 INCH OR MORE: 8
MIN 32 OR BELOW: 15 0.50 INCH OR MORE: 2
MIN 0 OR BELOW: 0 1.00 INCH OR MORE: 1
[HDD (BASE 65) ]
TOTAL THIS MO. 729 CLEAR (SCALE 0-3) 1
DPTR FM NORMAL -133 PTCLDY (SCALE 4-7) 12
TOTAL FM JUL 1 4891 CLOUDY (SCALE 8-10) 18
DPTR FM NORMAL -524
[CDD (BASE 65) ]
TOTAL THIS MO. 0
DPTR FM NORMAL 0 [PRESSURE DATA]
TOTAL FM JAN 1 0 HIGHEST SLP M ON M
DPTR FM NORMAL 0 LOWEST SLP 29.47 ON 3
[REMARKS]
#FINAL-03-20#