000
CXUS55 KTWC 010855
CF6DUG
PRELIMINARY LOCAL CLIMATOLOGICAL DATA (WS FORM: F-6)
STATION: DOUGLAS AZ
MONTH: JANUARY
YEAR: 2023
LATITUDE: 31 28 N
LONGITUDE: 109 36 W
TEMPERATURE IN F: :PCPN: SNOW: WIND :SUNSHINE: SKY :PK WND
================================================================================
1 2 3 4 5 6A 6B 7 8 9 10 11 12 13 14 15 16 17 18
12Z AVG MX 2MIN
DY MAX MIN AVG DEP HDD CDD WTR SNW DPTH SPD SPD DIR MIN PSBL S-S WX SPD DR
================================================================================
1 63 45 54 10 11 0 0.09 M M 15.2 35 180 M M 3 1 50 200
2 51 32 42 -2 23 0 0.10 M M 11.5 28 250 M M 4 1 40 250
3 57 31 44 0 21 0 0.00 M M 5.3 16 320 M M 6 23 260
4 61 26 44 0 21 0 0.00 M M 3.4 10 80 M M 0 12 340
5 67 24 46 2 19 0 0.00 M M 4.6 13 130 M M 0 16 150
6 68 33 51 7 14 0 0.00 M M 6.3 13 20 M M 0 18 360
7 66 31 49 5 16 0 0.00 M M 5.1 13 180 M M 0 19 190
8 69 24 47 3 18 0 0.00 M M 4.1 13 20 M M 0 16 180
9 71 24 48 4 17 0 0.00 M M 5.0 13 320 M M 0 20 180
10 69 29 49 5 16 0 0.00 M M 4.7 14 230 M M 0 18 240
11 65 32 49 4 16 0 0.00 M M 6.1 17 310 M M 0 22 310
12 67 26 47 2 18 0 0.00 M M 7.4 18 90 M M 0 23 80
13 71 28 50 5 15 0 0.00 M M 5.7 14 350 M M 0 16 350
14 73 26 50 5 15 0 0.00 M M 8.9 21 230 M M 0 28 250
15 57 47 52 7 13 0 0.06 M M 13.5 33 220 M M 8 1 45 220
16 50 41 46 1 19 0 0.40 M M 10.5 20 170 M M 10 1 25 170
17 53 32 43 -2 22 0 0.03 M M 13.5 26 260 M M 5 40 260
18 50 26 38 -7 27 0 0.00 M M 6.7 13 300 M M 2 M M
19 56 21 39 -6 26 0 0.00 M M 5.4 12 170 M M 0 M M
20 57 26 42 -3 23 0 0.00 M M 8.8 20 250 M M 0 33 270
21 52 20 36 -10 29 0 0.00 M M 8.7 12 340 M M 0 17 330
22 62 19 41 -5 24 0 0.00 M M 7.0 20 220 M M 0 27 220
23 48 22 35 -11 30 0 0.01 M M 12.7 31 250 M M M 1 41 240
24 50 14 32 -14 33 0 0.00 M M 7.5 18 330 M M M 24 340
25 55 16 36 -10 29 0 0.00 M M 5.2 13 360 M M M 19 350
26 51 19 35 -11 30 0 0.00 M M 11.3 26 90 M M M 39 80
27 58 16 37 -9 28 0 0.00 M M 7.0 15 20 M M M 18 360
28 66 25 46 0 19 0 0.00 M M 7.1 23 250 M M M 31 220
29 63 26 45 -1 20 0 0.00 M M 8.4 24 200 M M M 35 180
30 65 24 45 -1 20 0 0.00 M M 8.5 26 210 M M 0 34 210
31 61 21 41 -5 24 0 0.00 M M 6.8 24 200 M M 0 33 210
================================================================================
SM 1872 826 656 0 0.69 M 241.9 M 38
================================================================================
AV 60.4 26.6 7.8 FASTST M M 2 MAX(MPH)
MISC ----> 35 180 50 200
================================================================================
NOTES:
# LAST OF SEVERAL OCCURRENCES
COLUMN 17 PEAK WIND IN M.P.H.
PRELIMINARY LOCAL CLIMATOLOGICAL DATA (WS FORM: F-6) , PAGE 2
STATION: DOUGLAS AZ
MONTH: JANUARY
YEAR: 2023
LATITUDE: 31 28 N
LONGITUDE: 109 36 W
[TEMPERATURE DATA] [PRECIPITATION DATA] SYMBOLS USED IN COLUMN 16
AVERAGE MONTHLY: 43.5 TOTAL FOR MONTH: 0.69 1 = FOG OR MIST
DPTR FM NORMAL: -1.6 DPTR FM NORMAL: 0.06 2 = FOG REDUCING VISIBILITY
HIGHEST: 73 ON 14 GRTST 24HR 0.71 ON 16-17 TO 1/4 MILE OR LESS
LOWEST: 14 ON 24 3 = THUNDER
SNOW, ICE PELLETS, HAIL 4 = ICE PELLETS
TOTAL MONTH: M 5 = HAIL
GRTST 24HR M ON M 6 = FREEZING RAIN OR DRIZZLE
GRTST DEPTH: M ON M 7 = DUSTSTORM OR SANDSTORM:
VSBY 1/2 MILE OR LESS
8 = SMOKE OR HAZE
[NO. OF DAYS WITH] [WEATHER - DAYS WITH] 9 = BLOWING SNOW
X = TORNADO
MAX 32 OR BELOW: 0 0.01 INCH OR MORE: 6
MAX 90 OR ABOVE: 0 0.10 INCH OR MORE: 2
MIN 32 OR BELOW: 27 0.50 INCH OR MORE: 0
MIN 0 OR BELOW: 0 1.00 INCH OR MORE: 0
[HDD (BASE 65) ]
TOTAL THIS MO. 656 CLEAR (SCALE 0-3) 18
DPTR FM NORMAL 39 PTCLDY (SCALE 4-7) 5
TOTAL FM JUL 1 1538 CLOUDY (SCALE 8-10) 8
DPTR FM NORMAL -161
[CDD (BASE 65) ]
TOTAL THIS MO. 0
DPTR FM NORMAL 0 [PRESSURE DATA]
TOTAL FM JAN 1 0 HIGHEST SLP M ON M
DPTR FM NORMAL 0 LOWEST SLP 29.68 ON 1
[REMARKS]
#FINAL-01-23#