000
CXUS51 KPBZ 010830
CF6DUJ
PRELIMINARY LOCAL CLIMATOLOGICAL DATA (WS FORM: F-6)
STATION: DUBOIS PA
MONTH: FEBRUARY
YEAR: 2023
LATITUDE: 41 10 N
LONGITUDE: 78 54 W
TEMPERATURE IN F: :PCPN: SNOW: WIND :SUNSHINE: SKY :PK WND
================================================================================
1 2 3 4 5 6A 6B 7 8 9 10 11 12 13 14 15 16 17 18
12Z AVG MX 2MIN
DY MAX MIN AVG DEP HDD CDD WTR SNW DPTH SPD SPD DIR MIN PSBL S-S WX SPD DR
================================================================================
1 27 11 19 -5 46 0 0.00 M M 7.5 15 260 M M 3 19 250
2 33 13 23 -1 42 0 0.00 M M 10.5 23 240 M M 1 31 240
3 30 4 17 -7 48 0 T M M 14.9 28 290 M M 9 8 39 280
4 33 0 17 -8 48 0 0.00 M M 6.3 15 230 M M 4 20 220
5 49 32 41 16 24 0 0.00 M M 11.7 26 240 M M 3 34 240
6 42 30 36 11 29 0 0.00 M M 5.9 15 320 M M 10 18 22 300
7 54 26 40 15 25 0 0.03 M M 8.2 16 220 M M 6 24 210
8 47 33 40 15 25 0 0.00 M M 6.2 15 280 M M 5 18 20 300
9 65 35 50 25 15 0 0.08 M M 11.7 28 250 M M 9 38 250
10 52 33 43 17 22 0 0.02 M M 16.2 35 260 M M 10 18 44 250
11 40 27 34 8 31 0 0.00 M M 6.5 20 310 M M 5 26 320
12 52 23 38 12 27 0 0.00 M M 2.5 9 100 M M 0 10 150
13 54 27 41 15 24 0 0.00 M M 11.1 29 260 M M 0 39 240
14 53 29 41 15 24 0 0.00 M M 6.5 15 130 M M 0 20 130
15 69 48 59 32 6 0 0.00 M M 13.8 33 230 M M 5 45 220
16 58 41 50 23 15 0 0.01 M M 6.7 15 210 M M 5 18 24 190
17 59 20 40 13 25 0 0.09 M M 13.0 25 270 M M 10 18 36 260
18 40 19 30 3 35 0 T M M 11.6 22 240 M M 3 27 290
19 57 31 44 16 21 0 0.00 M M 9.0 24 230 M M 2 33 220
20 52 38 45 17 20 0 0.03 M M 10.9 23 250 M M 8 28 250
21 49 30 40 12 25 0 0.09 M M 11.4 36 250 M M 6 18 46 250
22 40 26 33 5 32 0 0.50 M M 9.4 17 120 M M 7 16 24 130
23 67 39 53 24 12 0 0.08 M M 14.0 28 270 M M 9 18 42 280
24 44 18 31 2 34 0 T M M 13.8 28 290 M M 5 8 37 300
25 41 17 29 0 36 0 T M M 5.0 15 130 M M 4 8 20 130
26 48 26 37 7 28 0 0.00 M M 12.5 26 270 M M 2 33 290
27 44 26 35 5 30 0 0.63 M M 12.2 26 130 M M 4 18 36 120
28 47 32 40 10 25 0 0.10 M M 10.5 25 290 M M 10 18 34 280
================================================================================
SM 1346 734 774 0 1.66 M 279.5 M 145
================================================================================
AV 48.1 26.2 10.0 FASTST M M 5 MAX(MPH)
MISC ----> 36 250 46 250
================================================================================
NOTES:
# LAST OF SEVERAL OCCURRENCES
COLUMN 17 PEAK WIND IN M.P.H.
PRELIMINARY LOCAL CLIMATOLOGICAL DATA (WS FORM: F-6) , PAGE 2
STATION: DUBOIS PA
MONTH: FEBRUARY
YEAR: 2023
LATITUDE: 41 10 N
LONGITUDE: 78 54 W
[TEMPERATURE DATA] [PRECIPITATION DATA] SYMBOLS USED IN COLUMN 16
AVERAGE MONTHLY: 37.1 TOTAL FOR MONTH: 1.66 1 = FOG OR MIST
DPTR FM NORMAL: 10.3 DPTR FM NORMAL: -0.72 2 = FOG REDUCING VISIBILITY
HIGHEST: 69 ON 15 GRTST 24HR 0.73 ON 27-28 TO 1/4 MILE OR LESS
LOWEST: 0 ON 4 3 = THUNDER
SNOW, ICE PELLETS, HAIL 4 = ICE PELLETS
TOTAL MONTH: M 5 = HAIL
GRTST 24HR M ON M 6 = FREEZING RAIN OR DRIZZLE
GRTST DEPTH: M ON M 7 = DUSTSTORM OR SANDSTORM:
VSBY 1/2 MILE OR LESS
8 = SMOKE OR HAZE
[NO. OF DAYS WITH] [WEATHER - DAYS WITH] 9 = BLOWING SNOW
X = TORNADO
MAX 32 OR BELOW: 2 0.01 INCH OR MORE: 11
MAX 90 OR ABOVE: 0 0.10 INCH OR MORE: 3
MIN 32 OR BELOW: 21 0.50 INCH OR MORE: 2
MIN 0 OR BELOW: 1 1.00 INCH OR MORE: 0
[HDD (BASE 65) ]
TOTAL THIS MO. 774 CLEAR (SCALE 0-3) 7
DPTR FM NORMAL -297 PTCLDY (SCALE 4-7) 14
TOTAL FM JUL 1 3994 CLOUDY (SCALE 8-10) 7
DPTR FM NORMAL -879
[CDD (BASE 65) ]
TOTAL THIS MO. 0
DPTR FM NORMAL 0 [PRESSURE DATA]
TOTAL FM JAN 1 0 HIGHEST SLP 30.58 ON 24
DPTR FM NORMAL 0 LOWEST SLP 29.35 ON 27
[REMARKS]
#FINAL-02-23#