000
CXUS55 KPSR 011005
CF6DVT
PRELIMINARY LOCAL CLIMATOLOGICAL DATA (WS FORM: F-6)
STATION: DEER VLY/PHOENIX AZ
MONTH: JULY
YEAR: 2021
LATITUDE: 33 41 N
LONGITUDE: 112 4 W
TEMPERATURE IN F: :PCPN: SNOW: WIND :SUNSHINE: SKY :PK WND
================================================================================
1 2 3 4 5 6A 6B 7 8 9 10 11 12 13 14 15 16 17 18
12Z AVG MX 2MIN
DY MAX MIN AVG DEP HDD CDD WTR SNW DPTH SPD SPD DIR MIN PSBL S-S WX SPD DR
================================================================================
1 106 80 93 2 0 28 0.24 M M 7.9 22 90 M M 1 3 32 120
2 101 83 92 1 0 27 0.01 M M 5.4 20 180 M M 1 3 25 80
3 104 77 91 -1 0 26 0.03 M M 7.0 33 330 M M 1 3 41 340
4 100 78 89 -3 0 24 0.00 M M 4.5 13 280 M M 1 18 270
5 105 86 96 4 0 31 0.00 M M 6.3 16 220 M M 0 21 270
6 109 85 97 5 0 32 0.00 M M 8.9 20 220 M M 0 25 210
7 109 86 98 6 0 33 0.00 M M 6.0 16 220 M M 0 20 250
8 109 88 99 7 0 34 0.00 M M 5.1 17 220 M M 0 22 230
9 110 89 100 8 0 35 0.00 M M 9.7 25 140 M M 0 8 33 140
10 110 85 98 6 0 33 T M M 8.9 44 60 M M 1 38 57 60
11 107 82 95 3 0 30 0.00 M M 8.5 18 220 M M 0 24 230
12 103 89 96 3 0 31 0.00 M M 6.2 18 100 M M 1 3 24 90
13 106 85 96 3 0 31 0.00 M M 8.0 21 180 M M 0 8 26 180
14 96 75 86 -7 0 21 M M M 7.2 25 350 M M 1 13 33 360
15 100 84 92 -1 0 27 0.00 M M 6.5 24 320 M M 1 3 29 310
16 99 77 88 -5 0 23 M M M 7.7 22 40 M M 2 3 29 50
17 99 79 89 -4 0 24 0.00 M M 2.8 12 270 M M 2 15 260
18 100 82 91 -2 0 26 0.00 M M 4.3 20 140 M M 1 26 150
19 102 86 94 1 0 29 0.00 M M 5.8 16 230 M M 0 19 230
20 106 86 96 3 0 31 0.00 M M 5.9 17 240 M M 1 3 23 260
21 106 88 97 4 0 32 T M M 7.7 22 330 M M 0 3 28 290
22 103 77 90 -3 0 25 0.82 M M 7.0 33 280 M M 2 138 41 280
23 82 72 77 -16 0 12 0.80 M M 6.0 29 50 M M 5 13 36 50
24 81 71 76 -17 0 11 0.30 M M 6.9 15 130 M M 9 13 19 140
25 79 71 75 -18 0 10 0.93 M M 4.7 12 220 M M 7 12 14 240
26 95 73 84 -9 0 19 0.00 M M 4.6 12 130 M M 1 14 130
27 103 78 91 -2 0 26 0.00 M M 6.5 22 170 M M 0 8 27 180
28 103 81 92 0 0 27 0.00 M M 3.5 13 230 M M 0 17 250
29 103 86 95 3 0 30 0.00 M M 6.6 28 50 M M 1 3 35 40
30 101 76 89 -3 0 24 0.22 M M 6.4 29 180 M M 2 38 38 190
31 98 75 87 -5 0 22 0.03 M M 4.0 16 190 M M 1 3 20 210
================================================================================
SM 3135 2510 0 814 3.38 M 196.5 M 42
================================================================================
AV101.1 81.0 6.3 FASTST M M 1 MAX(MPH)
MISC ----> 44 60 57 60
================================================================================
NOTES:
# LAST OF SEVERAL OCCURRENCES
COLUMN 17 PEAK WIND IN M.P.H.
PRELIMINARY LOCAL CLIMATOLOGICAL DATA (WS FORM: F-6) , PAGE 2
STATION: DEER VLY/PHOENIX AZ
MONTH: JULY
YEAR: 2021
LATITUDE: 33 41 N
LONGITUDE: 112 4 W
[TEMPERATURE DATA] [PRECIPITATION DATA] SYMBOLS USED IN COLUMN 16
AVERAGE MONTHLY: 91.0 TOTAL FOR MONTH: 3.38 1 = FOG OR MIST
DPTR FM NORMAL: -1.4 DPTR FM NORMAL: 2.57 2 = FOG REDUCING VISIBILITY
HIGHEST: 110 ON 10, 9 GRTST 24HR 1.62 ON 22-23 TO 1/4 MILE OR LESS
LOWEST: 71 ON 25,24 3 = THUNDER
SNOW, ICE PELLETS, HAIL 4 = ICE PELLETS
TOTAL MONTH: M 5 = HAIL
GRTST 24HR M ON M 6 = FREEZING RAIN OR DRIZZLE
GRTST DEPTH: M ON M 7 = DUSTSTORM OR SANDSTORM:
VSBY 1/2 MILE OR LESS
8 = SMOKE OR HAZE
[NO. OF DAYS WITH] [WEATHER - DAYS WITH] 9 = BLOWING SNOW
X = TORNADO
MAX 32 OR BELOW: 0 0.01 INCH OR MORE: 9
MAX 90 OR ABOVE: 28 0.10 INCH OR MORE: 6
MIN 32 OR BELOW: 0 0.50 INCH OR MORE: 3
MIN 0 OR BELOW: 0 1.00 INCH OR MORE: 0
[HDD (BASE 65) ]
TOTAL THIS MO. 0 CLEAR (SCALE 0-3) 28
DPTR FM NORMAL 0 PTCLDY (SCALE 4-7) 2
TOTAL FM JUL 1 0 CLOUDY (SCALE 8-10) 1
DPTR FM NORMAL 0
[CDD (BASE 65) ]
TOTAL THIS MO. 814
DPTR FM NORMAL -35 [PRESSURE DATA]
TOTAL FM JAN 1 2349 HIGHEST SLP 30.07 ON 23
DPTR FM NORMAL 203 LOWEST SLP 29.57 ON 7
[REMARKS]
#FINAL-07-21#