000
CXUS54 KEWX 011011
CF6DZB
PRELIMINARY LOCAL CLIMATOLOGICAL DATA (WS FORM: F-6)
STATION: Horseshoe Bay
MONTH: MAY
YEAR: 2020
LATITUDE: 30 31 N
LONGITUDE: 98 22 W
TEMPERATURE IN F: :PCPN: SNOW: WIND :SUNSHINE: SKY :PK WND
================================================================================
1 2 3 4 5 6A 6B 7 8 9 10 11 12 13 14 15 16 17 18
12Z AVG MX 2MIN
DY MAX MIN AVG DEP HDD CDD WTR SNW DPTH SPD SPD DIR MIN PSBL S-S WX SPD DR
================================================================================
1 90 63 77 M 0 12 0.00 M M 9.0 15 200 M M 0 25 150
2 91 64 78 M 0 13 0.00 M M 9.1 15 170 M M 0 23 160
3 93 64 79 M 0 14 0.00 M M 7.4 13 180 M M 0 22 170
4 M 70 M M M M 0.00 M M 7.3 12 160 M M 0 23 170
5 81 66 74 M 0 9 0.00 M M 5.5 17 20 M M 8 18 180
6 84 59 72 M 0 7 0.00 M M 3.8 8 120 M M 3 16 100
7 86 55 71 M 0 6 0.00 M M 8.6 15 160 M M 5 27 160
8 79 61 70 M 0 5 0.00 M M 10.2 16 340 M M 5 28 190
9 79 55 67 M 0 2 0.00 M M 3.0 8 70 M M 2 M M
10 81 50 66 M 0 1 0.00 M M 3.1 9 100 M M 0 M M
11 82 72 77 M 0 12 0.00 M M 9.0 13 170 M M 5 20 140
12 73 64 69 M 0 4 0.23 M M 3.4 9 140 M M 9 3 M M
13 88 66 77 M 0 12 0.00 M M 7.3 13 140 M M 7 1 21 190
14 90 66 78 M 0 13 0.00 M M 6.2 13 160 M M 0 28 180
15 90 63 77 M 0 12 0.12 M M 9.7 23 300 M M 7 3 39 300
16 81 61 71 M 0 6 0.02 M M 7.3 13 340 M M 5 3 21 330
17 88 63 76 M 0 11 0.00 M M 2.9 9 340 M M 0 M M
18 93 64 79 M 0 14 0.00 M M 5.1 10 200 M M 0 18 180
19 99 70 85 M 0 20 0.00 M M 5.7 13 190 M M 0 17 190
20 97 72 85 M 0 20 0.00 M M 7.2 10 150 M M 0 18 150
21 93 70 82 M 0 17 0.00 M M 8.0 13 140 M M 3 3 20 180
22 93 73 83 M 0 18 0.00 M M 9.7 14 150 M M 5 3 22 160
23 91 72 82 M 0 17 0.00 M M 9.5 15 170 M M 4 22 180
24 93 64 79 M 0 14 0.05 M M 8.6 15 180 M M 6 3 25 100
25 79 63 71 M 0 6 0.01 M M 2.2 8 70 M M 7 3 M M
26 82 63 73 M 0 8 0.00 M M 3.7 9 280 M M 5 3 17 280
27 91 61 76 M 0 11 0.00 M M 4.9 18 340 M M 2 3 28 340
28 88 63 76 M 0 11 T M M 2.2 7 240 M M 4 13 M M
29 88 64 76 M 0 11 0.00 M M 3.9 10 360 M M 0 18 30
30 86 61 74 M 0 9 0.00 M M 3.0 12 30 M M 1 M M
31 84 64 74 M 0 9 0.00 0.0 0 2.7 8 120 M M 5 3 M M
================================================================================
SM 2613 1986 0 324 0.43 0.0 189.2 M 98
================================================================================
AV 87.1 64.1 6.1 FASTST M M 3 MAX(MPH)
MISC ----> # 23 300 # 39 300
================================================================================
NOTES:
# LAST OF SEVERAL OCCURRENCES
COLUMN 17 PEAK WIND IN M.P.H.
PRELIMINARY LOCAL CLIMATOLOGICAL DATA (WS FORM: F-6) , PAGE 2
STATION: Horseshoe Bay
MONTH: MAY
YEAR: 2020
LATITUDE: 30 31 N
LONGITUDE: 98 22 W
[TEMPERATURE DATA] [PRECIPITATION DATA] SYMBOLS USED IN COLUMN 16
AVERAGE MONTHLY: 75.6 TOTAL FOR MONTH: 0.43 1 = FOG OR MIST
DPTR FM NORMAL: M DPTR FM NORMAL: M 2 = FOG REDUCING VISIBILITY
HIGHEST: 99 ON 19 GRTST 24HR 0.23 ON 12-12 TO 1/4 MILE OR LESS
LOWEST: 50 ON 10 3 = THUNDER
SNOW, ICE PELLETS, HAIL 4 = ICE PELLETS
TOTAL MONTH: 0.0 INCH 5 = HAIL
GRTST 24HR 0.0 6 = FREEZING RAIN OR DRIZZLE
GRTST DEPTH: 0 7 = DUSTSTORM OR SANDSTORM:
VSBY 1/2 MILE OR LESS
8 = SMOKE OR HAZE
[NO. OF DAYS WITH] [WEATHER - DAYS WITH] 9 = BLOWING SNOW
X = TORNADO
MAX 32 OR BELOW: 0 0.01 INCH OR MORE: 5
MAX 90 OR ABOVE: 13 0.10 INCH OR MORE: 2
MIN 32 OR BELOW: 0 0.50 INCH OR MORE: 0
MIN 0 OR BELOW: 0 1.00 INCH OR MORE: 0
[HDD (BASE 65) ]
TOTAL THIS MO. 0 CLEAR (SCALE 0-3) 14
DPTR FM NORMAL M PTCLDY (SCALE 4-7) 15
TOTAL FM JUL 1 1644 CLOUDY (SCALE 8-10) 2
DPTR FM NORMAL M
[CDD (BASE 65) ]
TOTAL THIS MO. 324
DPTR FM NORMAL M [PRESSURE DATA]
TOTAL FM JAN 1 612 HIGHEST SLP M ON M
DPTR FM NORMAL M LOWEST SLP M ON M
[REMARKS]
#FINAL-05-20#