000
CXUS53 KGID 012136
CF6EAR
PRELIMINARY LOCAL CLIMATOLOGICAL DATA (WS FORM: F-6)
STATION: KEARNEY NE
MONTH: OCTOBER
YEAR: 2021
LATITUDE: 40 43 N
LONGITUDE: 99 0 W
TEMPERATURE IN F: :PCPN: SNOW: WIND :SUNSHINE: SKY :PK WND
================================================================================
1 2 3 4 5 6A 6B 7 8 9 10 11 12 13 14 15 16 17 18
12Z AVG MX 2MIN
DY MAX MIN AVG DEP HDD CDD WTR SNW DPTH SPD SPD DIR MIN PSBL S-S WX SPD DR
================================================================================
1 66 54 60 2 5 0 0.00 M M 5.9 9 300 M M 8 1 M M
2 70 51 61 3 4 0 0.00 M M 6.9 15 350 M M 3 M M
3 79 44 62 5 3 0 0.00 M M 4.8 9 290 M M 0 M M
4 82 44 63 6 2 0 0.00 M M 4.8 14 50 M M 0 18 50
5 78 44 61 5 4 0 0.00 M M 5.2 12 140 M M 0 M M
6 75 44 60 4 5 0 0.00 M M 7.2 15 130 M M 0 1 20 160
7 81 47 64 8 1 0 0.00 M M 9.7 18 140 M M 0 1 25 140
8 85 48 67 12 0 2 0.00 M M 4.2 10 40 M M 0 M M
9 77 56 67 12 0 2 0.00 M M 5.8 12 260 M M 0 M M
10 68 48 58 4 7 0 0.00 M M 10.7 21 350 M M 1 30 340
11 73 40 57 3 8 0 0.00 M M 5.4 10 300 M M 0 M M
12 75 41 58 5 7 0 0.43 M M 16.2 31 150 M M 4 13 41 130
13 60 41 51 -2 14 0 0.16 M M 18.7 31 280 M M 3 47 250
14 54 32 43 -9 22 0 T M M 6.1 13 340 M M 5 M M
15 57 32 45 -7 20 0 0.00 M M 10.7 23 300 M M 2 32 300
16 67 32 50 -1 15 0 0.00 M M 7.3 12 300 M M 0 17 300
17 76 37 57 6 8 0 0.00 M M 8.6 17 190 M M 0 23 200
18 74 39 57 7 8 0 0.00 M M 13.8 31 170 M M 0 36 170
19 75 45 60 10 5 0 T M M 11.5 18 140 M M 1 24 160
20 56 37 47 -3 18 0 0.00 M M 16.8 25 310 M M 8 1 33 320
21 59 33 46 -3 19 0 0.00 M M 6.8 14 310 M M 1 M M
22 73 32 53 4 12 0 0.00 M M 7.5 16 70 M M 0 M M
23 57 36 47 -1 18 0 T M M 13.5 23 100 M M 5 1 29 100
24 60 38 49 1 16 0 0.01 M M 11.9 20 350 M M 7 1 M M
25 46 40 43 -4 22 0 0.00 M M 10.9 17 150 M M 10 M M
26 63 43 53 6 12 0 0.26 M M 19.1 39 130 M M 10 13 54 130
27 61 44 53 7 12 0 0.23 M M 17.8 28 340 M M 8 1 37 340
28 60 43 52 6 13 0 0.00 M M 22.7 36 340 M M 0 50 340
29 61 34 48 2 17 0 0.00 M M 8.2 14 350 M M 0 M M
30 67 36 52 7 13 0 0.00 M M 14.8 30 10 M M 0 39 350
31 43 36 40 -5 25 0 T M M 10.9 18 350 M M 9 M M
================================================================================
SM 2078 1271 335 4 1.09 M 324.4 M 85
================================================================================
AV 67.0 41.0 10.5 FASTST M M 3 MAX(MPH)
MISC ----> 39 130 M M
================================================================================
NOTES:
# LAST OF SEVERAL OCCURRENCES
COLUMN 17 PEAK WIND IN M.P.H.
PRELIMINARY LOCAL CLIMATOLOGICAL DATA (WS FORM: F-6) , PAGE 2
STATION: KEARNEY NE
MONTH: OCTOBER
YEAR: 2021
LATITUDE: 40 43 N
LONGITUDE: 99 0 W
[TEMPERATURE DATA] [PRECIPITATION DATA] SYMBOLS USED IN COLUMN 16
AVERAGE MONTHLY: 54.0 TOTAL FOR MONTH: 1.09 1 = FOG OR MIST
DPTR FM NORMAL: 2.7 DPTR FM NORMAL: -1.04 2 = FOG REDUCING VISIBILITY
HIGHEST: 85 ON 8 GRTST 24HR 0.59 ON 12-13 TO 1/4 MILE OR LESS
LOWEST: 32 ON 22,16 3 = THUNDER
SNOW, ICE PELLETS, HAIL 4 = ICE PELLETS
TOTAL MONTH: M 5 = HAIL
GRTST 24HR M ON M 6 = FREEZING RAIN OR DRIZZLE
GRTST DEPTH: M ON M 7 = DUSTSTORM OR SANDSTORM:
VSBY 1/2 MILE OR LESS
8 = SMOKE OR HAZE
[NO. OF DAYS WITH] [WEATHER - DAYS WITH] 9 = BLOWING SNOW
X = TORNADO
MAX 32 OR BELOW: 0 0.01 INCH OR MORE: 5
MAX 90 OR ABOVE: 0 0.10 INCH OR MORE: 4
MIN 32 OR BELOW: 4 0.50 INCH OR MORE: 0
MIN 0 OR BELOW: 0 1.00 INCH OR MORE: 0
[HDD (BASE 65) ]
TOTAL THIS MO. 335 CLEAR (SCALE 0-3) 21
DPTR FM NORMAL -109 PTCLDY (SCALE 4-7) 6
TOTAL FM JUL 1 373 CLOUDY (SCALE 8-10) 4
DPTR FM NORMAL -211
[CDD (BASE 65) ]
TOTAL THIS MO. 4
DPTR FM NORMAL 0 [PRESSURE DATA]
TOTAL FM JAN 1 1123 HIGHEST SLP 30.34 ON 16
DPTR FM NORMAL 255 LOWEST SLP 29.37 ON 26
[REMARKS]
#FINAL-10-21#