000
CXUS56 KOTX 010910
CF6EAT
PRELIMINARY LOCAL CLIMATOLOGICAL DATA (WS FORM: F-6)
STATION: WENATCHEE WA PANGBORN FIELD
MONTH: APRIL
YEAR: 2021
LATITUDE: 47 23 N
LONGITUDE: 120 12 W
TEMPERATURE IN F: :PCPN: SNOW: WIND :SUNSHINE: SKY :PK WND
================================================================================
1 2 3 4 5 6A 6B 7 8 9 10 11 12 13 14 15 16 17 18
12Z AVG MX 2MIN
DY MAX MIN AVG DEP HDD CDD WTR SNW DPTH SPD SPD DIR MIN PSBL S-S WX SPD DR
================================================================================
1 66 36 51 2 14 0 0.00 M M 8.4 22 290 M M 0 26 290
2 64 38 51 2 14 0 0.00 M M 7.0 18 310 M M 0 21 310
3 66 40 53 4 12 0 0.00 M M 8.6 14 280 M M 1 18 330
4 60 39 50 1 15 0 0.00 M M 13.7 31 310 M M 3 39 310
5 63 34 49 -1 16 0 0.00 M M 11.9 21 300 M M 0 24 290
6 66 37 52 2 13 0 0.00 M M 7.4 14 130 M M 0 17 150
7 56 40 48 -2 17 0 0.00 M M 9.2 26 250 M M 1 34 260
8 54 35 45 -5 20 0 T M M 18.1 35 310 M M 1 40 310
9 59 31 45 -5 20 0 0.00 M M 7.3 25 310 M M 2 29 290
10 50 33 42 -8 23 0 0.00 M M 14.5 36 290 M M 3 48 290
11 54 29 42 -9 23 0 0.00 M M 8.2 18 230 M M 0 24 230
12 56 29 43 -8 22 0 0.00 M M 10.0 25 30 M M 2 34 30
13 61 45 53 2 12 0 0.00 M M 13.8 31 30 M M 0 43 20
14 72 34 53 2 12 0 0.00 M M 6.9 21 40 M M 1 32 40
15 74 42 58 7 7 0 0.00 M M 5.0 15 80 M M 0 19 80
16 72 41 57 5 8 0 0.00 M M 5.8 13 290 M M 0 16 320
17 76 44 60 8 5 0 0.00 M M 8.5 18 310 M M 0 21 310
18 82 47 65 13 0 0 0.00 M M 14.0 32 30 M M 0 43 40
19 62 44 53 1 12 0 0.00 M M 8.9 21 120 M M 3 27 120
20 65 34 50 -2 15 0 0.00 M M 4.8 12 280 M M 0 17 220
21 74 41 58 5 7 0 0.00 M M 11.6 26 290 M M 0 30 290
22 71 50 61 8 4 0 0.00 M M 12.0 24 300 M M 1 30 300
23 69 41 55 2 10 0 0.00 M M 7.5 16 120 M M 2 21 120
24 56 44 50 -3 15 0 0.02 M M 7.2 15 300 M M 10 17 310
25 62 42 52 -2 13 0 0.00 M M 7.2 17 300 M M 3 3 23 40
26 67 40 54 0 11 0 0.00 M M 10.3 24 310 M M 1 30 300
27 68 42 55 1 10 0 0.00 M M 10.6 23 310 M M 0 27 310
28 68 50 59 5 6 0 0.00 M M 7.2 23 310 M M 0 26 320
29 79 54 67 12 0 2 0.00 M M 7.6 18 300 M M 0 23 310
30 75 56 66 11 0 1 0.00 M M 12.1 29 270 M M 2 35 250
================================================================================
SM 1967 1212 356 3 0.02 M 285.3 M 36
================================================================================
AV 65.6 40.4 9.5 FASTST M M 1 MAX(MPH)
MISC ----> 36 290 48 290
================================================================================
NOTES:
# LAST OF SEVERAL OCCURRENCES
COLUMN 17 PEAK WIND IN M.P.H.
PRELIMINARY LOCAL CLIMATOLOGICAL DATA (WS FORM: F-6) , PAGE 2
STATION: WENATCHEE WA PANGBORN FIELD
MONTH: APRIL
YEAR: 2021
LATITUDE: 47 23 N
LONGITUDE: 120 12 W
[TEMPERATURE DATA] [PRECIPITATION DATA] SYMBOLS USED IN COLUMN 16
AVERAGE MONTHLY: 53.0 TOTAL FOR MONTH: 0.02 1 = FOG OR MIST
DPTR FM NORMAL: 1.4 DPTR FM NORMAL: -0.44 2 = FOG REDUCING VISIBILITY
HIGHEST: 82 ON 18 GRTST 24HR 0.02 ON 24-24 TO 1/4 MILE OR LESS
LOWEST: 29 ON 12,11 3 = THUNDER
SNOW, ICE PELLETS, HAIL 4 = ICE PELLETS
TOTAL MONTH: M 5 = HAIL
GRTST 24HR M ON M 6 = FREEZING RAIN OR DRIZZLE
GRTST DEPTH: M ON M 7 = DUSTSTORM OR SANDSTORM:
VSBY 1/2 MILE OR LESS
8 = SMOKE OR HAZE
[NO. OF DAYS WITH] [WEATHER - DAYS WITH] 9 = BLOWING SNOW
X = TORNADO
MAX 32 OR BELOW: 0 0.01 INCH OR MORE: 1
MAX 90 OR ABOVE: 0 0.10 INCH OR MORE: 0
MIN 32 OR BELOW: 3 0.50 INCH OR MORE: 0
MIN 0 OR BELOW: 0 1.00 INCH OR MORE: 0
[HDD (BASE 65) ]
TOTAL THIS MO. 356 CLEAR (SCALE 0-3) 28
DPTR FM NORMAL -48 PTCLDY (SCALE 4-7) 1
TOTAL FM JUL 1 5242 CLOUDY (SCALE 8-10) 1
DPTR FM NORMAL -273
[CDD (BASE 65) ]
TOTAL THIS MO. 3
DPTR FM NORMAL -33 [PRESSURE DATA]
TOTAL FM JAN 1 3 HIGHEST SLP M ON M
DPTR FM NORMAL -35 LOWEST SLP 29.59 ON 25
[REMARKS]
#FINAL-04-21#