000
CXUS51 KAKQ 010710
CF6ECG
PRELIMINARY LOCAL CLIMATOLOGICAL DATA (WS FORM: F-6)
STATION: ELIZABETH CITY NC
MONTH: AUGUST
YEAR: 2022
LATITUDE: 36 16 N
LONGITUDE: 76 11 W
TEMPERATURE IN F: :PCPN: SNOW: WIND :SUNSHINE: SKY :PK WND
================================================================================
1 2 3 4 5 6A 6B 7 8 9 10 11 12 13 14 15 16 17 18
12Z AVG MX 2MIN
DY MAX MIN AVG DEP HDD CDD WTR SNW DPTH SPD SPD DIR MIN PSBL S-S WX SPD DR
================================================================================
1 91 74 83 4 0 18 0.34 0.0 0 8.5 31 260 M M 2 13 42 270
2 92 74 83 4 0 18 0.00 0.0 M 8.3 15 270 M M 1 20 270
3 94 75 85 6 0 20 0.00 0.0 0 5.8 14 60 M M 1 1 16 50
4 93 75 84 5 0 19 0.09 0.0 0 8.5 21 280 M M 0 13 26 280
5 90 77 84 5 0 19 0.09 0.0 0 8.2 18 300 M M 1 3 24 300
6 90 73 82 3 0 17 T 0.0 0 5.4 15 170 M M 2 21 130
7 91 72 82 3 0 17 0.03 0.0 0 6.9 16 210 M M 1 8 24 180
8 91 75 83 4 0 18 0.00 0.0 0 9.8 17 200 M M 1 22 210
9 93 76 85 6 0 20 0.00 0.0 0 11.3 16 200 M M 1 28 260
10 95 72 84 5 0 19 0.37 0.0 0 10.3 28 350 M M 1 13 35 360
11 90 73 82 3 0 17 0.43 0.0 0 8.1 20 240 M M 2 13 30 250
12 78 67 73 -6 0 8 0.73 0.0 0 5.2 15 350 M M 5 1 19 10
13 84 62 73 -6 0 8 0.00 0.0 0 6.9 15 50 M M 0 1 18 40
14 82 60 71 -8 0 6 T 0.0 0 6.8 15 40 M M 0 18 40
15 81 67 74 -5 0 9 T 0.0 0 7.8 16 40 M M 6 20 40
16 83 64 74 -5 0 9 T 0.0 0 9.3 20 40 M M 5 23 40
17 80 63 72 -6 0 7 0.00 0.0 0 12.5 22 40 M M 2 25 40
18 85 58 72 -6 0 7 0.00 0.0 0 4.1 12 160 M M 0 1 24 100
19 84 64 74 -4 0 9 0.00 0.0 0 4.3 12 120 M M 1 16 110
20 85 72 79 1 0 14 0.76 0.0 0 6.3 14 50 M M 4 1 17 100
21 85 71 78 0 0 13 2.19 0.0 0 4.7 32 240 M M 5 123 40 250
22 86 73 80 2 0 15 1.12 0.0 0 7.2 16 240 M M 5 13 21 250
23 84 71 78 0 0 13 0.00 0.0 0 4.6 12 210 M M 2 12 15 240
24 88 70 79 1 0 14 0.00 0.0 0 3.6 10 60 M M 4 12 13 120
25 89 66 78 0 0 13 T 0.0 0 4.1 14 130 M M 1 12 18 120
26 87 72 80 2 0 15 T 0.0 0 4.4 10 200 M M 4 15 200
27 91 71 81 4 0 16 T 0.0 0 4.8 14 110 M M 0 1 17 100
28 88 70 79 2 0 14 0.00 0.0 M 4.9 12 60 M M 0 12 16 60
29 89 74 82 5 0 17 0.00 0.0 0 5.8 14 120 M M 3 12 17 120
30 88 73 81 4 0 16 0.00 0.0 0 8.4 17 210 M M 1 22 220
31 88 71 80 3 0 15 0.00 0.0 0 4.4 14 260 M M 3 32 270
================================================================================
SM 2715 2175 0 440 6.15 0.0 211.2 M 64
================================================================================
AV 87.6 70.2 6.8 FASTST M M 2 MAX(MPH)
MISC ----> 32 240 42 270
================================================================================
NOTES:
# LAST OF SEVERAL OCCURRENCES
COLUMN 17 PEAK WIND IN M.P.H.
PRELIMINARY LOCAL CLIMATOLOGICAL DATA (WS FORM: F-6) , PAGE 2
STATION: ELIZABETH CITY NC
MONTH: AUGUST
YEAR: 2022
LATITUDE: 36 16 N
LONGITUDE: 76 11 W
[TEMPERATURE DATA] [PRECIPITATION DATA] SYMBOLS USED IN COLUMN 16
AVERAGE MONTHLY: 78.9 TOTAL FOR MONTH: 6.15 1 = FOG OR MIST
DPTR FM NORMAL: 0.5 DPTR FM NORMAL: 0.83 2 = FOG REDUCING VISIBILITY
HIGHEST: 95 ON 10 GRTST 24HR 3.31 ON 21-22 TO 1/4 MILE OR LESS
LOWEST: 58 ON 18 3 = THUNDER
SNOW, ICE PELLETS, HAIL 4 = ICE PELLETS
TOTAL MONTH: 0.0 INCH 5 = HAIL
GRTST 24HR 0.0 6 = FREEZING RAIN OR DRIZZLE
GRTST DEPTH: 0 7 = DUSTSTORM OR SANDSTORM:
VSBY 1/2 MILE OR LESS
8 = SMOKE OR HAZE
[NO. OF DAYS WITH] [WEATHER - DAYS WITH] 9 = BLOWING SNOW
X = TORNADO
MAX 32 OR BELOW: 0 0.01 INCH OR MORE: 10
MAX 90 OR ABOVE: 12 0.10 INCH OR MORE: 7
MIN 32 OR BELOW: 0 0.50 INCH OR MORE: 4
MIN 0 OR BELOW: 0 1.00 INCH OR MORE: 2
[HDD (BASE 65) ]
TOTAL THIS MO. 0 CLEAR (SCALE 0-3) 23
DPTR FM NORMAL 0 PTCLDY (SCALE 4-7) 8
TOTAL FM JUL 1 0 CLOUDY (SCALE 8-10) 0
DPTR FM NORMAL 0
[CDD (BASE 65) ]
TOTAL THIS MO. 440
DPTR FM NORMAL 25 [PRESSURE DATA]
TOTAL FM JAN 1 1542 HIGHEST SLP M ON M
DPTR FM NORMAL 126 LOWEST SLP 29.84 ON 30
[REMARKS]
#FINAL-08-22#