000
CXUS52 KTAE 010800
CF6ECP
PRELIMINARY LOCAL CLIMATOLOGICAL DATA (WS FORM: F-6)
STATION: PANAMA CITY NW
MONTH: AUGUST
YEAR: 2021
LATITUDE: 30 21 N
LONGITUDE: 85 48 W
TEMPERATURE IN F: :PCPN: SNOW: WIND :SUNSHINE: SKY :PK WND
================================================================================
1 2 3 4 5 6A 6B 7 8 9 10 11 12 13 14 15 16 17 18
12Z AVG MX 2MIN
DY MAX MIN AVG DEP HDD CDD WTR SNW DPTH SPD SPD DIR MIN PSBL S-S WX SPD DR
================================================================================
1 93 75 84 2 0 19 1.06 0.0 M 6.4 23 190 M M 2 138 33 200
2 90 75 83 1 0 18 0.64 0.0 0 5.0 20 340 M M 4 138 25 360
3 86 74 80 -2 0 15 3.06 0.0 0 3.9 23 170 M M 6 138 26 170
4 86 73 80 -2 0 15 0.74 0.0 0 4.6 13 10 M M 6 1 16 10
5 90 74 82 0 0 17 T 0.0 0 5.5 14 70 M M 7 19 40
6 90 71 81 -1 0 16 0.00 0.0 0 3.5 10 30 M M 3 13 30
7 90 74 82 0 0 17 T 0.0 0 3.8 14 200 M M 2 17 200
8 91 74 83 1 0 18 0.04 0.0 0 3.1 15 210 M M 3 13 18 210
9 92 75 84 2 0 19 T 0.0 0 2.6 13 170 M M 3 13 17 170
10 94 73 84 2 0 19 0.43 M M 3.8 23 210 M M 4 13 29 50
11 91 73 82 0 0 17 0.77 M M 4.4 23 340 M M 2 138 28 340
12 92 73 83 1 0 18 0.21 0.0 M 3.6 24 90 M M 3 13 33 100
13 94 72 83 1 0 18 0.31 0.0 0 3.7 20 230 M M 3 3 28 10
14 95 73 84 2 0 19 0.75 0.0 0 4.4 23 50 M M 3 13 30 50
15 89 73 81 -1 0 16 0.59 0.0 M 6.2 22 130 M M 4 13 37 130
16 78 69 74 -8 0 9 2.16 0.0 0 18.9 36 10 M M 7 13 58 40
17 90 72 81 -1 0 16 T 0.0 0 5.7 13 200 M M 4 18 240
18 91 73 82 0 0 17 T 0.0 0 4.7 15 180 M M 3 3 19 160
19 91 74 83 1 0 18 0.00 0.0 0 3.5 13 160 M M 2 1 17 180
20 93 73 83 1 0 18 0.08 0.0 0 4.7 16 210 M M 3 13 21 200
21 88 71 80 -2 0 15 0.53 0.0 0 2.8 15 180 M M 4 13 21 240
22 90 70 80 -2 0 15 M 0.0 0 6.4 20 170 M M 3 13 24 160
23 90 73 82 0 0 17 0.99 0.0 0 4.7 17 170 M M 5 13 26 170
24 88 72 80 -2 0 15 0.08 0.0 0 3.4 26 30 M M 5 138 26 30
25 88 75 82 0 0 17 0.60 0.0 0 4.2 26 160 M M 4 1 34 160
26 91 73 82 0 0 17 0.03 0.0 0 5.6 20 110 M M 2 18 25 130
27 90 73 82 1 0 17 0.70 0.0 0 5.8 28 100 M M 3 13 36 100
28 90 74 82 1 0 17 0.00 0.0 0 8.9 17 100 M M 5 23 90
29 83 74 79 -2 0 14 1.45 0.0 0 6.2 26 150 M M 3 138 37 150
30 83 74 79 -2 0 14 0.27 0.0 0 9.5 31 190 M M 3 13 41 190
31 83 74 79 -2 0 14 2.32 0.0 M 13.4 36 180 M M 9 138 51 160
================================================================================
SM 2770 2266 0 511 17.81 0.0 172.9 M 120
================================================================================
AV 89.4 73.1 5.6 FASTST M M 4 MAX(MPH)
MISC ----> # 36 10 58 40
================================================================================
NOTES:
# LAST OF SEVERAL OCCURRENCES
COLUMN 17 PEAK WIND IN M.P.H.
PRELIMINARY LOCAL CLIMATOLOGICAL DATA (WS FORM: F-6) , PAGE 2
STATION: PANAMA CITY NW
MONTH: AUGUST
YEAR: 2021
LATITUDE: 30 21 N
LONGITUDE: 85 48 W
[TEMPERATURE DATA] [PRECIPITATION DATA] SYMBOLS USED IN COLUMN 16
AVERAGE MONTHLY: 81.2 TOTAL FOR MONTH: 17.81 1 = FOG OR MIST
DPTR FM NORMAL: -0.6 DPTR FM NORMAL: 10.68 2 = FOG REDUCING VISIBILITY
HIGHEST: 95 ON 14 GRTST 24HR 3.61 ON 2- 3 TO 1/4 MILE OR LESS
LOWEST: 69 ON 16 3 = THUNDER
SNOW, ICE PELLETS, HAIL 4 = ICE PELLETS
TOTAL MONTH: 0.0 INCH 5 = HAIL
GRTST 24HR 0.0 6 = FREEZING RAIN OR DRIZZLE
GRTST DEPTH: 0 7 = DUSTSTORM OR SANDSTORM:
VSBY 1/2 MILE OR LESS
8 = SMOKE OR HAZE
[NO. OF DAYS WITH] [WEATHER - DAYS WITH] 9 = BLOWING SNOW
X = TORNADO
MAX 32 OR BELOW: 0 0.01 INCH OR MORE: 22
MAX 90 OR ABOVE: 21 0.10 INCH OR MORE: 18
MIN 32 OR BELOW: 0 0.50 INCH OR MORE: 14
MIN 0 OR BELOW: 0 1.00 INCH OR MORE: 5
[HDD (BASE 65) ]
TOTAL THIS MO. 0 CLEAR (SCALE 0-3) 14
DPTR FM NORMAL 0 PTCLDY (SCALE 4-7) 16
TOTAL FM JUL 1 0 CLOUDY (SCALE 8-10) 1
DPTR FM NORMAL 0
[CDD (BASE 65) ]
TOTAL THIS MO. 511
DPTR FM NORMAL -10 [PRESSURE DATA]
TOTAL FM JAN 1 1882 HIGHEST SLP M ON M
DPTR FM NORMAL -77 LOWEST SLP 29.58 ON 16
[REMARKS]
#FINAL-08-21#