035
CXUS52 KTAE 010800
CF6ECP
PRELIMINARY LOCAL CLIMATOLOGICAL DATA (WS FORM: F-6)
STATION: PANAMA CITY NW
MONTH: JULY
YEAR: 2020
LATITUDE: 30 21 N
LONGITUDE: 85 48 W
TEMPERATURE IN F: :PCPN: SNOW: WIND :SUNSHINE: SKY :PK WND
================================================================================
1 2 3 4 5 6A 6B 7 8 9 10 11 12 13 14 15 16 17 18
12Z AVG MX 2MIN
DY MAX MIN AVG DEP HDD CDD WTR SNW DPTH SPD SPD DIR MIN PSBL S-S WX SPD DR
================================================================================
1 87 73 80 M 0 15 0.03 0.0 0 4.7 21 220 M M 2 13 24 220
2 91 70 81 M 0 16 T 0.0 0 8.2 22 240 M M 3 3 27 180
3 93 73 83 M 0 18 0.77 0.0 0 5.3 23 200 M M 3 13 29 200
4 92 71 82 M 0 17 0.95 0.0 0 3.6 20 30 M M 2 13 27 40
5 86 73 80 M 0 15 0.24 0.0 0 4.9 14 160 M M 5 13 18 160
6 88 74 81 M 0 16 0.01 0.0 0 6.6 17 220 M M 6 13 27 190
7 86 76 81 M 0 16 2.36 0.0 0 8.5 28 250 M M 4 13 35 260
8 91 74 83 M 0 18 0.00 0.0 0 7.3 18 230 M M 2 27 240
9 91 75 83 M 0 18 0.71 0.0 0 6.2 33 300 M M 6 138 50 310
10 92 77 85 M 0 20 0.07 0.0 0 6.3 26 280 M M 2 38 33 270
11 95 76 86 M 0 21 0.00 0.0 0 6.6 16 310 M M 1 1 43 80
12 95 71 83 M 0 18 0.38 0.0 0 6.5 30 320 M M 1 13 41 330
13 90 73 82 M 0 17 0.03 0.0 0 5.1 13 180 M M 3 3 30 210
14 91 78 85 M 0 20 0.00 0.0 0 5.7 20 170 M M 2 3 40 100
15 90 74 82 M 0 17 0.04 0.0 0 2.7 17 280 M M 4 13 22 290
16 91 72 82 M 0 17 T 0.0 0 3.9 15 160 M M 1 3 22 30
17 95 74 85 M 0 20 T 0.0 0 4.0 17 130 M M 1 25 130
18 95 75 85 M 0 20 T 0.0 0 3.5 25 140 M M 2 13 32 140
19 95 75 85 M 0 20 T 0.0 0 3.7 15 180 M M 2 3 21 180
20 95 74 85 M 0 20 0.60 0.0 0 4.6 25 110 M M 4 138 32 110
21 92 73 83 M 0 18 0.29 0.0 0 3.1 21 130 M M 2 13 27 130
22 94 73 84 M 0 19 0.05 0.0 0 7.4 86 110 M M 2 13 86 110
23 87 75 81 M 0 16 1.16 0.0 0 6.9 20 100 M M 5 13 23 50
24 90 74 82 M 0 17 0.84 0.0 0 5.8 22 130 M M 5 13 27 120
25 91 72 82 M 0 17 0.49 0.0 0 4.8 33 130 M M 2 13 47 140
26 90 74 82 M 0 17 0.26 0.0 0 3.6 23 110 M M 3 13 31 110
27 88 72 80 M 0 15 0.00 0.0 0 4.6 16 210 M M 2 20 210
28 81 74 78 M 0 13 2.08 0.0 0 3.7 16 290 M M 5 13 27 40
29 88 75 82 M 0 17 0.35 0.0 0 4.6 17 270 M M 5 1 26 170
30 91 77 84 M 0 19 0.00 0.0 0 6.6 18 210 M M 2 28 180
31 90 76 83 M 0 18 0.00 0.0 0 5.9 16 210 M M 3 30 240
================================================================================
SM 2811 2293 0 545 11.71 0.0 164.9 M 92
================================================================================
AV 90.7 74.0 5.3 FASTST M M 3 MAX(MPH)
MISC ----> # 86 110 # 86 110
================================================================================
NOTES:
# LAST OF SEVERAL OCCURRENCES
COLUMN 17 PEAK WIND IN M.P.H.
PRELIMINARY LOCAL CLIMATOLOGICAL DATA (WS FORM: F-6) , PAGE 2
STATION: PANAMA CITY NW
MONTH: JULY
YEAR: 2020
LATITUDE: 30 21 N
LONGITUDE: 85 48 W
[TEMPERATURE DATA] [PRECIPITATION DATA] SYMBOLS USED IN COLUMN 16
AVERAGE MONTHLY: 82.3 TOTAL FOR MONTH: 11.71 1 = FOG OR MIST
DPTR FM NORMAL: M DPTR FM NORMAL: M 2 = FOG REDUCING VISIBILITY
HIGHEST: 95 ON 20,19 GRTST 24HR 2.36 ON 7- 7 TO 1/4 MILE OR LESS
LOWEST: 70 ON 2 3 = THUNDER
SNOW, ICE PELLETS, HAIL 4 = ICE PELLETS
TOTAL MONTH: 0.0 INCH 5 = HAIL
GRTST 24HR 0.0 6 = FREEZING RAIN OR DRIZZLE
GRTST DEPTH: 0 7 = DUSTSTORM OR SANDSTORM:
VSBY 1/2 MILE OR LESS
8 = SMOKE OR HAZE
[NO. OF DAYS WITH] [WEATHER - DAYS WITH] 9 = BLOWING SNOW
X = TORNADO
MAX 32 OR BELOW: 0 0.01 INCH OR MORE: 20
MAX 90 OR ABOVE: 23 0.10 INCH OR MORE: 14
MIN 32 OR BELOW: 0 0.50 INCH OR MORE: 8
MIN 0 OR BELOW: 0 1.00 INCH OR MORE: 3
[HDD (BASE 65) ]
TOTAL THIS MO. 0 CLEAR (SCALE 0-3) 20
DPTR FM NORMAL M PTCLDY (SCALE 4-7) 11
TOTAL FM JUL 1 0 CLOUDY (SCALE 8-10) 0
DPTR FM NORMAL M
[CDD (BASE 65) ]
TOTAL THIS MO. 545
DPTR FM NORMAL M [PRESSURE DATA]
TOTAL FM JAN 1 1666 HIGHEST SLP 30.20 ON 17
DPTR FM NORMAL M LOWEST SLP 29.83 ON 12
[REMARKS]
#FINAL-07-20#