000
CXUS54 KEWX 011110
CF6ECU
PRELIMINARY LOCAL CLIMATOLOGICAL DATA (WS FORM: F-6)
STATION: EDWARDS COUNTY AIRPORT
MONTH: FEBRUARY
YEAR: 2021
LATITUDE: 29 57 N
LONGITUDE: 100 10 W
TEMPERATURE IN F: :PCPN: SNOW: WIND :SUNSHINE: SKY :PK WND
================================================================================
1 2 3 4 5 6A 6B 7 8 9 10 11 12 13 14 15 16 17 18
12Z AVG MX 2MIN
DY MAX MIN AVG DEP HDD CDD WTR SNW DPTH SPD SPD DIR MIN PSBL S-S WX SPD DR
================================================================================
1 63 39 51 M 14 0 0.00 M M 4.8 8 10 M M 0 13 20
2 64 39 52 M 13 0 0.00 M M 10.3 16 160 M M 0 24 160
3 72 45 59 M 6 0 0.00 M M 11.3 17 170 M M 0 21 170
4 81 52 67 M 0 2 0.00 M M 11.4 20 300 M M 2 128 29 300
5 68 43 56 M 9 0 0.00 M M 8.1 13 250 M M 3 23 60
6 68 41 55 M 10 0 0.00 M M 10.6 20 320 M M 4 12 29 320
7 66 39 53 M 12 0 0.00 M M 12.4 20 160 M M 2 26 180
8 73 50 62 M 3 0 0.00 M M 10.2 21 150 M M 3 1 26 150
9 73 54 64 M 1 0 0.00 M M 9.9 16 140 M M 5 12 24 170
10 66 34 50 M 15 0 0.00 M M 11.7 17 30 M M 10 128 25 30
11 32 28 30 M 35 0 1.20 M M 12.7 18 20 M M 6 1 27 20
12 28 25 27 M 38 0 0.00 M M 11.2 21 70 M M 0 1 35 70
13 25 23 24 M 41 0 0.00 M M 11.2 18 30 M M 0 1 25 20
14 25 5 15 M 50 0 0.00 M M 12.9 22 360 M M 0 1 31 360
15 19 5 12 M 53 0 0.00 M M 11.8 20 350 M M 5 28 350
16 30 16 23 M 42 0 0.18 M M 10.5 18 170 M M 4 28 160
17 32 28 30 M 35 0 0.08 M M 5.6 14 M M M 3 12 21 180
18 M M M M M M 0.00 M M M M M M M M M M
19 45 30 38 M 27 0 0.00 M M 6.7 9 170 M M 0 M M
20 55 28 42 M 23 0 0.00 M M 12.9 22 170 M M 0 28 170
21 70 43 57 M 8 0 0.00 M M 11.8 22 170 M M 4 1 31 170
22 70 43 57 M 8 0 0.00 M M 7.5 12 230 M M 3 18 170
23 72 46 59 M 6 0 0.00 M M 12.2 17 160 M M 3 2 25 160
24 81 55 68 M 0 3 0.04 M M 8.1 14 170 M M 4 12 20 170
25 64 45 55 M 10 0 0.00 M M 8.5 13 70 M M 10 1 18 70
26 72 41 57 M 8 0 0.00 M M 7.3 14 360 M M 7 12 22 360
27 68 55 62 M 3 0 0.00 M M 7.9 13 160 M M 9 12 18 170
28 75 55 65 M 0 0 0.00 M M 7.8 16 150 M M 7 1 23 150
================================================================================
SM 1557 1007 470 5 1.50 M 267.3 M 94
================================================================================
AV 57.7 37.3 9.9 FASTST M M 3 MAX(MPH)
MISC ----> 22 360 35 70
================================================================================
NOTES:
# LAST OF SEVERAL OCCURRENCES
COLUMN 17 PEAK WIND IN M.P.H.
PRELIMINARY LOCAL CLIMATOLOGICAL DATA (WS FORM: F-6) , PAGE 2
STATION: EDWARDS COUNTY AIRPORT
MONTH: FEBRUARY
YEAR: 2021
LATITUDE: 29 57 N
LONGITUDE: 100 10 W
[TEMPERATURE DATA] [PRECIPITATION DATA] SYMBOLS USED IN COLUMN 16
AVERAGE MONTHLY: 47.5 TOTAL FOR MONTH: 1.50 1 = FOG OR MIST
DPTR FM NORMAL: 0.0 DPTR FM NORMAL: 1.50 2 = FOG REDUCING VISIBILITY
HIGHEST: 81 ON 24, 4 GRTST 24HR 1.20 ON 11-11 TO 1/4 MILE OR LESS
LOWEST: 5 ON 15,14 3 = THUNDER
SNOW, ICE PELLETS, HAIL 4 = ICE PELLETS
TOTAL MONTH: M 5 = HAIL
GRTST 24HR M ON M 6 = FREEZING RAIN OR DRIZZLE
GRTST DEPTH: M ON M 7 = DUSTSTORM OR SANDSTORM:
VSBY 1/2 MILE OR LESS
8 = SMOKE OR HAZE
[NO. OF DAYS WITH] [WEATHER - DAYS WITH] 9 = BLOWING SNOW
X = TORNADO
MAX 32 OR BELOW: 7 0.01 INCH OR MORE: 4
MAX 90 OR ABOVE: 0 0.10 INCH OR MORE: 2
MIN 32 OR BELOW: 9 0.50 INCH OR MORE: 1
MIN 0 OR BELOW: 0 1.00 INCH OR MORE: 1
[HDD (BASE 65) ]
TOTAL THIS MO. 470 CLEAR (SCALE 0-3) 12
DPTR FM NORMAL M PTCLDY (SCALE 4-7) 12
TOTAL FM JUL 1 1615 CLOUDY (SCALE 8-10) 4
DPTR FM NORMAL M
[CDD (BASE 65) ]
TOTAL THIS MO. 5
DPTR FM NORMAL M [PRESSURE DATA]
TOTAL FM JAN 1 5 HIGHEST SLP M ON M
DPTR FM NORMAL M LOWEST SLP M ON M
[REMARKS]
#FINAL-02-21#