000
CXUS54 KEWX 011110
CF6ECU
PRELIMINARY LOCAL CLIMATOLOGICAL DATA (WS FORM: F-6)
STATION: EDWARDS COUNTY AIRPORT
MONTH: DECEMBER
YEAR: 2023
LATITUDE: 29 57 N
LONGITUDE: 100 10 W
TEMPERATURE IN F: :PCPN: SNOW: WIND :SUNSHINE: SKY :PK WND
================================================================================
1 2 3 4 5 6A 6B 7 8 9 10 11 12 13 14 15 16 17 18
12Z AVG MX 2MIN
DY MAX MIN AVG DEP HDD CDD WTR SNW DPTH SPD SPD DIR MIN PSBL S-S WX SPD DR
================================================================================
1 72 50 61 M 4 0 0.00 M M 5.1 9 350 M M 1 14 350
2 68 48 58 M 7 0 0.00 M M 8.1 17 300 M M 1 24 310
3 70 45 58 M 7 0 0.00 M M 7.6 15 240 M M 0 24 250
4 70 43 57 M 8 0 0.03 M M 6.8 12 70 M M 0 16 40
5 70 46 58 M 7 0 0.00 M M 6.0 12 160 M M 0 15 150
6 66 48 57 M 8 0 0.00 M M 8.1 14 150 M M 0 18 150
7 64 50 57 M 8 0 0.00 M M 12.2 18 160 M M 7 26 170
8 75 57 66 M 0 1 0.00 M M 9.8 17 170 M M 5 1 23 170
9 68 45 57 M 8 0 0.00 M M 11.0 18 350 M M 0 1 30 350
10 54 32 43 M 22 0 0.00 M M 9.7 18 330 M M 0 25 350
11 63 39 51 M 14 0 0.00 M M 8.9 13 150 M M 0 17 200
12 59 43 51 M 14 0 0.00 M M 13.4 21 150 M M 8 1 28 150
13 55 48 52 M 13 0 0.19 M M 11.7 15 100 M M 10 1 25 100
14 57 48 53 M 12 0 0.11 M M 11.0 15 130 M M 10 12 21 130
15 59 45 52 M 13 0 0.06 M M 9.2 16 340 M M 7 12 24 150
16 63 41 52 M 13 0 0.00 M M 9.5 16 330 M M 0 23 350
17 68 45 57 M 8 0 0.00 M M 5.0 10 250 M M 0 18 220
18 66 46 56 M 9 0 0.00 M M 6.1 13 40 M M 0 18 40
19 63 43 53 M 12 0 0.00 0.0 M 10.8 20 170 M M 0 24 170
20 61 50 56 M 9 0 0.00 M M 11.6 18 160 M M 7 28 170
21 61 57 59 M 6 0 0.36 M M 10.4 17 160 M M 10 1 22 140
22 66 57 62 M 3 0 0.00 M M 7.1 12 150 M M 9 12 12 150
23 63 59 61 M 4 0 0.02 M M 14.8 22 160 M M 10 1 29 160
24 64 48 56 M 9 0 0.52 M M 11.5 20 300 M M 4 1 30 290
25 50 36 43 M 22 0 0.00 M M 9.0 14 360 M M 0 23 30
26 57 36 47 M 18 0 0.00 M M 7.5 16 160 M M 1 24 160
27 59 37 48 M 17 0 0.00 M M 7.3 13 320 M M 0 21 300
28 59 37 48 M 17 0 0.00 M M 5.8 10 320 M M 0 17 320
29 55 32 44 M 21 0 0.00 M M 8.7 16 320 M M 0 17 300
30 64 39 52 M 13 0 0.00 M M 6.8 9 160 M M 0 16 250
31 70 43 57 M 8 0 0.00 M M 8.6 15 150 M M 0 17 150
================================================================================
SM 1959 1393 334 1 1.29 0.0 279.1 M 90
================================================================================
AV 63.2 44.9 9.0 FASTST M M 3 MAX(MPH)
MISC ----> 22 160 # 30 350
================================================================================
NOTES:
# LAST OF SEVERAL OCCURRENCES
COLUMN 17 PEAK WIND IN M.P.H.
PRELIMINARY LOCAL CLIMATOLOGICAL DATA (WS FORM: F-6) , PAGE 2
STATION: EDWARDS COUNTY AIRPORT
MONTH: DECEMBER
YEAR: 2023
LATITUDE: 29 57 N
LONGITUDE: 100 10 W
[TEMPERATURE DATA] [PRECIPITATION DATA] SYMBOLS USED IN COLUMN 16
AVERAGE MONTHLY: 54.1 TOTAL FOR MONTH: 1.29 1 = FOG OR MIST
DPTR FM NORMAL: 0.0 DPTR FM NORMAL: M 2 = FOG REDUCING VISIBILITY
HIGHEST: 75 ON 8 GRTST 24HR 0.52 ON 24-24 TO 1/4 MILE OR LESS
LOWEST: 32 ON 29,10 3 = THUNDER
SNOW, ICE PELLETS, HAIL 4 = ICE PELLETS
TOTAL MONTH: 0.0 INCH 5 = HAIL
GRTST 24HR 0.0 6 = FREEZING RAIN OR DRIZZLE
GRTST DEPTH: M ON M 7 = DUSTSTORM OR SANDSTORM:
VSBY 1/2 MILE OR LESS
8 = SMOKE OR HAZE
[NO. OF DAYS WITH] [WEATHER - DAYS WITH] 9 = BLOWING SNOW
X = TORNADO
MAX 32 OR BELOW: 0 0.01 INCH OR MORE: 7
MAX 90 OR ABOVE: 0 0.10 INCH OR MORE: 4
MIN 32 OR BELOW: 2 0.50 INCH OR MORE: 1
MIN 0 OR BELOW: 0 1.00 INCH OR MORE: 0
[HDD (BASE 65) ]
TOTAL THIS MO. 334 CLEAR (SCALE 0-3) 20
DPTR FM NORMAL M PTCLDY (SCALE 4-7) 6
TOTAL FM JUL 1 658 CLOUDY (SCALE 8-10) 5
DPTR FM NORMAL M
[CDD (BASE 65) ]
TOTAL THIS MO. 1
DPTR FM NORMAL M [PRESSURE DATA]
TOTAL FM JAN 1 2949 HIGHEST SLP M ON M
DPTR FM NORMAL M LOWEST SLP M ON M
[REMARKS]
#FINAL-12-23#