000
CXUS55 KGJT 010910
CF6EEO
PRELIMINARY LOCAL CLIMATOLOGICAL DATA (WS FORM: F-6)
STATION: MEEKER CO
MONTH: JUNE
YEAR: 2022
LATITUDE: 40 2 N
LONGITUDE: 107 53 W
TEMPERATURE IN F: :PCPN: SNOW: WIND :SUNSHINE: SKY :PK WND
================================================================================
1 2 3 4 5 6A 6B 7 8 9 10 11 12 13 14 15 16 17 18
12Z AVG MX 2MIN
DY MAX MIN AVG DEP HDD CDD WTR SNW DPTH SPD SPD DIR MIN PSBL S-S WX SPD DR
================================================================================
1 68 29 49 -9 16 0 0.00 M M 5.1 17 30 M M 0 22 40
2 75 33 54 -4 11 0 0.00 M M 4.3 14 320 M M 0 20 290
3 76 38 57 -1 8 0 0.00 M M 5.2 26 330 M M 1 41 320
4 80 39 60 1 5 0 0.00 M M 6.7 21 240 M M 0 30 190
5 75 47 61 2 4 0 T M M 6.5 18 210 M M 5 26 200
6 75 45 60 1 5 0 T M M 6.3 31 310 M M 1 3 49 320
7 79 41 60 0 5 0 0.00 M M 6.9 24 260 M M 1 35 270
8 83 38 61 1 4 0 0.00 M M 4.5 14 280 M M 0 19 300
9 88 50 69 9 0 4 0.00 M M 4.9 23 300 M M 0 31 310
10 90 44 67 7 0 2 0.00 M M 5.3 22 250 M M 0 33 250
11 92 46 69 8 0 4 0.00 M M 6.8 21 260 M M 0 28 230
12 90 50 70 9 0 5 0.00 M M 10.4 29 220 M M 0 47 230
13 85 45 65 4 0 0 0.00 M M 14.3 36 10 M M 0 49 10
14 69 43 56 -6 9 0 0.00 M M 7.4 23 270 M M 3 34 270
15 78 30 54 -8 11 0 0.00 M M 5.8 18 270 M M 0 27 240
16 89 35 62 0 3 0 0.00 M M 5.6 21 220 M M 0 29 210
17 91 46 69 7 0 4 0.01 M M 11.1 38 150 M M 1 58 150
18 80 59 70 7 0 5 0.07 M M 9.1 26 280 M M 5 3 37 260
19 77 52 65 2 0 0 0.14 M M 10.5 40 180 M M 3 3 65 170
20 71 38 55 -8 10 0 0.00 M M 8.7 26 230 M M 1 39 220
21 79 36 58 -6 7 0 0.00 M M 5.6 16 280 M M 0 22 240
22 85 41 63 -1 2 0 0.00 M M 3.6 10 60 M M 0 14 20
23 75 47 61 -3 4 0 0.34 M M 5.7 22 280 M M 3 13 29 280
24 71 45 58 -6 7 0 T M M 5.7 25 300 M M 2 3 36 280
25 82 44 63 -2 2 0 0.00 M M 5.7 20 10 M M 2 31 350
26 81 49 65 0 0 0 0.00 M M 5.8 21 180 M M 1 28 200
27 86 44 65 0 0 0 0.00 M M 5.2 17 230 M M 0 22 230
28 87 48 68 2 0 3 T M M 5.1 18 20 M M 1 3 26 190
29 86 49 68 2 0 3 0.01 M M 8.1 33 350 M M 3 3 47 360
30 77 54 66 0 0 1 0.77 M M 7.3 29 20 M M 6 13 45 30
================================================================================
SM 2420 1305 113 31 1.34 M 203.2 M 39
================================================================================
AV 80.7 43.5 6.8 FASTST M M 1 MAX(MPH)
MISC ----> 40 180 65 170
================================================================================
NOTES:
# LAST OF SEVERAL OCCURRENCES
COLUMN 17 PEAK WIND IN M.P.H.
PRELIMINARY LOCAL CLIMATOLOGICAL DATA (WS FORM: F-6) , PAGE 2
STATION: MEEKER CO
MONTH: JUNE
YEAR: 2022
LATITUDE: 40 2 N
LONGITUDE: 107 53 W
[TEMPERATURE DATA] [PRECIPITATION DATA] SYMBOLS USED IN COLUMN 16
AVERAGE MONTHLY: 62.1 TOTAL FOR MONTH: 1.34 1 = FOG OR MIST
DPTR FM NORMAL: 0.1 DPTR FM NORMAL: 0.26 2 = FOG REDUCING VISIBILITY
HIGHEST: 92 ON 11 GRTST 24HR 0.77 ON 30-30 TO 1/4 MILE OR LESS
LOWEST: 29 ON 1 3 = THUNDER
SNOW, ICE PELLETS, HAIL 4 = ICE PELLETS
TOTAL MONTH: M 5 = HAIL
GRTST 24HR M ON M 6 = FREEZING RAIN OR DRIZZLE
GRTST DEPTH: M ON M 7 = DUSTSTORM OR SANDSTORM:
VSBY 1/2 MILE OR LESS
8 = SMOKE OR HAZE
[NO. OF DAYS WITH] [WEATHER - DAYS WITH] 9 = BLOWING SNOW
X = TORNADO
MAX 32 OR BELOW: 0 0.01 INCH OR MORE: 6
MAX 90 OR ABOVE: 4 0.10 INCH OR MORE: 3
MIN 32 OR BELOW: 2 0.50 INCH OR MORE: 1
MIN 0 OR BELOW: 0 1.00 INCH OR MORE: 0
[HDD (BASE 65) ]
TOTAL THIS MO. 113 CLEAR (SCALE 0-3) 27
DPTR FM NORMAL -7 PTCLDY (SCALE 4-7) 3
TOTAL FM JUL 1 7815 CLOUDY (SCALE 8-10) 0
DPTR FM NORMAL 237
[CDD (BASE 65) ]
TOTAL THIS MO. 31
DPTR FM NORMAL 1 [PRESSURE DATA]
TOTAL FM JAN 1 31 HIGHEST SLP M ON M
DPTR FM NORMAL 0 LOWEST SLP 29.43 ON 13
[REMARKS]
#FINAL-06-22#