000
CXUS54 KSHV 011400
CF6ELD
PRELIMINARY LOCAL CLIMATOLOGICAL DATA (WS FORM: F-6)
STATION: EL DORADO
MONTH: DECEMBER
YEAR: 2021
LATITUDE: 33 13 N
LONGITUDE: 92 49 W
TEMPERATURE IN F: :PCPN: SNOW: WIND :SUNSHINE: SKY :PK WND
================================================================================
1 2 3 4 5 6A 6B 7 8 9 10 11 12 13 14 15 16 17 18
12Z AVG MX 2MIN
DY MAX MIN AVG DEP HDD CDD WTR SNW DPTH SPD SPD DIR MIN PSBL S-S WX SPD DR
================================================================================
1 73 42 58 8 7 0 0.00 0.0 0 4.8 16 220 M M 2 12 23 210
2 76 42 59 10 6 0 0.00 0.0 0 1.2 8 180 M M 3 128 10 180
3 66 46 56 7 9 0 0.00 0.0 0 2.7 14 180 M M 8 12 18 190
4 78 59 69 20 0 4 0.02 0.0 0 4.8 12 100 M M 7 12 15 100
5 78 63 71 22 0 6 0.00 0.0 0 8.7 20 190 M M 6 1 24 200
6 70 39 55 7 10 0 0.11 0.0 0 10.3 24 360 M M 5 18 33 10
7 47 37 42 -6 23 0 0.00 0.0 0 5.8 15 70 M M 9 19 60
8 59 34 47 -1 18 0 0.00 0.0 0 2.6 10 60 M M 1 14 60
9 68 42 55 7 10 0 T 0.0 0 5.7 13 190 M M 9 12 17 190
10 82 67 75 27 0 10 0.00 0.0 0 11.0 24 190 M M 9 1 34 190
11 76 32 54 7 11 0 0.36 0.0 0 7.6 30 270 M M 2 13 45 270
12 56 28 42 -5 23 0 0.00 0.0 0 2.0 14 120 M M 0 18 120
13 67 29 48 1 17 0 0.01 0.0 0 2.1 9 100 M M 2 15 100
14 75 51 63 16 2 0 T 0.0 0 6.0 13 150 M M 9 17 180
15 74 65 70 23 0 5 T 0.0 0 9.5 20 150 M M 8 1 26 150
16 77 63 70 23 0 5 0.02 0.0 0 6.8 14 200 M M 9 1 21 200
17 78 62 70 24 0 5 0.00 0.0 0 6.1 17 180 M M 7 1 23 210
18 64 41 53 7 12 0 1.32 0.0 0 8.4 20 330 M M 8 13 26 320
19 46 30 38 -8 27 0 0.00 0.0 0 5.1 14 50 M M 2 1 21 30
20 40 29 35 -11 30 0 0.01 T 0 2.6 8 350 M M 7 14 10 350
21 55 33 44 -2 21 0 0.00 0.0 0 2.1 9 220 M M 4 12 11 220
22 59 30 45 -1 20 0 0.00 0.0 0 2.5 13 50 M M 0 14 40
23 69 36 53 7 12 0 0.00 0.0 0 8.9 18 200 M M 3 25 180
24 76 58 67 21 0 2 0.00 0.0 0 14.0 28 200 M M 4 39 200
25 78 56 67 22 0 2 0.00 0.0 0 8.6 24 200 M M 5 12 31 190
26 74 53 64 19 1 0 0.00 0.0 0 6.1 15 180 M M 7 128 24 190
27 76 62 69 24 0 4 0.00 0.0 0 6.0 16 210 M M 7 22 210
28 76 61 69 24 0 4 T 0.0 0 8.3 23 200 M M 7 1 32 190
29 78 57 68 23 0 3 0.05 0.0 0 5.0 17 310 M M 8 123 26 190
30 69 53 61 16 4 0 0.00 0.0 0 2.7 8 340 M M 6 12 10 340
31 76 55 66 21 0 1 0.00 0.0 0 6.1 12 180 M M 5 12 20 200
================================================================================
SM 2136 1455 263 51 1.90 T 184.1 M 169
================================================================================
AV 68.9 46.9 5.9 FASTST M M 5 MAX(MPH)
MISC ----> 30 270 45 270
================================================================================
NOTES:
# LAST OF SEVERAL OCCURRENCES
COLUMN 17 PEAK WIND IN M.P.H.
PRELIMINARY LOCAL CLIMATOLOGICAL DATA (WS FORM: F-6) , PAGE 2
STATION: EL DORADO
MONTH: DECEMBER
YEAR: 2021
LATITUDE: 33 13 N
LONGITUDE: 92 49 W
[TEMPERATURE DATA] [PRECIPITATION DATA] SYMBOLS USED IN COLUMN 16
AVERAGE MONTHLY: 57.9 TOTAL FOR MONTH: 1.90 1 = FOG OR MIST
DPTR FM NORMAL: 11.1 DPTR FM NORMAL: -3.71 2 = FOG REDUCING VISIBILITY
HIGHEST: 82 ON 10 GRTST 24HR 1.32 ON 18-18 TO 1/4 MILE OR LESS
LOWEST: 28 ON 12 3 = THUNDER
SNOW, ICE PELLETS, HAIL 4 = ICE PELLETS
TOTAL MONTH: T 5 = HAIL
GRTST 24HR T ON 20-20 6 = FREEZING RAIN OR DRIZZLE
GRTST DEPTH: 0 7 = DUSTSTORM OR SANDSTORM:
VSBY 1/2 MILE OR LESS
8 = SMOKE OR HAZE
[NO. OF DAYS WITH] [WEATHER - DAYS WITH] 9 = BLOWING SNOW
X = TORNADO
MAX 32 OR BELOW: 0 0.01 INCH OR MORE: 8
MAX 90 OR ABOVE: 0 0.10 INCH OR MORE: 3
MIN 32 OR BELOW: 6 0.50 INCH OR MORE: 1
MIN 0 OR BELOW: 0 1.00 INCH OR MORE: 1
[HDD (BASE 65) ]
TOTAL THIS MO. 263 CLEAR (SCALE 0-3) 9
DPTR FM NORMAL -306 PTCLDY (SCALE 4-7) 16
TOTAL FM JUL 1 702 CLOUDY (SCALE 8-10) 6
DPTR FM NORMAL -337
[CDD (BASE 65) ]
TOTAL THIS MO. 51
DPTR FM NORMAL 46 [PRESSURE DATA]
TOTAL FM JAN 1 2231 HIGHEST SLP M ON M
DPTR FM NORMAL -52 LOWEST SLP 29.63 ON 28
[REMARKS]
#FINAL-12-21#