000
CXUS55 KLKN 031953
CLSELY
CLIMATE REPORT
NATIONAL WEATHER SERVICE ELKO NV
1147 AM PST THU DEC 3 2020
...................................
...THE ELY AIRPORT NV CLIMATE SUMMARY FOR THE SEASON, FROM
9/1/2020 TO 11/30/2020...
CLIMATE NORMAL PERIOD 1981 TO 2010
CLIMATE RECORD PERIOD 1893 TO 2020
WEATHER OBSERVED NORMAL DEPART LAST YEAR`S
VALUE DATE(S) VALUE FROM VALUE
NORMAL
.............................................................
TEMPERATURE (F)
RECORD
HIGH 96 09/06/2020
09/05/2020
09/05/2020
LOW -20 11/25/2010
HIGHEST 96R 09/06 88 8 92
09/05
LOWEST 2 11/12 3 -7
11/09
11/10
AVG. MAXIMUM 68.0 62.3 5.7 63.0
AVG. MINIMUM 27.1 28.2 -1.1 25.2
MEAN 47.6 45.2 2.4 44.1
DAYS MAX >= 90 5 0.2 4.8 2
DAYS MAX <= 32 2 2.4 -0.4 5
DAYS MIN <= 32 59 56.8 2.2 69
DAYS MIN <= 0 0 1.4 -1.4 1
PRECIPITATION (INCHES)
RECORD
MAXIMUM 7.30 1982
MINIMUM 0.35 1893
TOTALS 0.58 2.53 -1.95 1.89
DAILY AVG. 0.01 0.03 -0.02 T
DAYS >= .01 4 16.0 -12.0 11
DAYS >= .10 2 7.1 -5.1 5
DAYS >= .50 0 1.0 -1.0 1
DAYS >= 1.00 0 0.1 -0.1 0
SNOWFALL (INCHES)
RECORDS
TOTAL 26.0 1985
TOTALS 8.6 9.5 -0.9 10.7
DAYS >= 1.0 3 3.0 0.0 3
GREATEST
SNOW DEPTH 5 11/09 11
DEGREE_DAYS
HEATING TOTAL 1584 1805 -221 1901
COOLING TOTAL 28 6 22 22
..............................................................
WIND (MPH)
AVERAGE WIND SPEED 9.8
HIGHEST WIND SPEED/DIRECTION 39/150 DATE 11/17
HIGHEST GUST SPEED/DIRECTION 54/160 DATE 11/17
AVERAGE RH (PERCENT) 37
WEATHER CONDITIONS. NUMBER OF DAYS WITH
THUNDERSTORM 2 MIXED PRECIP 0
HEAVY RAIN 0 RAIN 0
LIGHT RAIN 4 FREEZING RAIN 0
LT FREEZING RAIN 0 HAIL 0
HEAVY SNOW 1 SNOW 1
LIGHT SNOW 5 SLEET 0
FOG 5 FOG W/VIS <= 1/4 MILE 1
HAZE 6
- INDICATES NEGATIVE NUMBERS.
R INDICATES RECORD WAS SET OR TIED.
MM INDICATES DATA IS MISSING.
T INDICATES TRACE AMOUNT.
$$
&&
=====================================================================
...WARMER THAN NORMAL METEOROLOGICAL FALL IN ELY...
...3RD DRIEST METEORLOGICAL FALL IN ELY...
...BELOW AVERAGE SNOW FOR METEORLOGICAL FALL IN ELY...
SEPTEMBER 2020 WAS THE 9TH WARMEST ON RECORD WITH AN AVERAGE
TEMPERATURE OF 60.1 DEGREES.
THE AVERAGE TEMPERATURE IN ELY DURING METEOROLOGICAL FALL (SEP-
NOV) 2020 WAS 47.6 DEGREES...WHICH IS 2.3 DEGREES ABOVE THE NORMAL
45.3 DEGREES. THE TOTAL PRECIPITATION WAS 0.58 INCHES...WHICH IS
1.95 INCHES BELOW OR 23 PERCENT OF THE NORMAL OF 2.53 INCHES. THE
TOTAL SNOWFALL WAS 8.6 INCHES...WHICH IS 0.9 BELOW OR 91
PERCENT OF THE 1981-2010 CLIMATOLOGICAL NORMAL OF 9.5 INCHES.
THE PERIOD OF RECORD FOR THE ELY AREA BEGAN IN 1893
$$
LM/SS