000
CXUS53 KTOP 011450
CLMEMP
CLIMATE REPORT
NATIONAL WEATHER SERVICE TOPEKA KS
950 AM CDT TUE AUG 01 2023
...................................
...THE EMPORIA KS CLIMATE SUMMARY FOR THE MONTH OF JULY 2023...
CLIMATE NORMAL PERIOD 1991 TO 2020
CLIMATE RECORD PERIOD 9999 TO 9999
WEATHER OBSERVED NORMAL DEPART LAST YEAR`S
VALUE DATE(S) VALUE FROM VALUE
NORMAL
..............................................................
TEMPERATURE (F)
HIGHEST 105 07/28 103
LOWEST 60 07/10 60
07/22
AVG. MAXIMUM 91.9 90.0 1.9 93.6
AVG. MINIMUM 68.2 68.0 0.2 69.9
MEAN 80.0 79.0 1.0 81.7
DAYS MAX >= 90 22 17.7 4.3 23
DAYS MAX <= 32 0 0.0 0.0 0
DAYS MIN <= 32 0 0.0 0.0 0
DAYS MIN <= 0 0 0.0 0.0 0
PRECIPITATION (INCHES)
TOTALS 2.89 3.90 -1.01 1.10
DAILY AVG. 0.09 0.04
DAYS >= .01 9 3
DAYS >= .10 3 1
DAYS >= .50 3 1
DAYS >= 1.00 1 0
GREATEST
24 HR. TOTAL 1.56 07/04 TO 07/05 0.98
DEGREE DAYS
HEATING TOTAL 0 0 0 0
SINCE 7/1 0 0 0 MM
COOLING TOTAL 476 434 42 526
SINCE 1/1 968 842 126 MM
..............................................................
WIND (MPH)
AVERAGE WIND SPEED 8.3
HIGHEST WIND SPEED/DIRECTION 41/340 DATE 07/04
HIGHEST GUST SPEED/DIRECTION 58/340 DATE 07/04
SKY COVER
POSSIBLE SUNSHINE (PERCENT) MM
AVERAGE SKY COVER 0.17
NUMBER OF DAYS FAIR 26
NUMBER OF DAYS PC 5
NUMBER OF DAYS CLOUDY 0
AVERAGE RH (PERCENT) 67
WEATHER CONDITIONS. NUMBER OF DAYS WITH
THUNDERSTORM 10 MIXED PRECIP 0
HEAVY RAIN 3 RAIN 2
LIGHT RAIN 10 FREEZING RAIN 0
LT FREEZING RAIN 0 HAIL 0
HEAVY SNOW 0 SNOW 0
LIGHT SNOW 0 SLEET 0
FOG 10 FOG W/VIS <= 1/4 MILE 1
HAZE 1
- INDICATES NEGATIVE NUMBERS.
R INDICATES RECORD WAS SET OR TIED.
MM INDICATES DATA IS MISSING.
T INDICATES TRACE AMOUNT.
$$