000
CXUS56 KOTX 020115
CF6EPH
PRELIMINARY LOCAL CLIMATOLOGICAL DATA (WS FORM: F-6)
STATION: EPHRATA WA AIRPORT
MONTH: AUGUST
YEAR: 2023
LATITUDE: 47 18 N
LONGITUDE: 119 31 W
TEMPERATURE IN F: :PCPN: SNOW: WIND :SUNSHINE: SKY :PK WND
================================================================================
1 2 3 4 5 6A 6B 7 8 9 10 11 12 13 14 15 16 17 18
12Z AVG MX 2MIN
DY MAX MIN AVG DEP HDD CDD WTR SNW DPTH SPD SPD DIR MIN PSBL S-S WX SPD DR
================================================================================
1 90 58 74 -3 0 9 0.00 M M 6.0 16 330 M M 0 21 330
2 93 55 74 -3 0 9 0.00 M M 7.1 20 310 M M 0 23 310
3 94 68 81 4 0 16 0.00 M M 9.9 18 320 M M 0 23 330
4 91 69 80 4 0 15 0.00 M M 11.7 22 310 M M 0 28 320
5 80 66 73 -3 0 8 0.01 M M 8.4 22 300 M M 5 24 310
6 86 62 74 -2 0 9 0.02 M M 6.0 14 190 M M 2 1 19 180
7 77 63 70 -6 0 5 0.46 M M 5.3 12 300 M M 4 13 15 300
8 85 59 72 -4 0 7 0.00 M M 5.2 15 190 M M 0 18 21 170
9 87 63 75 -1 0 10 0.00 M M 8.1 24 250 M M 2 29 250
10 85 57 71 -4 0 6 0.00 M M 8.1 18 310 M M 0 25 220
11 88 63 76 1 0 11 0.00 M M 8.9 22 310 M M 0 27 310
12 93 67 80 5 0 15 0.00 M M 8.8 17 330 M M 0 25 330
13 97 72 85 10 0 20 0.00 M M 9.2 21 10 M M 0 25 20
14 103 68 86 12 0 21 0.00 M M 5.6 14 250 M M 0 16 230
15 104 66 85 11 0 20 0.00 M M 6.5 23 310 M M 0 27 310
16 105 67 86 12 0 21 0.00 M M 6.4 21 300 M M 4 8 26 300
17 98 66 82 8 0 17 T M M 6.4 20 270 M M 5 8 26 270
18 94 68 81 8 0 16 0.00 M M 14.9 29 280 M M 1 8 35 270
19 84 64 74 1 0 9 0.00 M M 11.5 20 340 M M 10 8 23 340
20 86 64 75 2 0 10 T M M 8.5 22 350 M M 10 8 28 350
21 84 64 74 2 0 9 T M M 6.8 15 330 M M 9 8 19 330
22 77 56 67 -5 0 2 0.03 M M 9.3 23 170 M M 3 18 27 130
23 78 47 63 -9 2 0 0.00 M M 6.8 14 310 M M 1 12 20 240
24 84 51 68 -4 0 3 0.00 M M 6.6 13 30 M M 0 16 360
25 86 65 76 5 0 11 0.00 M M 7.7 18 350 M M 1 8 22 340
26 92 61 77 6 0 12 0.00 M M 7.0 16 240 M M 0 20 20
27 99 67 83 12 0 18 0.00 M M 5.5 13 350 M M 0 19 40
28 102 69 86 16 0 21 0.00 M M 6.7 14 80 M M 0 18 70
29 79 61 70 0 0 5 0.46 M M 9.2 32 300 M M 3 38 38 300
30 78 58 68 -2 0 3 T M M 8.3 24 310 M M M 32 320
31 71 57 64 -6 1 0 T M M 5.7 16 180 M M M 20 180
================================================================================
SM 2750 1941 3 338 0.98 M 242.1 M 60
================================================================================
AV 88.7 62.6 7.8 FASTST M M 2 MAX(MPH)
MISC ----> 32 300 38 300
================================================================================
NOTES:
# LAST OF SEVERAL OCCURRENCES
COLUMN 17 PEAK WIND IN M.P.H.
PRELIMINARY LOCAL CLIMATOLOGICAL DATA (WS FORM: F-6) , PAGE 2
STATION: EPHRATA WA AIRPORT
MONTH: AUGUST
YEAR: 2023
LATITUDE: 47 18 N
LONGITUDE: 119 31 W
[TEMPERATURE DATA] [PRECIPITATION DATA] SYMBOLS USED IN COLUMN 16
AVERAGE MONTHLY: 75.7 TOTAL FOR MONTH: 0.98 1 = FOG OR MIST
DPTR FM NORMAL: 2.0 DPTR FM NORMAL: 0.80 2 = FOG REDUCING VISIBILITY
HIGHEST: 105 ON 16 GRTST 24HR 0.46 ON 7- 7 TO 1/4 MILE OR LESS
LOWEST: 47 ON 23 3 = THUNDER
SNOW, ICE PELLETS, HAIL 4 = ICE PELLETS
TOTAL MONTH: M 5 = HAIL
GRTST 24HR M ON M 6 = FREEZING RAIN OR DRIZZLE
GRTST DEPTH: M ON M 7 = DUSTSTORM OR SANDSTORM:
VSBY 1/2 MILE OR LESS
8 = SMOKE OR HAZE
[NO. OF DAYS WITH] [WEATHER - DAYS WITH] 9 = BLOWING SNOW
X = TORNADO
MAX 32 OR BELOW: 0 0.01 INCH OR MORE: 5
MAX 90 OR ABOVE: 14 0.10 INCH OR MORE: 2
MIN 32 OR BELOW: 0 0.50 INCH OR MORE: 0
MIN 0 OR BELOW: 0 1.00 INCH OR MORE: 0
[HDD (BASE 65) ]
TOTAL THIS MO. 3 CLEAR (SCALE 0-3) 20
DPTR FM NORMAL -5 PTCLDY (SCALE 4-7) 6
TOTAL FM JUL 1 3 CLOUDY (SCALE 8-10) 5
DPTR FM NORMAL -5
[CDD (BASE 65) ]
TOTAL THIS MO. 338
DPTR FM NORMAL 62 [PRESSURE DATA]
TOTAL FM JAN 1 1030 HIGHEST SLP M ON M
DPTR FM NORMAL 269 LOWEST SLP 29.10 ON 31
[REMARKS]
#FINAL-08-23#