000
CXUS53 KDMX 051441
CF6EST
PRELIMINARY LOCAL CLIMATOLOGICAL DATA (WS FORM: F-6)
STATION: ESTHERVILLE IA
MONTH: DECEMBER
YEAR: 2022
LATITUDE: 43 24 N
LONGITUDE: 94 45 W
TEMPERATURE IN F: :PCPN: SNOW: WIND :SUNSHINE: SKY :PK WND
================================================================================
1 2 3 4 5 6A 6B 7 8 9 10 11 12 13 14 15 16 17 18
12Z AVG MX 2MIN
DY MAX MIN AVG DEP HDD CDD WTR SNW DPTH SPD SPD DIR MIN PSBL S-S WX SPD DR
================================================================================
1 38 7 23 -2 42 0 0.00 0.0 M 17.1 32 180 M M 0 44 180
2 41 12 27 2 38 0 T M M 20.5 35 310 M M 3 1 47 320
3 23 3 13 -12 52 0 0.00 0.0 M 14.2 33 310 M M 0 46 310
4 39 12 26 2 39 0 0.00 0.0 M 10.6 17 220 M M 0 23 230
5 35 17 26 2 39 0 0.00 0.0 M 12.4 21 360 M M 7 27 360
6 35 11 23 0 42 0 0.00 0.0 M 5.6 17 180 M M 0 22 180
7 23 8 16 -7 49 0 0.00 0.0 M 9.3 18 20 M M 3 18 24 30
8 32 7 20 -3 45 0 M M M 8.0 18 110 M M 6 12 22 100
9 32 27 30 8 35 0 M M M 8.8 17 50 M M 10 126 21 50
10 34 27 31 9 34 0 0.00 0.0 M 9.0 15 240 M M 10 1 19 180
11 30 24 27 5 38 0 0.00 0.0 M 11.5 22 150 M M 10 12 26 140
12 32 29 31 10 34 0 0.00 0.0 M 21.4 31 120 M M 10 1 43 120
13 35 32 34 13 31 0 0.64 0.0 M 28.2 40 120 M M 10 1 51 130
14 36 30 33 13 32 0 0.00 0.0 M 13.2 29 120 M M 9 18 36 120
15 34 20 27 7 38 0 M M M 21.8 35 280 M M 10 1 45 270
16 24 18 21 1 44 0 M M M 26.5 33 280 M M 10 128 42 280
17 18 3 11 -9 54 0 T M M 20.2 29 300 M M 6 18 34 300
18 8 -2 3 -16 62 0 0.00 0.0 M 8.8 16 300 M M 0 M M
19 18 -3 8 -11 57 0 M M M 10.0 21 310 M M 8 1 26 310
20 9 -6 2 -17 63 0 0.00 0.0 M 8.4 18 320 M M 1 22 330
21 4 -4 0 -18 65 0 M M M 11.5 25 320 M M 8 18 32 310
22 -4 -15 -9 -27 74 0 M M M 26.2 35 310 M M 8 8 41 300
23 -2 -12 -7 -25 72 0 0.00 0.0 M 32.4 43 300 M M 10 8 54 310
24 6 -4 1 -17 64 0 0.00 0.0 M 24.3 37 310 M M 4 8 46 300
25 12 -4 4 -13 61 0 M M M 13.8 23 300 M M 5 18 29 300
26 12 -5 4 -13 61 0 M M M 12.6 22 30 M M 3 18 30 350
27 30 -1 15 -2 50 0 0.00 0.0 M 20.5 26 180 M M 0 18 36 200
28 36 29 33 16 32 0 0.00 0.0 M 15.0 25 190 M M 2 36 190
29 35 20 28 12 37 0 M M M 12.4 31 340 M M 10 18 36 340
30 28 16 22 6 43 0 0.00 0.0 M 7.9 16 160 M M 5 19 290
31 36 19 28 12 37 0 0.00 0.0 M 11.7 21 170 M M 3 1 25 180
================================================================================
SM 769 315 1464 0 0.64 0.0 473.8 M 171
================================================================================
AV 24.8 10.2 15.3 FASTST M M 6 MAX(MPH)
MISC ----> 43 300 54 310
================================================================================
NOTES:
# LAST OF SEVERAL OCCURRENCES
COLUMN 17 PEAK WIND IN M.P.H.
PRELIMINARY LOCAL CLIMATOLOGICAL DATA (WS FORM: F-6) , PAGE 2
STATION: ESTHERVILLE IA
MONTH: DECEMBER
YEAR: 2022
LATITUDE: 43 24 N
LONGITUDE: 94 45 W
[TEMPERATURE DATA] [PRECIPITATION DATA] SYMBOLS USED IN COLUMN 16
AVERAGE MONTHLY: 17.5 TOTAL FOR MONTH: 0.64 1 = FOG OR MIST
DPTR FM NORMAL: -2.7 DPTR FM NORMAL: 0.10 2 = FOG REDUCING VISIBILITY
HIGHEST: 41 ON 2 GRTST 24HR 0.64 ON 13-13 TO 1/4 MILE OR LESS
LOWEST: -15 ON 22 3 = THUNDER
SNOW, ICE PELLETS, HAIL 4 = ICE PELLETS
TOTAL MONTH: 0.0 INCH 5 = HAIL
GRTST 24HR 0.0 6 = FREEZING RAIN OR DRIZZLE
GRTST DEPTH: M ON M 7 = DUSTSTORM OR SANDSTORM:
VSBY 1/2 MILE OR LESS
8 = SMOKE OR HAZE
[NO. OF DAYS WITH] [WEATHER - DAYS WITH] 9 = BLOWING SNOW
X = TORNADO
MAX 32 OR BELOW: 19 0.01 INCH OR MORE: 1
MAX 90 OR ABOVE: 0 0.10 INCH OR MORE: 1
MIN 32 OR BELOW: 31 0.50 INCH OR MORE: 1
MIN 0 OR BELOW: 10 1.00 INCH OR MORE: 0
[HDD (BASE 65) ]
TOTAL THIS MO. 1464 CLEAR (SCALE 0-3) 12
DPTR FM NORMAL 74 PTCLDY (SCALE 4-7) 9
TOTAL FM JUL 1 3012 CLOUDY (SCALE 8-10) 10
DPTR FM NORMAL -126
[CDD (BASE 65) ]
TOTAL THIS MO. 0
DPTR FM NORMAL 0 [PRESSURE DATA]
TOTAL FM JAN 1 812 HIGHEST SLP 30.69 ON 20
DPTR FM NORMAL 285 LOWEST SLP 29.34 ON 15
[REMARKS]
#FINAL-12-22#