000
CXUS53 KPAH 010830
CF6EVV
PRELIMINARY LOCAL CLIMATOLOGICAL DATA (WS FORM: F-6)
STATION: EVANSVILLE IN
MONTH: FEBRUARY
YEAR: 2024
LATITUDE: 38 2 N
LONGITUDE: 87 32 W
TEMPERATURE IN F: :PCPN: SNOW: WIND :SUNSHINE: SKY :PK WND
================================================================================
1 2 3 4 5 6A 6B 7 8 9 10 11 12 13 14 15 16 17 18
12Z AVG MX 2MIN
DY MAX MIN AVG DEP HDD CDD WTR SNW DPTH SPD SPD DIR MIN PSBL S-S WX SPD DR
================================================================================
1 60 30 45 11 20 0 0.00 0.0 0 8.0 15 210 M M 0 20 200
2 61 35 48 14 17 0 0.00 0.0 0 6.3 13 50 M M 0 1 18 40
3 57 32 45 10 20 0 0.00 0.0 0 8.9 16 80 M M 0 23 70
4 59 36 48 13 17 0 0.00 0.0 0 8.1 15 40 M M 0 20 30
5 58 34 46 11 19 0 0.00 0.0 0 9.7 15 10 M M 0 20 20
6 50 28 39 4 26 0 0.00 0.0 0 5.0 10 60 M M 2 18 14 70
7 59 28 44 8 21 0 0.00 0.0 0 2.3 9 130 M M 0 18 12 140
8 65 39 52 16 13 0 0.00 0.0 0 12.1 23 200 M M 4 32 200
9 67 51 59 23 6 0 0.00 0.0 0 9.5 18 210 M M 4 27 200
10 61 41 51 15 14 0 0.66 0.0 0 8.1 25 280 M M 6 138 38 260
11 53 35 44 8 21 0 0.00 0.0 0 7.8 13 10 M M 3 19 30
12 53 33 43 6 22 0 0.00 0.0 0 9.8 17 360 M M 4 25 350
13 55 27 41 4 24 0 0.00 0.0 0 5.0 14 260 M M 0 20 300
14 62 34 48 11 17 0 0.00 0.0 0 2.4 12 210 M M 1 15 210
15 62 35 49 11 16 0 0.00 0.0 0 8.4 21 260 M M 1 30 360
16 42 24 33 -5 32 0 0.08 0.5 0 10.4 22 20 M M 7 12 32 20
17 24 16 20 -18 45 0 0.00 0.0 1 8.3 15 300 M M 0 27 320
18 49 16 33 -5 32 0 0.00 0.0 T 7.6 18 250 M M 0 24 240
19 57 23 40 1 25 0 0.00 0.0 0 2.0 10 220 M M 0 16 200
20 62 27 45 6 20 0 0.00 0.0 0 2.7 14 200 M M 0 25 190
21 71 33 52 13 13 0 0.00 0.0 0 6.4 20 180 M M 2 27 180
22 66 46 56 16 9 0 T 0.0 0 10.4 23 250 M M 6 1 32 240
23 58 34 46 6 19 0 0.00 0.0 0 8.5 21 290 M M 1 1 29 290
24 50 28 39 -1 26 0 0.00 0.0 0 8.1 20 340 M M 4 31 10
25 67 29 48 8 17 0 0.00 0.0 0 7.3 24 220 M M 1 36 220
26 78 39 59 18 6 0 0.00 0.0 0 8.9 22 200 M M 2 32 200
27 74 61 68 27 0 3 0.14 0.0 0 14.0 25 210 M M 6 13 36 210
28 72 26 49 8 16 0 T 0.0 0 12.7 28 270 M M 4 3 45 310
29 46 20 33 -9 32 0 0.00 0.0 0 2.9 10 150 M M 0 17 140
================================================================================
SM 1698 940 565 3 0.88 0.5 221.6 M 58
================================================================================
AV 58.6 32.4 7.6 FASTST M M 2 MAX(MPH)
MISC ----> 28 270 45 310
================================================================================
NOTES:
# LAST OF SEVERAL OCCURRENCES
COLUMN 17 PEAK WIND IN M.P.H.
PRELIMINARY LOCAL CLIMATOLOGICAL DATA (WS FORM: F-6) , PAGE 2
STATION: EVANSVILLE IN
MONTH: FEBRUARY
YEAR: 2024
LATITUDE: 38 2 N
LONGITUDE: 87 32 W
[TEMPERATURE DATA] [PRECIPITATION DATA] SYMBOLS USED IN COLUMN 16
AVERAGE MONTHLY: 45.5 TOTAL FOR MONTH: 0.88 1 = FOG OR MIST
DPTR FM NORMAL: 7.9 DPTR FM NORMAL: -2.34 2 = FOG REDUCING VISIBILITY
HIGHEST: 78 ON 26 GRTST 24HR 0.66 ON 10-10 TO 1/4 MILE OR LESS
LOWEST: 16 ON 18,17 3 = THUNDER
SNOW, ICE PELLETS, HAIL 4 = ICE PELLETS
TOTAL MONTH: 0.5 INCH 5 = HAIL
GRTST 24HR 0.5 ON 16-16 6 = FREEZING RAIN OR DRIZZLE
GRTST DEPTH: 1 ON 17 7 = DUSTSTORM OR SANDSTORM:
VSBY 1/2 MILE OR LESS
8 = SMOKE OR HAZE
[NO. OF DAYS WITH] [WEATHER - DAYS WITH] 9 = BLOWING SNOW
X = TORNADO
MAX 32 OR BELOW: 1 0.01 INCH OR MORE: 3
MAX 90 OR ABOVE: 0 0.10 INCH OR MORE: 2
MIN 32 OR BELOW: 14 0.50 INCH OR MORE: 1
MIN 0 OR BELOW: 0 1.00 INCH OR MORE: 0
[HDD (BASE 65) ]
TOTAL THIS MO. 565 CLEAR (SCALE 0-3) 20
DPTR FM NORMAL -204 PTCLDY (SCALE 4-7) 9
TOTAL FM JUL 1 2872 CLOUDY (SCALE 8-10) 0
DPTR FM NORMAL -600
[CDD (BASE 65) ]
TOTAL THIS MO. 3
DPTR FM NORMAL 3 [PRESSURE DATA]
TOTAL FM JAN 1 3 HIGHEST SLP 30.59 ON 29
DPTR FM NORMAL 3 LOWEST SLP 29.43 ON 28
[REMARKS]
#FINAL-02-24#