000
CXUS53 KPAH 010830
CF6EVV
PRELIMINARY LOCAL CLIMATOLOGICAL DATA (WS FORM: F-6)
STATION: EVANSVILLE IN
MONTH: NOVEMBER
YEAR: 2023
LATITUDE: 38 2 N
LONGITUDE: 87 32 W
TEMPERATURE IN F: :PCPN: SNOW: WIND :SUNSHINE: SKY :PK WND
================================================================================
1 2 3 4 5 6A 6B 7 8 9 10 11 12 13 14 15 16 17 18
12Z AVG MX 2MIN
DY MAX MIN AVG DEP HDD CDD WTR SNW DPTH SPD SPD DIR MIN PSBL S-S WX SPD DR
================================================================================
1 48 29 39 -13 26 0 0.00 0.0 0 3.7 10 300 M M 1 15 300
2 57 29 43 -9 22 0 0.00 0.0 0 6.3 17 210 M M 0 1 25 220
3 64 34 49 -2 16 0 0.00 0.0 0 7.7 21 210 M M 0 29 180
4 68 52 60 9 5 0 0.00 0.0 0 6.6 14 240 M M 1 22 240
5 68 42 55 5 10 0 0.00 0.0 0 1.2 7 90 M M 0 11 120
6 78 43 61 11 4 0 0.00 0.0 0 9.5 25 210 M M 4 33 210
7 77 58 68 18 0 3 0.00 0.0 0 2.4 10 210 M M 4 13 200
8 82 58 70 21 0 5 0.00 0.0 0 12.5 26 200 M M 3 37 210
9 72 51 62 13 3 0 T 0.0 0 9.9 20 340 M M 4 29 350
10 65 43 54 6 11 0 T 0.0 0 4.5 13 340 M M 2 21 310
11 59 33 46 -2 19 0 0.00 0.0 0 6.7 13 70 M M 0 17 30
12 64 38 51 3 14 0 0.00 0.0 0 3.4 10 150 M M 0 16 160
13 69 34 52 5 13 0 0.00 0.0 0 2.1 9 330 M M 0 18 340
14 62 34 48 1 17 0 0.00 0.0 0 3.4 13 90 M M 0 19 100
15 70 34 52 6 13 0 0.00 0.0 0 2.3 13 250 M M 1 18 220
16 72 39 56 10 9 0 T 0.0 0 4.4 14 200 M M 3 21 150
17 66 45 56 10 9 0 0.12 0.0 0 7.6 14 200 M M 7 18 21 200
18 56 33 45 0 20 0 0.00 0.0 0 3.9 10 340 M M 0 15 10
19 60 28 44 -1 21 0 0.00 0.0 0 2.3 9 90 M M 0 12 90
20 58 45 52 8 13 0 0.44 0.0 0 6.9 13 120 M M 8 1 19 130
21 55 43 49 5 16 0 0.03 0.0 0 8.0 17 120 M M 10 1 29 130
22 45 34 40 -4 25 0 0.00 0.0 0 5.7 13 340 M M 9 8 19 320
23 57 32 45 1 20 0 0.00 0.0 0 4.0 13 210 M M 0 1 18 210
24 50 32 41 -2 24 0 0.00 0.0 0 10.4 18 30 M M 0 26 30
25 51 31 41 -2 24 0 0.00 0.0 0 3.9 10 70 M M 0 14 50
26 45 31 38 -4 27 0 0.17 0.0 0 6.9 22 280 M M 8 1 36 280
27 40 27 34 -8 31 0 0.00 0.0 0 7.5 20 260 M M 4 26 300
28 36 22 29 -13 36 0 0.00 0.0 0 5.3 17 350 M M 2 24 360
29 53 22 38 -4 27 0 0.00 0.0 0 5.4 17 230 M M 0 22 230
30 59 33 46 5 19 0 T 0.0 0 7.2 24 200 M M 4 37 210
================================================================================
SM 1806 1109 494 8 0.76 0.0 171.6 M 75
================================================================================
AV 60.2 37.0 5.7 FASTST M M 3 MAX(MPH)
MISC ----> 26 200 # 37 210
================================================================================
NOTES:
# LAST OF SEVERAL OCCURRENCES
COLUMN 17 PEAK WIND IN M.P.H.
PRELIMINARY LOCAL CLIMATOLOGICAL DATA (WS FORM: F-6) , PAGE 2
STATION: EVANSVILLE IN
MONTH: NOVEMBER
YEAR: 2023
LATITUDE: 38 2 N
LONGITUDE: 87 32 W
[TEMPERATURE DATA] [PRECIPITATION DATA] SYMBOLS USED IN COLUMN 16
AVERAGE MONTHLY: 48.6 TOTAL FOR MONTH: 0.76 1 = FOG OR MIST
DPTR FM NORMAL: 2.3 DPTR FM NORMAL: -3.35 2 = FOG REDUCING VISIBILITY
HIGHEST: 82 ON 8 GRTST 24HR 0.47 ON 20-21 TO 1/4 MILE OR LESS
LOWEST: 22 ON 29,28 3 = THUNDER
SNOW, ICE PELLETS, HAIL 4 = ICE PELLETS
TOTAL MONTH: 0.0 INCH 5 = HAIL
GRTST 24HR 0.0 6 = FREEZING RAIN OR DRIZZLE
GRTST DEPTH: 0 7 = DUSTSTORM OR SANDSTORM:
VSBY 1/2 MILE OR LESS
8 = SMOKE OR HAZE
[NO. OF DAYS WITH] [WEATHER - DAYS WITH] 9 = BLOWING SNOW
X = TORNADO
MAX 32 OR BELOW: 0 0.01 INCH OR MORE: 4
MAX 90 OR ABOVE: 0 0.10 INCH OR MORE: 3
MIN 32 OR BELOW: 10 0.50 INCH OR MORE: 0
MIN 0 OR BELOW: 0 1.00 INCH OR MORE: 0
[HDD (BASE 65) ]
TOTAL THIS MO. 494 CLEAR (SCALE 0-3) 20
DPTR FM NORMAL -68 PTCLDY (SCALE 4-7) 8
TOTAL FM JUL 1 695 CLOUDY (SCALE 8-10) 2
DPTR FM NORMAL -137
[CDD (BASE 65) ]
TOTAL THIS MO. 8
DPTR FM NORMAL 6 [PRESSURE DATA]
TOTAL FM JAN 1 1543 HIGHEST SLP 30.49 ON 1
DPTR FM NORMAL 18 LOWEST SLP 29.68 ON 8
[REMARKS]
#FINAL-11-23#