000
CXUS53 KPAH 010816
CLMEVV
CLIMATE REPORT
NATIONAL WEATHER SERVICE PADUCAH KY
316 AM CDT TUE AUG 01 2023
...................................
...THE EVANSVILLE IN CLIMATE SUMMARY FOR THE MONTH OF JULY 2023...
CLIMATE NORMAL PERIOD 1991 TO 2020
CLIMATE RECORD PERIOD 1896 TO 2023
WEATHER OBSERVED NORMAL DEPART LAST YEAR`S
VALUE DATE(S) VALUE FROM VALUE DATE(S)
NORMAL
................................................................
TEMPERATURE (F)
RECORD
HIGH 111 07/28/1930
LOW 47 07/23/1947
07/16/1930
HIGHEST 100 07/28 101 07/05
LOWEST 61 07/10 64 07/13
AVG. MAXIMUM 89.5 88.6 0.9 89.4
AVG. MINIMUM 69.9 68.8 1.1 70.9
MEAN 79.7 78.7 1.0 80.1
DAYS MAX >= 90 14 13.8 0.2 19
DAYS MAX <= 32 0 0.0 0.0 0
DAYS MIN <= 32 0 0.0 0.0 0
DAYS MIN <= 0 0 0.0 0.0 0
PRECIPITATION (INCHES)
RECORD
MAXIMUM 10.32 1910
MINIMUM 0.18 1974
TOTALS 3.51 4.38 -0.87 5.93
DAILY AVG. 0.11 0.14 -0.03 0.19
DAYS >= .01 7 9.6 -2.6 13
DAYS >= .10 5 6.6 -1.6 9
DAYS >= .50 2 2.9 -0.9 5
DAYS >= 1.00 2 1.3 0.7 2
GREATEST
24 HR. TOTAL 1.47 07/29 TO 07/29
DEGREE DAYS
COOLING TOTAL 463 425 38 479
SINCE 1/1 885 911 -26 MM
FREEZE DATES
EARLIEST 10/19
LATEST 04/03
................................................................
WIND (MPH)
AVERAGE WIND SPEED 5.8
HIGHEST WIND SPEED/DIRECTION 32/240 DATE 07/01
HIGHEST GUST SPEED/DIRECTION 58/250 DATE 07/01
SKY COVER
POSSIBLE SUNSHINE (PERCENT) MM
AVERAGE SKY COVER 0.22
NUMBER OF DAYS FAIR 23
NUMBER OF DAYS PC 7
NUMBER OF DAYS CLOUDY 1
AVERAGE RH (PERCENT) 70
WEATHER CONDITIONS. NUMBER OF DAYS WITH
THUNDERSTORM 9 MIXED PRECIP 0
HEAVY RAIN 6 RAIN 6
LIGHT RAIN 11 FREEZING RAIN 0
LT FREEZING RAIN 0 HAIL 0
HEAVY SNOW 0 SNOW 0
LIGHT SNOW 0 SLEET 0
FOG 12 FOG W/VIS <= 1/4 MILE 0
HAZE 5
- INDICATES NEGATIVE NUMBERS.
R INDICATES RECORD WAS SET OR TIED.
MM INDICATES DATA IS MISSING.
T INDICATES TRACE AMOUNT.
$$