000
CXUS53 KPAH 010920
CLMEVV
CLIMATE REPORT
NATIONAL WEATHER SERVICE PADUCAH KY
420 AM CDT SAT APR 01 2023
...................................
...THE EVANSVILLE IN CLIMATE SUMMARY FOR THE MONTH OF MARCH 2023...
CLIMATE NORMAL PERIOD 1991 TO 2020
CLIMATE RECORD PERIOD 1896 TO 2023
WEATHER OBSERVED NORMAL DEPART LAST YEAR`S
VALUE DATE(S) VALUE FROM VALUE DATE(S)
NORMAL
................................................................
TEMPERATURE (F)
RECORD
HIGH 87 03/24/1929
LOW -9 03/06/1960
HIGHEST 80 03/01 80 03/30
LOWEST 22 03/15 16 03/12
03/20
AVG. MAXIMUM 57.0 56.8 0.2 59.7
AVG. MINIMUM 36.2 36.4 -0.2 36.8
MEAN 46.6 46.6 0.0 48.2
DAYS MAX >= 90 0 0.0 0.0 0
DAYS MAX <= 32 0 0.6 -0.6 1
DAYS MIN <= 32 10 11.9 -1.9 9
DAYS MIN <= 0 0 0.0 0.0 0
PRECIPITATION (INCHES)
RECORD
MAXIMUM 12.84 1964
MINIMUM 0.01 1910
TOTALS 8.57 4.60 3.97 4.97
DAILY AVG. 0.28 0.15 0.13 0.16
DAYS >= .01 13 11.2 1.8 11
DAYS >= .10 8 7.3 0.7 5
DAYS >= .50 3 3.4 -0.4 4
DAYS >= 1.00 2 1.1 0.9 3
GREATEST
24 HR. TOTAL 3.73 03/02 TO 03/03
SNOWFALL (INCHES)
RECORDS
TOTAL 20.2 1960
TOTALS T 1.1 -1.1 T
SINCE 7/1 6.8 10.8 -4.0 MM
SNOWDEPTH AVG. 0 -1
DAYS >= TRACE 3
DAYS >= 1.0 0 0.4 -0.4 0
GREATEST
SNOW DEPTH 0 MM 03/25
03/26
03/11
24 HR TOTAL MM
STORM TOTAL 0.0
(MM/DD(HH))
DEGREE DAYS
HEATING TOTAL 563 574 -11 515
SINCE 7/1 3589 4001 -412 MM
COOLING TOTAL 0 4 -4 1
SINCE 1/1 0 4 -4 MM
FREEZE DATES
EARLIEST 10/19
LATEST 04/03
................................................................
WIND (MPH)
AVERAGE WIND SPEED 8.1
HIGHEST WIND SPEED/DIRECTION 44/240 DATE 03/03
HIGHEST GUST SPEED/DIRECTION 62/260 DATE 03/03
SKY COVER
POSSIBLE SUNSHINE (PERCENT) MM
AVERAGE SKY COVER 0.51
NUMBER OF DAYS FAIR 11
NUMBER OF DAYS PC 10
NUMBER OF DAYS CLOUDY 10
AVERAGE RH (PERCENT) 66
WEATHER CONDITIONS. NUMBER OF DAYS WITH
THUNDERSTORM 4 MIXED PRECIP 0
HEAVY RAIN 6 RAIN 7
LIGHT RAIN 15 FREEZING RAIN 0
LT FREEZING RAIN 0 HAIL 0
HEAVY SNOW 0 SNOW 0
LIGHT SNOW 3 SLEET 0
FOG 20 FOG W/VIS <= 1/4 MILE 0
HAZE 5
- INDICATES NEGATIVE NUMBERS.
R INDICATES RECORD WAS SET OR TIED.
MM INDICATES DATA IS MISSING.
T INDICATES TRACE AMOUNT.
$$